{"id":25100,"date":"2024-04-03T05:42:07","date_gmt":"2024-04-03T05:42:07","guid":{"rendered":"https:\/\/agradocosmetic.com\/?post_type=producto&#038;p=25100"},"modified":"2026-04-22T09:26:47","modified_gmt":"2026-04-22T08:26:47","slug":"stick-solar-facial-spf50","status":"publish","type":"producto","link":"https:\/\/agradocosmetic.com\/en\/producto\/stick-solar-facial-spf50\/","title":{"rendered":"Facial Sun Stick SPF50+"},"content":{"rendered":"<p>Facial sunscreen stick with a light texture and easy application. Very high protection SPF50+. Invisible finish. Protects from UVA, UVB and infrared rays and is ideal for the face and sensitive areas, nose, lip contour. Suitable for practicing outdoor sports (water sports, skiing). Protects tattoos. Suitable for sensitive skin. Resistant to water and sweat.\u200b<\/p>","protected":false},"featured_media":35630,"template":"","categoria-de-producto":[95,637,96,702],"class_list":["post-25100","producto","type-producto","status-publish","has-post-thumbnail","hentry","categoria-de-producto-proteccion-solar","categoria-de-producto-50-spf-proteccion-solar","categoria-de-producto-proteccion-facial","categoria-de-producto-sticks-solares"],"yoast_head":"<!-- This site is optimized with the Yoast SEO plugin v27.4 - https:\/\/yoast.com\/product\/yoast-seo-wordpress\/ -->\n<title>Stick Solar Facial SPF50+ - Agrado<\/title>\n<meta name=\"robots\" content=\"index, follow, max-snippet:-1, max-image-preview:large, max-video-preview:-1\" \/>\n<link rel=\"canonical\" href=\"https:\/\/agradocosmetic.com\/en\/producto\/stick-solar-facial-spf50\/\" \/>\n<meta property=\"og:locale\" content=\"en_GB\" \/>\n<meta property=\"og:type\" content=\"article\" \/>\n<meta property=\"og:title\" content=\"Stick Solar Facial SPF50+ - Agrado\" \/>\n<meta property=\"og:description\" content=\"Protector solar facial en barra de textura ligera y de f\u00e1cil aplicaci\u00f3n. Protecci\u00f3n muy alta SPF50+. Acabado invisible. Protege de los rayos UVA, UVB e infrarrojos y es ideal para cara y \u00e1reas sensibles, nariz, contorno labios. Apto para la pr\u00e1ctica de deportes al aire libre (acu\u00e1ticos, esqu\u00ed ) Protege tatoos. Apto para pieles sensibles. [&hellip;]\" \/>\n<meta property=\"og:url\" content=\"https:\/\/agradocosmetic.com\/en\/producto\/stick-solar-facial-spf50\/\" \/>\n<meta property=\"og:site_name\" content=\"Agrado\" \/>\n<meta property=\"article:modified_time\" content=\"2026-04-22T08:26:47+00:00\" \/>\n<meta property=\"og:image\" content=\"https:\/\/agradocosmetic.com\/wp-content\/uploads\/2024\/04\/40009217-STICK-FACIAL-SOLAR-SPF50-15ML-AGRADO-1-1.webp\" \/>\n\t<meta property=\"og:image:width\" content=\"800\" \/>\n\t<meta property=\"og:image:height\" content=\"800\" \/>\n\t<meta property=\"og:image:type\" content=\"image\/webp\" \/>\n<meta name=\"twitter:card\" content=\"summary_large_image\" \/>\n<meta name=\"twitter:label1\" content=\"Estimated reading time\" \/>\n\t<meta name=\"twitter:data1\" content=\"1 minute\" \/>\n<script type=\"application\/ld+json\" class=\"yoast-schema-graph\">{\"@context\":\"https:\\\/\\\/schema.org\",\"@graph\":[{\"@type\":\"WebPage\",\"@id\":\"https:\\\/\\\/agradocosmetic.com\\\/producto\\\/stick-solar-facial-spf50\\\/\",\"url\":\"https:\\\/\\\/agradocosmetic.com\\\/producto\\\/stick-solar-facial-spf50\\\/\",\"name\":\"Stick Solar Facial SPF50+ - Agrado\",\"isPartOf\":{\"@id\":\"https:\\\/\\\/agradocosmetic.com\\\/#website\"},\"primaryImageOfPage\":{\"@id\":\"https:\\\/\\\/agradocosmetic.com\\\/producto\\\/stick-solar-facial-spf50\\\/#primaryimage\"},\"image\":{\"@id\":\"https:\\\/\\\/agradocosmetic.com\\\/producto\\\/stick-solar-facial-spf50\\\/#primaryimage\"},\"thumbnailUrl\":\"https:\\\/\\\/agradocosmetic.com\\\/wp-content\\\/uploads\\\/2024\\\/04\\\/40009217-STICK-FACIAL-SOLAR-SPF50-15ML-AGRADO-1-1.webp\",\"datePublished\":\"2024-04-03T05:42:07+00:00\",\"dateModified\":\"2026-04-22T08:26:47+00:00\",\"breadcrumb\":{\"@id\":\"https:\\\/\\\/agradocosmetic.com\\\/producto\\\/stick-solar-facial-spf50\\\/#breadcrumb\"},\"inLanguage\":\"en-GB\",\"potentialAction\":[{\"@type\":\"ReadAction\",\"target\":[\"https:\\\/\\\/agradocosmetic.com\\\/producto\\\/stick-solar-facial-spf50\\\/\"]}]},{\"@type\":\"ImageObject\",\"inLanguage\":\"en-GB\",\"@id\":\"https:\\\/\\\/agradocosmetic.com\\\/producto\\\/stick-solar-facial-spf50\\\/#primaryimage\",\"url\":\"https:\\\/\\\/agradocosmetic.com\\\/wp-content\\\/uploads\\\/2024\\\/04\\\/40009217-STICK-FACIAL-SOLAR-SPF50-15ML-AGRADO-1-1.webp\",\"contentUrl\":\"https:\\\/\\\/agradocosmetic.com\\\/wp-content\\\/uploads\\\/2024\\\/04\\\/40009217-STICK-FACIAL-SOLAR-SPF50-15ML-AGRADO-1-1.webp\",\"width\":800,\"height\":800},{\"@type\":\"BreadcrumbList\",\"@id\":\"https:\\\/\\\/agradocosmetic.com\\\/producto\\\/stick-solar-facial-spf50\\\/#breadcrumb\",\"itemListElement\":[{\"@type\":\"ListItem\",\"position\":1,\"name\":\"Portada\",\"item\":\"https:\\\/\\\/agradocosmetic.com\\\/\"},{\"@type\":\"ListItem\",\"position\":2,\"name\":\"Productos\",\"item\":\"https:\\\/\\\/agradocosmetic.com\\\/pt\\\/producto\\\/\"},{\"@type\":\"ListItem\",\"position\":3,\"name\":\"Stick Solar Facial SPF50+\"}]},{\"@type\":\"WebSite\",\"@id\":\"https:\\\/\\\/agradocosmetic.com\\\/#website\",\"url\":\"https:\\\/\\\/agradocosmetic.com\\\/\",\"name\":\"Agrado\",\"description\":\"Cosmetic\",\"publisher\":{\"@id\":\"https:\\\/\\\/agradocosmetic.com\\\/#organization\"},\"potentialAction\":[{\"@type\":\"SearchAction\",\"target\":{\"@type\":\"EntryPoint\",\"urlTemplate\":\"https:\\\/\\\/agradocosmetic.com\\\/?s={search_term_string}\"},\"query-input\":{\"@type\":\"PropertyValueSpecification\",\"valueRequired\":true,\"valueName\":\"search_term_string\"}}],\"inLanguage\":\"en-GB\"},{\"@type\":\"Organization\",\"@id\":\"https:\\\/\\\/agradocosmetic.com\\\/#organization\",\"name\":\"Agrado\",\"url\":\"https:\\\/\\\/agradocosmetic.com\\\/\",\"logo\":{\"@type\":\"ImageObject\",\"inLanguage\":\"en-GB\",\"@id\":\"https:\\\/\\\/agradocosmetic.com\\\/#\\\/schema\\\/logo\\\/image\\\/\",\"url\":\"https:\\\/\\\/agradocosmetic.com\\\/wp-content\\\/uploads\\\/2023\\\/07\\\/LOGO-AGRADO-WEB-01.png\",\"contentUrl\":\"https:\\\/\\\/agradocosmetic.com\\\/wp-content\\\/uploads\\\/2023\\\/07\\\/LOGO-AGRADO-WEB-01.png\",\"width\":1632,\"height\":300,\"caption\":\"Agrado\"},\"image\":{\"@id\":\"https:\\\/\\\/agradocosmetic.com\\\/#\\\/schema\\\/logo\\\/image\\\/\"}}]}<\/script>\n<!-- \/ Yoast SEO plugin. -->","yoast_head_json":{"title":"Facial Solar Stick SPF50+ - Agrado","robots":{"index":"index","follow":"follow","max-snippet":"max-snippet:-1","max-image-preview":"max-image-preview:large","max-video-preview":"max-video-preview:-1"},"canonical":"https:\/\/agradocosmetic.com\/en\/producto\/stick-solar-facial-spf50\/","og_locale":"en_GB","og_type":"article","og_title":"Stick Solar Facial SPF50+ - Agrado","og_description":"Protector solar facial en barra de textura ligera y de f\u00e1cil aplicaci\u00f3n. Protecci\u00f3n muy alta SPF50+. Acabado invisible. Protege de los rayos UVA, UVB e infrarrojos y es ideal para cara y \u00e1reas sensibles, nariz, contorno labios. Apto para la pr\u00e1ctica de deportes al aire libre (acu\u00e1ticos, esqu\u00ed ) Protege tatoos. Apto para pieles sensibles. [&hellip;]","og_url":"https:\/\/agradocosmetic.com\/en\/producto\/stick-solar-facial-spf50\/","og_site_name":"Agrado","article_modified_time":"2026-04-22T08:26:47+00:00","og_image":[{"width":800,"height":800,"url":"https:\/\/agradocosmetic.com\/wp-content\/uploads\/2024\/04\/40009217-STICK-FACIAL-SOLAR-SPF50-15ML-AGRADO-1-1.webp","type":"image\/webp"}],"twitter_card":"summary_large_image","twitter_misc":{"Estimated reading time":"1 minute"},"schema":{"@context":"https:\/\/schema.org","@graph":[{"@type":"WebPage","@id":"https:\/\/agradocosmetic.com\/producto\/stick-solar-facial-spf50\/","url":"https:\/\/agradocosmetic.com\/producto\/stick-solar-facial-spf50\/","name":"Facial Solar Stick SPF50+ - Agrado","isPartOf":{"@id":"https:\/\/agradocosmetic.com\/#website"},"primaryImageOfPage":{"@id":"https:\/\/agradocosmetic.com\/producto\/stick-solar-facial-spf50\/#primaryimage"},"image":{"@id":"https:\/\/agradocosmetic.com\/producto\/stick-solar-facial-spf50\/#primaryimage"},"thumbnailUrl":"https:\/\/agradocosmetic.com\/wp-content\/uploads\/2024\/04\/40009217-STICK-FACIAL-SOLAR-SPF50-15ML-AGRADO-1-1.webp","datePublished":"2024-04-03T05:42:07+00:00","dateModified":"2026-04-22T08:26:47+00:00","breadcrumb":{"@id":"https:\/\/agradocosmetic.com\/producto\/stick-solar-facial-spf50\/#breadcrumb"},"inLanguage":"en-GB","potentialAction":[{"@type":"ReadAction","target":["https:\/\/agradocosmetic.com\/producto\/stick-solar-facial-spf50\/"]}]},{"@type":"ImageObject","inLanguage":"en-GB","@id":"https:\/\/agradocosmetic.com\/producto\/stick-solar-facial-spf50\/#primaryimage","url":"https:\/\/agradocosmetic.com\/wp-content\/uploads\/2024\/04\/40009217-STICK-FACIAL-SOLAR-SPF50-15ML-AGRADO-1-1.webp","contentUrl":"https:\/\/agradocosmetic.com\/wp-content\/uploads\/2024\/04\/40009217-STICK-FACIAL-SOLAR-SPF50-15ML-AGRADO-1-1.webp","width":800,"height":800},{"@type":"BreadcrumbList","@id":"https:\/\/agradocosmetic.com\/producto\/stick-solar-facial-spf50\/#breadcrumb","itemListElement":[{"@type":"ListItem","position":1,"name":"Portada","item":"https:\/\/agradocosmetic.com\/"},{"@type":"ListItem","position":2,"name":"Productos","item":"https:\/\/agradocosmetic.com\/pt\/producto\/"},{"@type":"ListItem","position":3,"name":"Stick Solar Facial SPF50+"}]},{"@type":"WebSite","@id":"https:\/\/agradocosmetic.com\/#website","url":"https:\/\/agradocosmetic.com\/","name":"Liking","description":"cosmetic","publisher":{"@id":"https:\/\/agradocosmetic.com\/#organization"},"potentialAction":[{"@type":"SearchAction","target":{"@type":"EntryPoint","urlTemplate":"https:\/\/agradocosmetic.com\/?s={search_term_string}"},"query-input":{"@type":"PropertyValueSpecification","valueRequired":true,"valueName":"search_term_string"}}],"inLanguage":"en-GB"},{"@type":"Organization","@id":"https:\/\/agradocosmetic.com\/#organization","name":"Liking","url":"https:\/\/agradocosmetic.com\/","logo":{"@type":"ImageObject","inLanguage":"en-GB","@id":"https:\/\/agradocosmetic.com\/#\/schema\/logo\/image\/","url":"https:\/\/agradocosmetic.com\/wp-content\/uploads\/2023\/07\/LOGO-AGRADO-WEB-01.png","contentUrl":"https:\/\/agradocosmetic.com\/wp-content\/uploads\/2023\/07\/LOGO-AGRADO-WEB-01.png","width":1632,"height":300,"caption":"Agrado"},"image":{"@id":"https:\/\/agradocosmetic.com\/#\/schema\/logo\/image\/"}}]}},"_links":{"self":[{"href":"https:\/\/agradocosmetic.com\/en\/wp-json\/wp\/v2\/producto\/25100","targetHints":{"allow":["GET"]}}],"collection":[{"href":"https:\/\/agradocosmetic.com\/en\/wp-json\/wp\/v2\/producto"}],"about":[{"href":"https:\/\/agradocosmetic.com\/en\/wp-json\/wp\/v2\/types\/producto"}],"wp:featuredmedia":[{"embeddable":true,"href":"https:\/\/agradocosmetic.com\/en\/wp-json\/wp\/v2\/media\/35630"}],"wp:attachment":[{"href":"https:\/\/agradocosmetic.com\/en\/wp-json\/wp\/v2\/media?parent=25100"}],"wp:term":[{"taxonomy":"categoria-de-producto","embeddable":true,"href":"https:\/\/agradocosmetic.com\/en\/wp-json\/wp\/v2\/categoria-de-producto?post=25100"}],"curies":[{"name":"wp","href":"https:\/\/api.w.org\/{rel}","templated":true}]}}

<!-- This site is optimized with the Yoast SEO plugin v27.4 - https://yoast.com/product/yoast-seo-wordpress/ -->
<title>Stick Solar Facial SPF50+ - Agrado</title>
<meta name="robots" content="index, follow, max-snippet:-1, max-image-preview:large, max-video-preview:-1" />
<link rel="canonical" href="https://agradocosmetic.com/en/producto/stick-solar-facial-spf50/" />
<meta property="og:locale" content="en_GB" />
<meta property="og:type" content="article" />
<meta property="og:title" content="Stick Solar Facial SPF50+ - Agrado" />
<meta property="og:description" content="Protector solar facial en barra de textura ligera y de fácil aplicación. Protección muy alta SPF50+. Acabado invisible. Protege de los rayos UVA, UVB e infrarrojos y es ideal para cara y áreas sensibles, nariz, contorno labios. Apto para la práctica de deportes al aire libre (acuáticos, esquí ) Protege tatoos. Apto para pieles sensibles. [&hellip;]" />
<meta property="og:url" content="https://agradocosmetic.com/en/producto/stick-solar-facial-spf50/" />
<meta property="og:site_name" content="Agrado" />
<meta property="article:modified_time" content="2026-04-22T08:26:47+00:00" />
<meta property="og:image" content="https://agradocosmetic.com/wp-content/uploads/2024/04/40009217-STICK-FACIAL-SOLAR-SPF50-15ML-AGRADO-1-1.webp" />
	<meta property="og:image:width" content="800" />
	<meta property="og:image:height" content="800" />
	<meta property="og:image:type" content="image/webp" />
<meta name="twitter:card" content="summary_large_image" />
<meta name="twitter:label1" content="Estimated reading time" />
	<meta name="twitter:data1" content="1 minute" />
<script type="application/ld+json" class="yoast-schema-graph">{"@context":"https:\/\/schema.org","@graph":[{"@type":"WebPage","@id":"https:\/\/agradocosmetic.com\/producto\/stick-solar-facial-spf50\/","url":"https:\/\/agradocosmetic.com\/producto\/stick-solar-facial-spf50\/","name":"Stick Solar Facial SPF50+ - Agrado","isPartOf":{"@id":"https:\/\/agradocosmetic.com\/#website"},"primaryImageOfPage":{"@id":"https:\/\/agradocosmetic.com\/producto\/stick-solar-facial-spf50\/#primaryimage"},"image":{"@id":"https:\/\/agradocosmetic.com\/producto\/stick-solar-facial-spf50\/#primaryimage"},"thumbnailUrl":"https:\/\/agradocosmetic.com\/wp-content\/uploads\/2024\/04\/40009217-STICK-FACIAL-SOLAR-SPF50-15ML-AGRADO-1-1.webp","datePublished":"2024-04-03T05:42:07+00:00","dateModified":"2026-04-22T08:26:47+00:00","breadcrumb":{"@id":"https:\/\/agradocosmetic.com\/producto\/stick-solar-facial-spf50\/#breadcrumb"},"inLanguage":"en-GB","potentialAction":[{"@type":"ReadAction","target":["https:\/\/agradocosmetic.com\/producto\/stick-solar-facial-spf50\/"]}]},{"@type":"ImageObject","inLanguage":"en-GB","@id":"https:\/\/agradocosmetic.com\/producto\/stick-solar-facial-spf50\/#primaryimage","url":"https:\/\/agradocosmetic.com\/wp-content\/uploads\/2024\/04\/40009217-STICK-FACIAL-SOLAR-SPF50-15ML-AGRADO-1-1.webp","contentUrl":"https:\/\/agradocosmetic.com\/wp-content\/uploads\/2024\/04\/40009217-STICK-FACIAL-SOLAR-SPF50-15ML-AGRADO-1-1.webp","width":800,"height":800},{"@type":"BreadcrumbList","@id":"https:\/\/agradocosmetic.com\/producto\/stick-solar-facial-spf50\/#breadcrumb","itemListElement":[{"@type":"ListItem","position":1,"name":"Portada","item":"https:\/\/agradocosmetic.com\/"},{"@type":"ListItem","position":2,"name":"Productos","item":"https:\/\/agradocosmetic.com\/pt\/producto\/"},{"@type":"ListItem","position":3,"name":"Stick Solar Facial SPF50+"}]},{"@type":"WebSite","@id":"https:\/\/agradocosmetic.com\/#website","url":"https:\/\/agradocosmetic.com\/","name":"Agrado","description":"Cosmetic","publisher":{"@id":"https:\/\/agradocosmetic.com\/#organization"},"potentialAction":[{"@type":"SearchAction","target":{"@type":"EntryPoint","urlTemplate":"https:\/\/agradocosmetic.com\/?s={search_term_string}"},"query-input":{"@type":"PropertyValueSpecification","valueRequired":true,"valueName":"search_term_string"}}],"inLanguage":"en-GB"},{"@type":"Organization","@id":"https:\/\/agradocosmetic.com\/#organization","name":"Agrado","url":"https:\/\/agradocosmetic.com\/","logo":{"@type":"ImageObject","inLanguage":"en-GB","@id":"https:\/\/agradocosmetic.com\/#\/schema\/logo\/image\/","url":"https:\/\/agradocosmetic.com\/wp-content\/uploads\/2023\/07\/LOGO-AGRADO-WEB-01.png","contentUrl":"https:\/\/agradocosmetic.com\/wp-content\/uploads\/2023\/07\/LOGO-AGRADO-WEB-01.png","width":1632,"height":300,"caption":"Agrado"},"image":{"@id":"https:\/\/agradocosmetic.com\/#\/schema\/logo\/image\/"}}]}</script>
<!-- / Yoast SEO plugin. -->

Protector solar facial en barra de textura ligera y de fácil aplicación. Protección muy alta SPF50+. Acabado invisible. Protege de los rayos UVA, UVB e infrarrojos y es ideal para cara y áreas sensibles, nariz, contorno labios. Apto para la práctica de deportes al aire libre (acuáticos, esquí ) Protege tatoos. Apto para pieles sensibles. [&hellip;]
