{"id":25081,"date":"2024-02-20T11:11:29","date_gmt":"2024-02-20T11:11:29","guid":{"rendered":"https:\/\/agradocosmetic.com\/?post_type=producto&#038;p=25081"},"modified":"2025-07-01T14:30:29","modified_gmt":"2025-07-01T13:30:29","slug":"crema-solar-sensitive-spf50","status":"publish","type":"producto","link":"https:\/\/agradocosmetic.com\/fr\/producto\/crema-solar-sensitive-spf50\/","title":{"rendered":"Cr\u00e8me Solaire Sensible SPF50+"},"content":{"rendered":"<p>Cr\u00e8me solaire avec indice de protection tr\u00e8s \u00e9lev\u00e9 SPF 50+, facile \u00e0 appliquer, \u00e0 absorption rapide et protection imm\u00e9diate. Convient pour hydrater et prot\u00e9ger les peaux claires et sensibles, et pr\u00e9venir les coups de soleil. Sans parfum. Contient de la vitamine E. R\u00e9sistante \u00e0 l\u2019eau et 0 % d\u2019alcool.<\/p>","protected":false},"featured_media":30895,"template":"","categoria-de-producto":[95,637,99,703],"class_list":["post-25081","producto","type-producto","status-publish","has-post-thumbnail","hentry","categoria-de-producto-proteccion-solar","categoria-de-producto-50-spf-proteccion-solar","categoria-de-producto-leche-protectora","categoria-de-producto-sensitive"],"yoast_head":"<!-- This site is optimized with the Yoast SEO plugin v27.4 - https:\/\/yoast.com\/product\/yoast-seo-wordpress\/ -->\n<title>Crema Solar Sensitive SPF50+ - Agrado<\/title>\n<meta name=\"robots\" content=\"index, follow, max-snippet:-1, max-image-preview:large, max-video-preview:-1\" \/>\n<link rel=\"canonical\" href=\"https:\/\/agradocosmetic.com\/fr\/producto\/crema-solar-sensitive-spf50\/\" \/>\n<meta property=\"og:locale\" content=\"fr_FR\" \/>\n<meta property=\"og:type\" content=\"article\" \/>\n<meta property=\"og:title\" content=\"Crema Solar Sensitive SPF50+ - Agrado\" \/>\n<meta property=\"og:description\" content=\"Crema solar con protecci\u00f3n muy alta SPF50+ de f\u00e1cil aplicaci\u00f3n y r\u00e1pida absorci\u00f3n y protecci\u00f3n inmediata. Indicada para hidratar y proteger las pieles claras y sensibles y prevenir las quemaduras solares. Sin perfume. Contiene vitamina E. Resistente al agua y 0% alcohol.\" \/>\n<meta property=\"og:url\" content=\"https:\/\/agradocosmetic.com\/fr\/producto\/crema-solar-sensitive-spf50\/\" \/>\n<meta property=\"og:site_name\" content=\"Agrado\" \/>\n<meta property=\"article:modified_time\" content=\"2025-07-01T13:30:29+00:00\" \/>\n<meta property=\"og:image\" content=\"https:\/\/agradocosmetic.com\/wp-content\/uploads\/2024\/02\/30009606-CREMA-SOLAR-SPF50-SENS-250ML-AGRADO-.webp\" \/>\n\t<meta property=\"og:image:width\" content=\"800\" \/>\n\t<meta property=\"og:image:height\" content=\"800\" \/>\n\t<meta property=\"og:image:type\" content=\"image\/webp\" \/>\n<meta name=\"twitter:card\" content=\"summary_large_image\" \/>\n<meta name=\"twitter:label1\" content=\"Dur\u00e9e de lecture estim\u00e9e\" \/>\n\t<meta name=\"twitter:data1\" content=\"1 minute\" \/>\n<script type=\"application\/ld+json\" class=\"yoast-schema-graph\">{\"@context\":\"https:\\\/\\\/schema.org\",\"@graph\":[{\"@type\":\"WebPage\",\"@id\":\"https:\\\/\\\/agradocosmetic.com\\\/producto\\\/crema-solar-sensitive-spf50\\\/\",\"url\":\"https:\\\/\\\/agradocosmetic.com\\\/producto\\\/crema-solar-sensitive-spf50\\\/\",\"name\":\"Crema Solar Sensitive SPF50+ - Agrado\",\"isPartOf\":{\"@id\":\"https:\\\/\\\/agradocosmetic.com\\\/#website\"},\"primaryImageOfPage\":{\"@id\":\"https:\\\/\\\/agradocosmetic.com\\\/producto\\\/crema-solar-sensitive-spf50\\\/#primaryimage\"},\"image\":{\"@id\":\"https:\\\/\\\/agradocosmetic.com\\\/producto\\\/crema-solar-sensitive-spf50\\\/#primaryimage\"},\"thumbnailUrl\":\"https:\\\/\\\/agradocosmetic.com\\\/wp-content\\\/uploads\\\/2024\\\/02\\\/30009606-CREMA-SOLAR-SPF50-SENS-250ML-AGRADO-.webp\",\"datePublished\":\"2024-02-20T11:11:29+00:00\",\"dateModified\":\"2025-07-01T13:30:29+00:00\",\"breadcrumb\":{\"@id\":\"https:\\\/\\\/agradocosmetic.com\\\/producto\\\/crema-solar-sensitive-spf50\\\/#breadcrumb\"},\"inLanguage\":\"fr-FR\",\"potentialAction\":[{\"@type\":\"ReadAction\",\"target\":[\"https:\\\/\\\/agradocosmetic.com\\\/producto\\\/crema-solar-sensitive-spf50\\\/\"]}]},{\"@type\":\"ImageObject\",\"inLanguage\":\"fr-FR\",\"@id\":\"https:\\\/\\\/agradocosmetic.com\\\/producto\\\/crema-solar-sensitive-spf50\\\/#primaryimage\",\"url\":\"https:\\\/\\\/agradocosmetic.com\\\/wp-content\\\/uploads\\\/2024\\\/02\\\/30009606-CREMA-SOLAR-SPF50-SENS-250ML-AGRADO-.webp\",\"contentUrl\":\"https:\\\/\\\/agradocosmetic.com\\\/wp-content\\\/uploads\\\/2024\\\/02\\\/30009606-CREMA-SOLAR-SPF50-SENS-250ML-AGRADO-.webp\",\"width\":800,\"height\":800,\"caption\":\"CREMA SOLAR SPF50+ SENS 250ML AGRADO\"},{\"@type\":\"BreadcrumbList\",\"@id\":\"https:\\\/\\\/agradocosmetic.com\\\/producto\\\/crema-solar-sensitive-spf50\\\/#breadcrumb\",\"itemListElement\":[{\"@type\":\"ListItem\",\"position\":1,\"name\":\"Portada\",\"item\":\"https:\\\/\\\/agradocosmetic.com\\\/\"},{\"@type\":\"ListItem\",\"position\":2,\"name\":\"Productos\",\"item\":\"https:\\\/\\\/agradocosmetic.com\\\/pt\\\/producto\\\/\"},{\"@type\":\"ListItem\",\"position\":3,\"name\":\"Crema Solar Sensitive SPF50+\"}]},{\"@type\":\"WebSite\",\"@id\":\"https:\\\/\\\/agradocosmetic.com\\\/#website\",\"url\":\"https:\\\/\\\/agradocosmetic.com\\\/\",\"name\":\"Agrado\",\"description\":\"Cosmetic\",\"publisher\":{\"@id\":\"https:\\\/\\\/agradocosmetic.com\\\/#organization\"},\"potentialAction\":[{\"@type\":\"SearchAction\",\"target\":{\"@type\":\"EntryPoint\",\"urlTemplate\":\"https:\\\/\\\/agradocosmetic.com\\\/?s={search_term_string}\"},\"query-input\":{\"@type\":\"PropertyValueSpecification\",\"valueRequired\":true,\"valueName\":\"search_term_string\"}}],\"inLanguage\":\"fr-FR\"},{\"@type\":\"Organization\",\"@id\":\"https:\\\/\\\/agradocosmetic.com\\\/#organization\",\"name\":\"Agrado\",\"url\":\"https:\\\/\\\/agradocosmetic.com\\\/\",\"logo\":{\"@type\":\"ImageObject\",\"inLanguage\":\"fr-FR\",\"@id\":\"https:\\\/\\\/agradocosmetic.com\\\/#\\\/schema\\\/logo\\\/image\\\/\",\"url\":\"https:\\\/\\\/agradocosmetic.com\\\/wp-content\\\/uploads\\\/2023\\\/07\\\/LOGO-AGRADO-WEB-01.png\",\"contentUrl\":\"https:\\\/\\\/agradocosmetic.com\\\/wp-content\\\/uploads\\\/2023\\\/07\\\/LOGO-AGRADO-WEB-01.png\",\"width\":1632,\"height\":300,\"caption\":\"Agrado\"},\"image\":{\"@id\":\"https:\\\/\\\/agradocosmetic.com\\\/#\\\/schema\\\/logo\\\/image\\\/\"}}]}<\/script>\n<!-- \/ Yoast SEO plugin. -->","yoast_head_json":{"title":"Cr\u00e8me solaire sensible SPF50+ - Agrado","robots":{"index":"index","follow":"follow","max-snippet":"max-snippet:-1","max-image-preview":"max-image-preview:large","max-video-preview":"max-video-preview:-1"},"canonical":"https:\/\/agradocosmetic.com\/fr\/producto\/crema-solar-sensitive-spf50\/","og_locale":"fr_FR","og_type":"article","og_title":"Crema Solar Sensitive SPF50+ - Agrado","og_description":"Crema solar con protecci\u00f3n muy alta SPF50+ de f\u00e1cil aplicaci\u00f3n y r\u00e1pida absorci\u00f3n y protecci\u00f3n inmediata. Indicada para hidratar y proteger las pieles claras y sensibles y prevenir las quemaduras solares. Sin perfume. Contiene vitamina E. Resistente al agua y 0% alcohol.","og_url":"https:\/\/agradocosmetic.com\/fr\/producto\/crema-solar-sensitive-spf50\/","og_site_name":"Agrado","article_modified_time":"2025-07-01T13:30:29+00:00","og_image":[{"width":800,"height":800,"url":"https:\/\/agradocosmetic.com\/wp-content\/uploads\/2024\/02\/30009606-CREMA-SOLAR-SPF50-SENS-250ML-AGRADO-.webp","type":"image\/webp"}],"twitter_card":"summary_large_image","twitter_misc":{"Dur\u00e9e de lecture estim\u00e9e":"1 minute"},"schema":{"@context":"https:\/\/schema.org","@graph":[{"@type":"WebPage","@id":"https:\/\/agradocosmetic.com\/producto\/crema-solar-sensitive-spf50\/","url":"https:\/\/agradocosmetic.com\/producto\/crema-solar-sensitive-spf50\/","name":"Cr\u00e8me solaire sensible SPF50+ - Agrado","isPartOf":{"@id":"https:\/\/agradocosmetic.com\/#website"},"primaryImageOfPage":{"@id":"https:\/\/agradocosmetic.com\/producto\/crema-solar-sensitive-spf50\/#primaryimage"},"image":{"@id":"https:\/\/agradocosmetic.com\/producto\/crema-solar-sensitive-spf50\/#primaryimage"},"thumbnailUrl":"https:\/\/agradocosmetic.com\/wp-content\/uploads\/2024\/02\/30009606-CREMA-SOLAR-SPF50-SENS-250ML-AGRADO-.webp","datePublished":"2024-02-20T11:11:29+00:00","dateModified":"2025-07-01T13:30:29+00:00","breadcrumb":{"@id":"https:\/\/agradocosmetic.com\/producto\/crema-solar-sensitive-spf50\/#breadcrumb"},"inLanguage":"fr-FR","potentialAction":[{"@type":"ReadAction","target":["https:\/\/agradocosmetic.com\/producto\/crema-solar-sensitive-spf50\/"]}]},{"@type":"ImageObject","inLanguage":"fr-FR","@id":"https:\/\/agradocosmetic.com\/producto\/crema-solar-sensitive-spf50\/#primaryimage","url":"https:\/\/agradocosmetic.com\/wp-content\/uploads\/2024\/02\/30009606-CREMA-SOLAR-SPF50-SENS-250ML-AGRADO-.webp","contentUrl":"https:\/\/agradocosmetic.com\/wp-content\/uploads\/2024\/02\/30009606-CREMA-SOLAR-SPF50-SENS-250ML-AGRADO-.webp","width":800,"height":800,"caption":"CREMA SOLAR SPF50+ SENS 250ML AGRADO"},{"@type":"BreadcrumbList","@id":"https:\/\/agradocosmetic.com\/producto\/crema-solar-sensitive-spf50\/#breadcrumb","itemListElement":[{"@type":"ListItem","position":1,"name":"Portada","item":"https:\/\/agradocosmetic.com\/"},{"@type":"ListItem","position":2,"name":"Productos","item":"https:\/\/agradocosmetic.com\/pt\/producto\/"},{"@type":"ListItem","position":3,"name":"Crema Solar Sensitive SPF50+"}]},{"@type":"WebSite","@id":"https:\/\/agradocosmetic.com\/#website","url":"https:\/\/agradocosmetic.com\/","name":"Aimer","description":"cosm\u00e9tique","publisher":{"@id":"https:\/\/agradocosmetic.com\/#organization"},"potentialAction":[{"@type":"SearchAction","target":{"@type":"EntryPoint","urlTemplate":"https:\/\/agradocosmetic.com\/?s={search_term_string}"},"query-input":{"@type":"PropertyValueSpecification","valueRequired":true,"valueName":"search_term_string"}}],"inLanguage":"fr-FR"},{"@type":"Organization","@id":"https:\/\/agradocosmetic.com\/#organization","name":"Aimer","url":"https:\/\/agradocosmetic.com\/","logo":{"@type":"ImageObject","inLanguage":"fr-FR","@id":"https:\/\/agradocosmetic.com\/#\/schema\/logo\/image\/","url":"https:\/\/agradocosmetic.com\/wp-content\/uploads\/2023\/07\/LOGO-AGRADO-WEB-01.png","contentUrl":"https:\/\/agradocosmetic.com\/wp-content\/uploads\/2023\/07\/LOGO-AGRADO-WEB-01.png","width":1632,"height":300,"caption":"Agrado"},"image":{"@id":"https:\/\/agradocosmetic.com\/#\/schema\/logo\/image\/"}}]}},"_links":{"self":[{"href":"https:\/\/agradocosmetic.com\/fr\/wp-json\/wp\/v2\/producto\/25081","targetHints":{"allow":["GET"]}}],"collection":[{"href":"https:\/\/agradocosmetic.com\/fr\/wp-json\/wp\/v2\/producto"}],"about":[{"href":"https:\/\/agradocosmetic.com\/fr\/wp-json\/wp\/v2\/types\/producto"}],"wp:featuredmedia":[{"embeddable":true,"href":"https:\/\/agradocosmetic.com\/fr\/wp-json\/wp\/v2\/media\/30895"}],"wp:attachment":[{"href":"https:\/\/agradocosmetic.com\/fr\/wp-json\/wp\/v2\/media?parent=25081"}],"wp:term":[{"taxonomy":"categoria-de-producto","embeddable":true,"href":"https:\/\/agradocosmetic.com\/fr\/wp-json\/wp\/v2\/categoria-de-producto?post=25081"}],"curies":[{"name":"wp","href":"https:\/\/api.w.org\/{rel}","templated":true}]}}

Crème Solaire Sensible SPF50+

<p>Crème solaire avec indice de protection très élevé SPF 50+, facile à appliquer, à absorption rapide et protection immédiate. Convient pour hydrater et protéger les peaux claires et sensibles, et prévenir les coups de soleil. Sans parfum. Contient de la vitamine E. Résistante à l’eau et 0 % d’alcool.</p>

<!-- This site is optimized with the Yoast SEO plugin v27.4 - https://yoast.com/product/yoast-seo-wordpress/ -->
<title>Crema Solar Sensitive SPF50+ - Agrado</title>
<meta name="robots" content="index, follow, max-snippet:-1, max-image-preview:large, max-video-preview:-1" />
<link rel="canonical" href="https://agradocosmetic.com/fr/producto/crema-solar-sensitive-spf50/" />
<meta property="og:locale" content="fr_FR" />
<meta property="og:type" content="article" />
<meta property="og:title" content="Crema Solar Sensitive SPF50+ - Agrado" />
<meta property="og:description" content="Crema solar con protección muy alta SPF50+ de fácil aplicación y rápida absorción y protección inmediata. Indicada para hidratar y proteger las pieles claras y sensibles y prevenir las quemaduras solares. Sin perfume. Contiene vitamina E. Resistente al agua y 0% alcohol." />
<meta property="og:url" content="https://agradocosmetic.com/fr/producto/crema-solar-sensitive-spf50/" />
<meta property="og:site_name" content="Agrado" />
<meta property="article:modified_time" content="2025-07-01T13:30:29+00:00" />
<meta property="og:image" content="https://agradocosmetic.com/wp-content/uploads/2024/02/30009606-CREMA-SOLAR-SPF50-SENS-250ML-AGRADO-.webp" />
	<meta property="og:image:width" content="800" />
	<meta property="og:image:height" content="800" />
	<meta property="og:image:type" content="image/webp" />
<meta name="twitter:card" content="summary_large_image" />
<meta name="twitter:label1" content="Durée de lecture estimée" />
	<meta name="twitter:data1" content="1 minute" />
<script type="application/ld+json" class="yoast-schema-graph">{"@context":"https:\/\/schema.org","@graph":[{"@type":"WebPage","@id":"https:\/\/agradocosmetic.com\/producto\/crema-solar-sensitive-spf50\/","url":"https:\/\/agradocosmetic.com\/producto\/crema-solar-sensitive-spf50\/","name":"Crema Solar Sensitive SPF50+ - Agrado","isPartOf":{"@id":"https:\/\/agradocosmetic.com\/#website"},"primaryImageOfPage":{"@id":"https:\/\/agradocosmetic.com\/producto\/crema-solar-sensitive-spf50\/#primaryimage"},"image":{"@id":"https:\/\/agradocosmetic.com\/producto\/crema-solar-sensitive-spf50\/#primaryimage"},"thumbnailUrl":"https:\/\/agradocosmetic.com\/wp-content\/uploads\/2024\/02\/30009606-CREMA-SOLAR-SPF50-SENS-250ML-AGRADO-.webp","datePublished":"2024-02-20T11:11:29+00:00","dateModified":"2025-07-01T13:30:29+00:00","breadcrumb":{"@id":"https:\/\/agradocosmetic.com\/producto\/crema-solar-sensitive-spf50\/#breadcrumb"},"inLanguage":"fr-FR","potentialAction":[{"@type":"ReadAction","target":["https:\/\/agradocosmetic.com\/producto\/crema-solar-sensitive-spf50\/"]}]},{"@type":"ImageObject","inLanguage":"fr-FR","@id":"https:\/\/agradocosmetic.com\/producto\/crema-solar-sensitive-spf50\/#primaryimage","url":"https:\/\/agradocosmetic.com\/wp-content\/uploads\/2024\/02\/30009606-CREMA-SOLAR-SPF50-SENS-250ML-AGRADO-.webp","contentUrl":"https:\/\/agradocosmetic.com\/wp-content\/uploads\/2024\/02\/30009606-CREMA-SOLAR-SPF50-SENS-250ML-AGRADO-.webp","width":800,"height":800,"caption":"CREMA SOLAR SPF50+ SENS 250ML AGRADO"},{"@type":"BreadcrumbList","@id":"https:\/\/agradocosmetic.com\/producto\/crema-solar-sensitive-spf50\/#breadcrumb","itemListElement":[{"@type":"ListItem","position":1,"name":"Portada","item":"https:\/\/agradocosmetic.com\/"},{"@type":"ListItem","position":2,"name":"Productos","item":"https:\/\/agradocosmetic.com\/pt\/producto\/"},{"@type":"ListItem","position":3,"name":"Crema Solar Sensitive SPF50+"}]},{"@type":"WebSite","@id":"https:\/\/agradocosmetic.com\/#website","url":"https:\/\/agradocosmetic.com\/","name":"Agrado","description":"Cosmetic","publisher":{"@id":"https:\/\/agradocosmetic.com\/#organization"},"potentialAction":[{"@type":"SearchAction","target":{"@type":"EntryPoint","urlTemplate":"https:\/\/agradocosmetic.com\/?s={search_term_string}"},"query-input":{"@type":"PropertyValueSpecification","valueRequired":true,"valueName":"search_term_string"}}],"inLanguage":"fr-FR"},{"@type":"Organization","@id":"https:\/\/agradocosmetic.com\/#organization","name":"Agrado","url":"https:\/\/agradocosmetic.com\/","logo":{"@type":"ImageObject","inLanguage":"fr-FR","@id":"https:\/\/agradocosmetic.com\/#\/schema\/logo\/image\/","url":"https:\/\/agradocosmetic.com\/wp-content\/uploads\/2023\/07\/LOGO-AGRADO-WEB-01.png","contentUrl":"https:\/\/agradocosmetic.com\/wp-content\/uploads\/2023\/07\/LOGO-AGRADO-WEB-01.png","width":1632,"height":300,"caption":"Agrado"},"image":{"@id":"https:\/\/agradocosmetic.com\/#\/schema\/logo\/image\/"}}]}</script>
<!-- / Yoast SEO plugin. -->

Crème solaire sensible SPF50+ - Agrado

Crema solar con protección muy alta SPF50+ de fácil aplicación y rápida absorción y protección inmediata. Indicada para hidratar y proteger las pieles claras y sensibles y prevenir las quemaduras solares. Sin perfume. Contiene vitamina E. Resistente al agua y 0% alcohol.

cosmétique
