{"id":25096,"date":"2024-04-03T07:15:48","date_gmt":"2024-04-03T07:15:48","guid":{"rendered":"https:\/\/agradocosmetic.com\/?post_type=producto&#038;p=25096"},"modified":"2025-07-01T13:57:52","modified_gmt":"2025-07-01T12:57:52","slug":"crema-protectora-facial-spf50","status":"publish","type":"producto","link":"https:\/\/agradocosmetic.com\/fr\/producto\/crema-protectora-facial-spf50\/","title":{"rendered":"Cr\u00e8me Protectrice Visage SPF50+"},"content":{"rendered":"<p>Cr\u00e8me protectrice anti-taches et anti-\u00e2ge pour le visage avec indice de protection tr\u00e8s \u00e9lev\u00e9 SPF 50+. Gr\u00e2ce \u00e0 son action antioxydante, elle prot\u00e8ge la peau des rayonnements UV et UVA, des infrarouges et de la lumi\u00e8re bleue. Elle illumine la peau et r\u00e9duit les rides visibles. Id\u00e9ale pour le visage et le d\u00e9collet\u00e9. Texture fluide et absorption imm\u00e9diate. R\u00e9sistante \u00e0 l'eau.<\/p>","protected":false},"featured_media":30907,"template":"","categoria-de-producto":[95,637,98,96,722],"class_list":["post-25096","producto","type-producto","status-publish","has-post-thumbnail","hentry","categoria-de-producto-proteccion-solar","categoria-de-producto-50-spf-proteccion-solar","categoria-de-producto-formatos-viaje","categoria-de-producto-proteccion-facial","categoria-de-producto-crema-facial"],"yoast_head":"<!-- This site is optimized with the Yoast SEO plugin v27.4 - https:\/\/yoast.com\/product\/yoast-seo-wordpress\/ -->\n<title>Crema Protectora Facial SPF50+ - Agrado<\/title>\n<meta name=\"robots\" content=\"index, follow, max-snippet:-1, max-image-preview:large, max-video-preview:-1\" \/>\n<link rel=\"canonical\" href=\"https:\/\/agradocosmetic.com\/fr\/producto\/crema-protectora-facial-spf50\/\" \/>\n<meta property=\"og:locale\" content=\"fr_FR\" \/>\n<meta property=\"og:type\" content=\"article\" \/>\n<meta property=\"og:title\" content=\"Crema Protectora Facial SPF50+ - Agrado\" \/>\n<meta property=\"og:description\" content=\"Crema facial protectora antimanchas y antiedad con protecci\u00f3n muy alta SPF50+. Con acci\u00f3n antioxidante, protege la piel de los rayos UV, UVA, infrarrojos y luz azul. Ilumina la piel y reduce las arrugas visibles. Ideal para cara y escote. Con textura fluida y absorci\u00f3n inmediata. Resistente al agua.\" \/>\n<meta property=\"og:url\" content=\"https:\/\/agradocosmetic.com\/fr\/producto\/crema-protectora-facial-spf50\/\" \/>\n<meta property=\"og:site_name\" content=\"Agrado\" \/>\n<meta property=\"article:modified_time\" content=\"2025-07-01T12:57:52+00:00\" \/>\n<meta property=\"og:image\" content=\"https:\/\/agradocosmetic.com\/wp-content\/uploads\/2024\/04\/30009618-CREMA-PROTECT-FACIAL75-ML-AGRADO-.webp\" \/>\n\t<meta property=\"og:image:width\" content=\"800\" \/>\n\t<meta property=\"og:image:height\" content=\"800\" \/>\n\t<meta property=\"og:image:type\" content=\"image\/webp\" \/>\n<meta name=\"twitter:card\" content=\"summary_large_image\" \/>\n<meta name=\"twitter:label1\" content=\"Dur\u00e9e de lecture estim\u00e9e\" \/>\n\t<meta name=\"twitter:data1\" content=\"1 minute\" \/>\n<script type=\"application\/ld+json\" class=\"yoast-schema-graph\">{\"@context\":\"https:\\\/\\\/schema.org\",\"@graph\":[{\"@type\":\"WebPage\",\"@id\":\"https:\\\/\\\/agradocosmetic.com\\\/producto\\\/crema-protectora-facial-spf50\\\/\",\"url\":\"https:\\\/\\\/agradocosmetic.com\\\/producto\\\/crema-protectora-facial-spf50\\\/\",\"name\":\"Crema Protectora Facial SPF50+ - Agrado\",\"isPartOf\":{\"@id\":\"https:\\\/\\\/agradocosmetic.com\\\/#website\"},\"primaryImageOfPage\":{\"@id\":\"https:\\\/\\\/agradocosmetic.com\\\/producto\\\/crema-protectora-facial-spf50\\\/#primaryimage\"},\"image\":{\"@id\":\"https:\\\/\\\/agradocosmetic.com\\\/producto\\\/crema-protectora-facial-spf50\\\/#primaryimage\"},\"thumbnailUrl\":\"https:\\\/\\\/agradocosmetic.com\\\/wp-content\\\/uploads\\\/2024\\\/04\\\/30009618-CREMA-PROTECT-FACIAL75-ML-AGRADO-.webp\",\"datePublished\":\"2024-04-03T07:15:48+00:00\",\"dateModified\":\"2025-07-01T12:57:52+00:00\",\"breadcrumb\":{\"@id\":\"https:\\\/\\\/agradocosmetic.com\\\/producto\\\/crema-protectora-facial-spf50\\\/#breadcrumb\"},\"inLanguage\":\"fr-FR\",\"potentialAction\":[{\"@type\":\"ReadAction\",\"target\":[\"https:\\\/\\\/agradocosmetic.com\\\/producto\\\/crema-protectora-facial-spf50\\\/\"]}]},{\"@type\":\"ImageObject\",\"inLanguage\":\"fr-FR\",\"@id\":\"https:\\\/\\\/agradocosmetic.com\\\/producto\\\/crema-protectora-facial-spf50\\\/#primaryimage\",\"url\":\"https:\\\/\\\/agradocosmetic.com\\\/wp-content\\\/uploads\\\/2024\\\/04\\\/30009618-CREMA-PROTECT-FACIAL75-ML-AGRADO-.webp\",\"contentUrl\":\"https:\\\/\\\/agradocosmetic.com\\\/wp-content\\\/uploads\\\/2024\\\/04\\\/30009618-CREMA-PROTECT-FACIAL75-ML-AGRADO-.webp\",\"width\":800,\"height\":800,\"caption\":\"CREMA PROTECT FACIAL75 ML AGRADO\"},{\"@type\":\"BreadcrumbList\",\"@id\":\"https:\\\/\\\/agradocosmetic.com\\\/producto\\\/crema-protectora-facial-spf50\\\/#breadcrumb\",\"itemListElement\":[{\"@type\":\"ListItem\",\"position\":1,\"name\":\"Portada\",\"item\":\"https:\\\/\\\/agradocosmetic.com\\\/\"},{\"@type\":\"ListItem\",\"position\":2,\"name\":\"Productos\",\"item\":\"https:\\\/\\\/agradocosmetic.com\\\/pt\\\/producto\\\/\"},{\"@type\":\"ListItem\",\"position\":3,\"name\":\"Crema Protectora Facial SPF50+\"}]},{\"@type\":\"WebSite\",\"@id\":\"https:\\\/\\\/agradocosmetic.com\\\/#website\",\"url\":\"https:\\\/\\\/agradocosmetic.com\\\/\",\"name\":\"Agrado\",\"description\":\"Cosmetic\",\"publisher\":{\"@id\":\"https:\\\/\\\/agradocosmetic.com\\\/#organization\"},\"potentialAction\":[{\"@type\":\"SearchAction\",\"target\":{\"@type\":\"EntryPoint\",\"urlTemplate\":\"https:\\\/\\\/agradocosmetic.com\\\/?s={search_term_string}\"},\"query-input\":{\"@type\":\"PropertyValueSpecification\",\"valueRequired\":true,\"valueName\":\"search_term_string\"}}],\"inLanguage\":\"fr-FR\"},{\"@type\":\"Organization\",\"@id\":\"https:\\\/\\\/agradocosmetic.com\\\/#organization\",\"name\":\"Agrado\",\"url\":\"https:\\\/\\\/agradocosmetic.com\\\/\",\"logo\":{\"@type\":\"ImageObject\",\"inLanguage\":\"fr-FR\",\"@id\":\"https:\\\/\\\/agradocosmetic.com\\\/#\\\/schema\\\/logo\\\/image\\\/\",\"url\":\"https:\\\/\\\/agradocosmetic.com\\\/wp-content\\\/uploads\\\/2023\\\/07\\\/LOGO-AGRADO-WEB-01.png\",\"contentUrl\":\"https:\\\/\\\/agradocosmetic.com\\\/wp-content\\\/uploads\\\/2023\\\/07\\\/LOGO-AGRADO-WEB-01.png\",\"width\":1632,\"height\":300,\"caption\":\"Agrado\"},\"image\":{\"@id\":\"https:\\\/\\\/agradocosmetic.com\\\/#\\\/schema\\\/logo\\\/image\\\/\"}}]}<\/script>\n<!-- \/ Yoast SEO plugin. -->","yoast_head_json":{"title":"Cr\u00e8me protectrice visage SPF50+ - Agrado","robots":{"index":"index","follow":"follow","max-snippet":"max-snippet:-1","max-image-preview":"max-image-preview:large","max-video-preview":"max-video-preview:-1"},"canonical":"https:\/\/agradocosmetic.com\/fr\/producto\/crema-protectora-facial-spf50\/","og_locale":"fr_FR","og_type":"article","og_title":"Crema Protectora Facial SPF50+ - Agrado","og_description":"Crema facial protectora antimanchas y antiedad con protecci\u00f3n muy alta SPF50+. Con acci\u00f3n antioxidante, protege la piel de los rayos UV, UVA, infrarrojos y luz azul. Ilumina la piel y reduce las arrugas visibles. Ideal para cara y escote. Con textura fluida y absorci\u00f3n inmediata. Resistente al agua.","og_url":"https:\/\/agradocosmetic.com\/fr\/producto\/crema-protectora-facial-spf50\/","og_site_name":"Agrado","article_modified_time":"2025-07-01T12:57:52+00:00","og_image":[{"width":800,"height":800,"url":"https:\/\/agradocosmetic.com\/wp-content\/uploads\/2024\/04\/30009618-CREMA-PROTECT-FACIAL75-ML-AGRADO-.webp","type":"image\/webp"}],"twitter_card":"summary_large_image","twitter_misc":{"Dur\u00e9e de lecture estim\u00e9e":"1 minute"},"schema":{"@context":"https:\/\/schema.org","@graph":[{"@type":"WebPage","@id":"https:\/\/agradocosmetic.com\/producto\/crema-protectora-facial-spf50\/","url":"https:\/\/agradocosmetic.com\/producto\/crema-protectora-facial-spf50\/","name":"Cr\u00e8me protectrice visage SPF50+ - Agrado","isPartOf":{"@id":"https:\/\/agradocosmetic.com\/#website"},"primaryImageOfPage":{"@id":"https:\/\/agradocosmetic.com\/producto\/crema-protectora-facial-spf50\/#primaryimage"},"image":{"@id":"https:\/\/agradocosmetic.com\/producto\/crema-protectora-facial-spf50\/#primaryimage"},"thumbnailUrl":"https:\/\/agradocosmetic.com\/wp-content\/uploads\/2024\/04\/30009618-CREMA-PROTECT-FACIAL75-ML-AGRADO-.webp","datePublished":"2024-04-03T07:15:48+00:00","dateModified":"2025-07-01T12:57:52+00:00","breadcrumb":{"@id":"https:\/\/agradocosmetic.com\/producto\/crema-protectora-facial-spf50\/#breadcrumb"},"inLanguage":"fr-FR","potentialAction":[{"@type":"ReadAction","target":["https:\/\/agradocosmetic.com\/producto\/crema-protectora-facial-spf50\/"]}]},{"@type":"ImageObject","inLanguage":"fr-FR","@id":"https:\/\/agradocosmetic.com\/producto\/crema-protectora-facial-spf50\/#primaryimage","url":"https:\/\/agradocosmetic.com\/wp-content\/uploads\/2024\/04\/30009618-CREMA-PROTECT-FACIAL75-ML-AGRADO-.webp","contentUrl":"https:\/\/agradocosmetic.com\/wp-content\/uploads\/2024\/04\/30009618-CREMA-PROTECT-FACIAL75-ML-AGRADO-.webp","width":800,"height":800,"caption":"CREMA PROTECT FACIAL75 ML AGRADO"},{"@type":"BreadcrumbList","@id":"https:\/\/agradocosmetic.com\/producto\/crema-protectora-facial-spf50\/#breadcrumb","itemListElement":[{"@type":"ListItem","position":1,"name":"Portada","item":"https:\/\/agradocosmetic.com\/"},{"@type":"ListItem","position":2,"name":"Productos","item":"https:\/\/agradocosmetic.com\/pt\/producto\/"},{"@type":"ListItem","position":3,"name":"Crema Protectora Facial SPF50+"}]},{"@type":"WebSite","@id":"https:\/\/agradocosmetic.com\/#website","url":"https:\/\/agradocosmetic.com\/","name":"Aimer","description":"cosm\u00e9tique","publisher":{"@id":"https:\/\/agradocosmetic.com\/#organization"},"potentialAction":[{"@type":"SearchAction","target":{"@type":"EntryPoint","urlTemplate":"https:\/\/agradocosmetic.com\/?s={search_term_string}"},"query-input":{"@type":"PropertyValueSpecification","valueRequired":true,"valueName":"search_term_string"}}],"inLanguage":"fr-FR"},{"@type":"Organization","@id":"https:\/\/agradocosmetic.com\/#organization","name":"Aimer","url":"https:\/\/agradocosmetic.com\/","logo":{"@type":"ImageObject","inLanguage":"fr-FR","@id":"https:\/\/agradocosmetic.com\/#\/schema\/logo\/image\/","url":"https:\/\/agradocosmetic.com\/wp-content\/uploads\/2023\/07\/LOGO-AGRADO-WEB-01.png","contentUrl":"https:\/\/agradocosmetic.com\/wp-content\/uploads\/2023\/07\/LOGO-AGRADO-WEB-01.png","width":1632,"height":300,"caption":"Agrado"},"image":{"@id":"https:\/\/agradocosmetic.com\/#\/schema\/logo\/image\/"}}]}},"_links":{"self":[{"href":"https:\/\/agradocosmetic.com\/fr\/wp-json\/wp\/v2\/producto\/25096","targetHints":{"allow":["GET"]}}],"collection":[{"href":"https:\/\/agradocosmetic.com\/fr\/wp-json\/wp\/v2\/producto"}],"about":[{"href":"https:\/\/agradocosmetic.com\/fr\/wp-json\/wp\/v2\/types\/producto"}],"wp:featuredmedia":[{"embeddable":true,"href":"https:\/\/agradocosmetic.com\/fr\/wp-json\/wp\/v2\/media\/30907"}],"wp:attachment":[{"href":"https:\/\/agradocosmetic.com\/fr\/wp-json\/wp\/v2\/media?parent=25096"}],"wp:term":[{"taxonomy":"categoria-de-producto","embeddable":true,"href":"https:\/\/agradocosmetic.com\/fr\/wp-json\/wp\/v2\/categoria-de-producto?post=25096"}],"curies":[{"name":"wp","href":"https:\/\/api.w.org\/{rel}","templated":true}]}}

Crème Protectrice Visage SPF50+

<p>Crème protectrice anti-taches et anti-âge pour le visage avec indice de protection très élevé SPF 50+. Grâce à son action antioxydante, elle protège la peau des rayonnements UV et UVA, des infrarouges et de la lumière bleue. Elle illumine la peau et réduit les rides visibles. Idéale pour le visage et le décolleté. Texture fluide et absorption immédiate. Résistante à l'eau.</p>

<!-- This site is optimized with the Yoast SEO plugin v27.4 - https://yoast.com/product/yoast-seo-wordpress/ -->
<title>Crema Protectora Facial SPF50+ - Agrado</title>
<meta name="robots" content="index, follow, max-snippet:-1, max-image-preview:large, max-video-preview:-1" />
<link rel="canonical" href="https://agradocosmetic.com/fr/producto/crema-protectora-facial-spf50/" />
<meta property="og:locale" content="fr_FR" />
<meta property="og:type" content="article" />
<meta property="og:title" content="Crema Protectora Facial SPF50+ - Agrado" />
<meta property="og:description" content="Crema facial protectora antimanchas y antiedad con protección muy alta SPF50+. Con acción antioxidante, protege la piel de los rayos UV, UVA, infrarrojos y luz azul. Ilumina la piel y reduce las arrugas visibles. Ideal para cara y escote. Con textura fluida y absorción inmediata. Resistente al agua." />
<meta property="og:url" content="https://agradocosmetic.com/fr/producto/crema-protectora-facial-spf50/" />
<meta property="og:site_name" content="Agrado" />
<meta property="article:modified_time" content="2025-07-01T12:57:52+00:00" />
<meta property="og:image" content="https://agradocosmetic.com/wp-content/uploads/2024/04/30009618-CREMA-PROTECT-FACIAL75-ML-AGRADO-.webp" />
	<meta property="og:image:width" content="800" />
	<meta property="og:image:height" content="800" />
	<meta property="og:image:type" content="image/webp" />
<meta name="twitter:card" content="summary_large_image" />
<meta name="twitter:label1" content="Durée de lecture estimée" />
	<meta name="twitter:data1" content="1 minute" />
<script type="application/ld+json" class="yoast-schema-graph">{"@context":"https:\/\/schema.org","@graph":[{"@type":"WebPage","@id":"https:\/\/agradocosmetic.com\/producto\/crema-protectora-facial-spf50\/","url":"https:\/\/agradocosmetic.com\/producto\/crema-protectora-facial-spf50\/","name":"Crema Protectora Facial SPF50+ - Agrado","isPartOf":{"@id":"https:\/\/agradocosmetic.com\/#website"},"primaryImageOfPage":{"@id":"https:\/\/agradocosmetic.com\/producto\/crema-protectora-facial-spf50\/#primaryimage"},"image":{"@id":"https:\/\/agradocosmetic.com\/producto\/crema-protectora-facial-spf50\/#primaryimage"},"thumbnailUrl":"https:\/\/agradocosmetic.com\/wp-content\/uploads\/2024\/04\/30009618-CREMA-PROTECT-FACIAL75-ML-AGRADO-.webp","datePublished":"2024-04-03T07:15:48+00:00","dateModified":"2025-07-01T12:57:52+00:00","breadcrumb":{"@id":"https:\/\/agradocosmetic.com\/producto\/crema-protectora-facial-spf50\/#breadcrumb"},"inLanguage":"fr-FR","potentialAction":[{"@type":"ReadAction","target":["https:\/\/agradocosmetic.com\/producto\/crema-protectora-facial-spf50\/"]}]},{"@type":"ImageObject","inLanguage":"fr-FR","@id":"https:\/\/agradocosmetic.com\/producto\/crema-protectora-facial-spf50\/#primaryimage","url":"https:\/\/agradocosmetic.com\/wp-content\/uploads\/2024\/04\/30009618-CREMA-PROTECT-FACIAL75-ML-AGRADO-.webp","contentUrl":"https:\/\/agradocosmetic.com\/wp-content\/uploads\/2024\/04\/30009618-CREMA-PROTECT-FACIAL75-ML-AGRADO-.webp","width":800,"height":800,"caption":"CREMA PROTECT FACIAL75 ML AGRADO"},{"@type":"BreadcrumbList","@id":"https:\/\/agradocosmetic.com\/producto\/crema-protectora-facial-spf50\/#breadcrumb","itemListElement":[{"@type":"ListItem","position":1,"name":"Portada","item":"https:\/\/agradocosmetic.com\/"},{"@type":"ListItem","position":2,"name":"Productos","item":"https:\/\/agradocosmetic.com\/pt\/producto\/"},{"@type":"ListItem","position":3,"name":"Crema Protectora Facial SPF50+"}]},{"@type":"WebSite","@id":"https:\/\/agradocosmetic.com\/#website","url":"https:\/\/agradocosmetic.com\/","name":"Agrado","description":"Cosmetic","publisher":{"@id":"https:\/\/agradocosmetic.com\/#organization"},"potentialAction":[{"@type":"SearchAction","target":{"@type":"EntryPoint","urlTemplate":"https:\/\/agradocosmetic.com\/?s={search_term_string}"},"query-input":{"@type":"PropertyValueSpecification","valueRequired":true,"valueName":"search_term_string"}}],"inLanguage":"fr-FR"},{"@type":"Organization","@id":"https:\/\/agradocosmetic.com\/#organization","name":"Agrado","url":"https:\/\/agradocosmetic.com\/","logo":{"@type":"ImageObject","inLanguage":"fr-FR","@id":"https:\/\/agradocosmetic.com\/#\/schema\/logo\/image\/","url":"https:\/\/agradocosmetic.com\/wp-content\/uploads\/2023\/07\/LOGO-AGRADO-WEB-01.png","contentUrl":"https:\/\/agradocosmetic.com\/wp-content\/uploads\/2023\/07\/LOGO-AGRADO-WEB-01.png","width":1632,"height":300,"caption":"Agrado"},"image":{"@id":"https:\/\/agradocosmetic.com\/#\/schema\/logo\/image\/"}}]}</script>
<!-- / Yoast SEO plugin. -->

Crème protectrice visage SPF50+ - Agrado

Crema facial protectora antimanchas y antiedad con protección muy alta SPF50+. Con acción antioxidante, protege la piel de los rayos UV, UVA, infrarrojos y luz azul. Ilumina la piel y reduce las arrugas visibles. Ideal para cara y escote. Con textura fluida y absorción inmediata. Resistente al agua.

cosmétique
