{"id":25100,"date":"2024-04-03T05:42:07","date_gmt":"2024-04-03T05:42:07","guid":{"rendered":"https:\/\/agradocosmetic.com\/?post_type=producto&#038;p=25100"},"modified":"2026-04-22T09:26:47","modified_gmt":"2026-04-22T08:26:47","slug":"stick-solar-facial-spf50","status":"publish","type":"producto","link":"https:\/\/agradocosmetic.com\/fr\/producto\/stick-solar-facial-spf50\/","title":{"rendered":"Stick Solaire Visage SPF50+"},"content":{"rendered":"<p>Stick solaire visage \u00e0 la texture l\u00e9g\u00e8re et \u00e0 l&#039;application facile. Tr\u00e8s haute protection SPF50+. Finition invisible. Prot\u00e8ge des rayons UVA, UVB et infrarouges et est id\u00e9al pour le visage et les zones sensibles, le nez, le contour des l\u00e8vres. Convient \u00e0 la pratique de sports de plein air (sports nautiques, ski).Prot\u00e8ge les tatouages. Convient aux peaux sensibles. R\u00e9sistant \u00e0 l&#039;eau et \u00e0 la sueur.\u200b<\/p>","protected":false},"featured_media":35630,"template":"","categoria-de-producto":[95,637,96,702],"class_list":["post-25100","producto","type-producto","status-publish","has-post-thumbnail","hentry","categoria-de-producto-proteccion-solar","categoria-de-producto-50-spf-proteccion-solar","categoria-de-producto-proteccion-facial","categoria-de-producto-sticks-solares"],"yoast_head":"<!-- This site is optimized with the Yoast SEO plugin v27.4 - https:\/\/yoast.com\/product\/yoast-seo-wordpress\/ -->\n<title>Stick Solar Facial SPF50+ - Agrado<\/title>\n<meta name=\"robots\" content=\"index, follow, max-snippet:-1, max-image-preview:large, max-video-preview:-1\" \/>\n<link rel=\"canonical\" href=\"https:\/\/agradocosmetic.com\/fr\/producto\/stick-solar-facial-spf50\/\" \/>\n<meta property=\"og:locale\" content=\"fr_FR\" \/>\n<meta property=\"og:type\" content=\"article\" \/>\n<meta property=\"og:title\" content=\"Stick Solar Facial SPF50+ - Agrado\" \/>\n<meta property=\"og:description\" content=\"Protector solar facial en barra de textura ligera y de f\u00e1cil aplicaci\u00f3n. Protecci\u00f3n muy alta SPF50+. Acabado invisible. Protege de los rayos UVA, UVB e infrarrojos y es ideal para cara y \u00e1reas sensibles, nariz, contorno labios. Apto para la pr\u00e1ctica de deportes al aire libre (acu\u00e1ticos, esqu\u00ed ) Protege tatoos. Apto para pieles sensibles. [&hellip;]\" \/>\n<meta property=\"og:url\" content=\"https:\/\/agradocosmetic.com\/fr\/producto\/stick-solar-facial-spf50\/\" \/>\n<meta property=\"og:site_name\" content=\"Agrado\" \/>\n<meta property=\"article:modified_time\" content=\"2026-04-22T08:26:47+00:00\" \/>\n<meta property=\"og:image\" content=\"https:\/\/agradocosmetic.com\/wp-content\/uploads\/2024\/04\/40009217-STICK-FACIAL-SOLAR-SPF50-15ML-AGRADO-1-1.webp\" \/>\n\t<meta property=\"og:image:width\" content=\"800\" \/>\n\t<meta property=\"og:image:height\" content=\"800\" \/>\n\t<meta property=\"og:image:type\" content=\"image\/webp\" \/>\n<meta name=\"twitter:card\" content=\"summary_large_image\" \/>\n<meta name=\"twitter:label1\" content=\"Dur\u00e9e de lecture estim\u00e9e\" \/>\n\t<meta name=\"twitter:data1\" content=\"1 minute\" \/>\n<script type=\"application\/ld+json\" class=\"yoast-schema-graph\">{\"@context\":\"https:\\\/\\\/schema.org\",\"@graph\":[{\"@type\":\"WebPage\",\"@id\":\"https:\\\/\\\/agradocosmetic.com\\\/producto\\\/stick-solar-facial-spf50\\\/\",\"url\":\"https:\\\/\\\/agradocosmetic.com\\\/producto\\\/stick-solar-facial-spf50\\\/\",\"name\":\"Stick Solar Facial SPF50+ - Agrado\",\"isPartOf\":{\"@id\":\"https:\\\/\\\/agradocosmetic.com\\\/#website\"},\"primaryImageOfPage\":{\"@id\":\"https:\\\/\\\/agradocosmetic.com\\\/producto\\\/stick-solar-facial-spf50\\\/#primaryimage\"},\"image\":{\"@id\":\"https:\\\/\\\/agradocosmetic.com\\\/producto\\\/stick-solar-facial-spf50\\\/#primaryimage\"},\"thumbnailUrl\":\"https:\\\/\\\/agradocosmetic.com\\\/wp-content\\\/uploads\\\/2024\\\/04\\\/40009217-STICK-FACIAL-SOLAR-SPF50-15ML-AGRADO-1-1.webp\",\"datePublished\":\"2024-04-03T05:42:07+00:00\",\"dateModified\":\"2026-04-22T08:26:47+00:00\",\"breadcrumb\":{\"@id\":\"https:\\\/\\\/agradocosmetic.com\\\/producto\\\/stick-solar-facial-spf50\\\/#breadcrumb\"},\"inLanguage\":\"fr-FR\",\"potentialAction\":[{\"@type\":\"ReadAction\",\"target\":[\"https:\\\/\\\/agradocosmetic.com\\\/producto\\\/stick-solar-facial-spf50\\\/\"]}]},{\"@type\":\"ImageObject\",\"inLanguage\":\"fr-FR\",\"@id\":\"https:\\\/\\\/agradocosmetic.com\\\/producto\\\/stick-solar-facial-spf50\\\/#primaryimage\",\"url\":\"https:\\\/\\\/agradocosmetic.com\\\/wp-content\\\/uploads\\\/2024\\\/04\\\/40009217-STICK-FACIAL-SOLAR-SPF50-15ML-AGRADO-1-1.webp\",\"contentUrl\":\"https:\\\/\\\/agradocosmetic.com\\\/wp-content\\\/uploads\\\/2024\\\/04\\\/40009217-STICK-FACIAL-SOLAR-SPF50-15ML-AGRADO-1-1.webp\",\"width\":800,\"height\":800},{\"@type\":\"BreadcrumbList\",\"@id\":\"https:\\\/\\\/agradocosmetic.com\\\/producto\\\/stick-solar-facial-spf50\\\/#breadcrumb\",\"itemListElement\":[{\"@type\":\"ListItem\",\"position\":1,\"name\":\"Portada\",\"item\":\"https:\\\/\\\/agradocosmetic.com\\\/\"},{\"@type\":\"ListItem\",\"position\":2,\"name\":\"Productos\",\"item\":\"https:\\\/\\\/agradocosmetic.com\\\/pt\\\/producto\\\/\"},{\"@type\":\"ListItem\",\"position\":3,\"name\":\"Stick Solar Facial SPF50+\"}]},{\"@type\":\"WebSite\",\"@id\":\"https:\\\/\\\/agradocosmetic.com\\\/#website\",\"url\":\"https:\\\/\\\/agradocosmetic.com\\\/\",\"name\":\"Agrado\",\"description\":\"Cosmetic\",\"publisher\":{\"@id\":\"https:\\\/\\\/agradocosmetic.com\\\/#organization\"},\"potentialAction\":[{\"@type\":\"SearchAction\",\"target\":{\"@type\":\"EntryPoint\",\"urlTemplate\":\"https:\\\/\\\/agradocosmetic.com\\\/?s={search_term_string}\"},\"query-input\":{\"@type\":\"PropertyValueSpecification\",\"valueRequired\":true,\"valueName\":\"search_term_string\"}}],\"inLanguage\":\"fr-FR\"},{\"@type\":\"Organization\",\"@id\":\"https:\\\/\\\/agradocosmetic.com\\\/#organization\",\"name\":\"Agrado\",\"url\":\"https:\\\/\\\/agradocosmetic.com\\\/\",\"logo\":{\"@type\":\"ImageObject\",\"inLanguage\":\"fr-FR\",\"@id\":\"https:\\\/\\\/agradocosmetic.com\\\/#\\\/schema\\\/logo\\\/image\\\/\",\"url\":\"https:\\\/\\\/agradocosmetic.com\\\/wp-content\\\/uploads\\\/2023\\\/07\\\/LOGO-AGRADO-WEB-01.png\",\"contentUrl\":\"https:\\\/\\\/agradocosmetic.com\\\/wp-content\\\/uploads\\\/2023\\\/07\\\/LOGO-AGRADO-WEB-01.png\",\"width\":1632,\"height\":300,\"caption\":\"Agrado\"},\"image\":{\"@id\":\"https:\\\/\\\/agradocosmetic.com\\\/#\\\/schema\\\/logo\\\/image\\\/\"}}]}<\/script>\n<!-- \/ Yoast SEO plugin. -->","yoast_head_json":{"title":"Stick Solaire Visage SPF50+ - Agrado","robots":{"index":"index","follow":"follow","max-snippet":"max-snippet:-1","max-image-preview":"max-image-preview:large","max-video-preview":"max-video-preview:-1"},"canonical":"https:\/\/agradocosmetic.com\/fr\/producto\/stick-solar-facial-spf50\/","og_locale":"fr_FR","og_type":"article","og_title":"Stick Solar Facial SPF50+ - Agrado","og_description":"Protector solar facial en barra de textura ligera y de f\u00e1cil aplicaci\u00f3n. Protecci\u00f3n muy alta SPF50+. Acabado invisible. Protege de los rayos UVA, UVB e infrarrojos y es ideal para cara y \u00e1reas sensibles, nariz, contorno labios. Apto para la pr\u00e1ctica de deportes al aire libre (acu\u00e1ticos, esqu\u00ed ) Protege tatoos. Apto para pieles sensibles. [&hellip;]","og_url":"https:\/\/agradocosmetic.com\/fr\/producto\/stick-solar-facial-spf50\/","og_site_name":"Agrado","article_modified_time":"2026-04-22T08:26:47+00:00","og_image":[{"width":800,"height":800,"url":"https:\/\/agradocosmetic.com\/wp-content\/uploads\/2024\/04\/40009217-STICK-FACIAL-SOLAR-SPF50-15ML-AGRADO-1-1.webp","type":"image\/webp"}],"twitter_card":"summary_large_image","twitter_misc":{"Dur\u00e9e de lecture estim\u00e9e":"1 minute"},"schema":{"@context":"https:\/\/schema.org","@graph":[{"@type":"WebPage","@id":"https:\/\/agradocosmetic.com\/producto\/stick-solar-facial-spf50\/","url":"https:\/\/agradocosmetic.com\/producto\/stick-solar-facial-spf50\/","name":"Stick Solaire Visage SPF50+ - Agrado","isPartOf":{"@id":"https:\/\/agradocosmetic.com\/#website"},"primaryImageOfPage":{"@id":"https:\/\/agradocosmetic.com\/producto\/stick-solar-facial-spf50\/#primaryimage"},"image":{"@id":"https:\/\/agradocosmetic.com\/producto\/stick-solar-facial-spf50\/#primaryimage"},"thumbnailUrl":"https:\/\/agradocosmetic.com\/wp-content\/uploads\/2024\/04\/40009217-STICK-FACIAL-SOLAR-SPF50-15ML-AGRADO-1-1.webp","datePublished":"2024-04-03T05:42:07+00:00","dateModified":"2026-04-22T08:26:47+00:00","breadcrumb":{"@id":"https:\/\/agradocosmetic.com\/producto\/stick-solar-facial-spf50\/#breadcrumb"},"inLanguage":"fr-FR","potentialAction":[{"@type":"ReadAction","target":["https:\/\/agradocosmetic.com\/producto\/stick-solar-facial-spf50\/"]}]},{"@type":"ImageObject","inLanguage":"fr-FR","@id":"https:\/\/agradocosmetic.com\/producto\/stick-solar-facial-spf50\/#primaryimage","url":"https:\/\/agradocosmetic.com\/wp-content\/uploads\/2024\/04\/40009217-STICK-FACIAL-SOLAR-SPF50-15ML-AGRADO-1-1.webp","contentUrl":"https:\/\/agradocosmetic.com\/wp-content\/uploads\/2024\/04\/40009217-STICK-FACIAL-SOLAR-SPF50-15ML-AGRADO-1-1.webp","width":800,"height":800},{"@type":"BreadcrumbList","@id":"https:\/\/agradocosmetic.com\/producto\/stick-solar-facial-spf50\/#breadcrumb","itemListElement":[{"@type":"ListItem","position":1,"name":"Portada","item":"https:\/\/agradocosmetic.com\/"},{"@type":"ListItem","position":2,"name":"Productos","item":"https:\/\/agradocosmetic.com\/pt\/producto\/"},{"@type":"ListItem","position":3,"name":"Stick Solar Facial SPF50+"}]},{"@type":"WebSite","@id":"https:\/\/agradocosmetic.com\/#website","url":"https:\/\/agradocosmetic.com\/","name":"Aimer","description":"cosm\u00e9tique","publisher":{"@id":"https:\/\/agradocosmetic.com\/#organization"},"potentialAction":[{"@type":"SearchAction","target":{"@type":"EntryPoint","urlTemplate":"https:\/\/agradocosmetic.com\/?s={search_term_string}"},"query-input":{"@type":"PropertyValueSpecification","valueRequired":true,"valueName":"search_term_string"}}],"inLanguage":"fr-FR"},{"@type":"Organization","@id":"https:\/\/agradocosmetic.com\/#organization","name":"Aimer","url":"https:\/\/agradocosmetic.com\/","logo":{"@type":"ImageObject","inLanguage":"fr-FR","@id":"https:\/\/agradocosmetic.com\/#\/schema\/logo\/image\/","url":"https:\/\/agradocosmetic.com\/wp-content\/uploads\/2023\/07\/LOGO-AGRADO-WEB-01.png","contentUrl":"https:\/\/agradocosmetic.com\/wp-content\/uploads\/2023\/07\/LOGO-AGRADO-WEB-01.png","width":1632,"height":300,"caption":"Agrado"},"image":{"@id":"https:\/\/agradocosmetic.com\/#\/schema\/logo\/image\/"}}]}},"_links":{"self":[{"href":"https:\/\/agradocosmetic.com\/fr\/wp-json\/wp\/v2\/producto\/25100","targetHints":{"allow":["GET"]}}],"collection":[{"href":"https:\/\/agradocosmetic.com\/fr\/wp-json\/wp\/v2\/producto"}],"about":[{"href":"https:\/\/agradocosmetic.com\/fr\/wp-json\/wp\/v2\/types\/producto"}],"wp:featuredmedia":[{"embeddable":true,"href":"https:\/\/agradocosmetic.com\/fr\/wp-json\/wp\/v2\/media\/35630"}],"wp:attachment":[{"href":"https:\/\/agradocosmetic.com\/fr\/wp-json\/wp\/v2\/media?parent=25100"}],"wp:term":[{"taxonomy":"categoria-de-producto","embeddable":true,"href":"https:\/\/agradocosmetic.com\/fr\/wp-json\/wp\/v2\/categoria-de-producto?post=25100"}],"curies":[{"name":"wp","href":"https:\/\/api.w.org\/{rel}","templated":true}]}}

<p>Stick solaire visage à la texture légère et à l&#039;application facile. Très haute protection SPF50+. Finition invisible. Protège des rayons UVA, UVB et infrarouges et est idéal pour le visage et les zones sensibles, le nez, le contour des lèvres. Convient à la pratique de sports de plein air (sports nautiques, ski).Protège les tatouages. Convient aux peaux sensibles. Résistant à l&#039;eau et à la sueur.​</p>

<!-- This site is optimized with the Yoast SEO plugin v27.4 - https://yoast.com/product/yoast-seo-wordpress/ -->
<title>Stick Solar Facial SPF50+ - Agrado</title>
<meta name="robots" content="index, follow, max-snippet:-1, max-image-preview:large, max-video-preview:-1" />
<link rel="canonical" href="https://agradocosmetic.com/fr/producto/stick-solar-facial-spf50/" />
<meta property="og:locale" content="fr_FR" />
<meta property="og:type" content="article" />
<meta property="og:title" content="Stick Solar Facial SPF50+ - Agrado" />
<meta property="og:description" content="Protector solar facial en barra de textura ligera y de fácil aplicación. Protección muy alta SPF50+. Acabado invisible. Protege de los rayos UVA, UVB e infrarrojos y es ideal para cara y áreas sensibles, nariz, contorno labios. Apto para la práctica de deportes al aire libre (acuáticos, esquí ) Protege tatoos. Apto para pieles sensibles. [&hellip;]" />
<meta property="og:url" content="https://agradocosmetic.com/fr/producto/stick-solar-facial-spf50/" />
<meta property="og:site_name" content="Agrado" />
<meta property="article:modified_time" content="2026-04-22T08:26:47+00:00" />
<meta property="og:image" content="https://agradocosmetic.com/wp-content/uploads/2024/04/40009217-STICK-FACIAL-SOLAR-SPF50-15ML-AGRADO-1-1.webp" />
	<meta property="og:image:width" content="800" />
	<meta property="og:image:height" content="800" />
	<meta property="og:image:type" content="image/webp" />
<meta name="twitter:card" content="summary_large_image" />
<meta name="twitter:label1" content="Durée de lecture estimée" />
	<meta name="twitter:data1" content="1 minute" />
<script type="application/ld+json" class="yoast-schema-graph">{"@context":"https:\/\/schema.org","@graph":[{"@type":"WebPage","@id":"https:\/\/agradocosmetic.com\/producto\/stick-solar-facial-spf50\/","url":"https:\/\/agradocosmetic.com\/producto\/stick-solar-facial-spf50\/","name":"Stick Solar Facial SPF50+ - Agrado","isPartOf":{"@id":"https:\/\/agradocosmetic.com\/#website"},"primaryImageOfPage":{"@id":"https:\/\/agradocosmetic.com\/producto\/stick-solar-facial-spf50\/#primaryimage"},"image":{"@id":"https:\/\/agradocosmetic.com\/producto\/stick-solar-facial-spf50\/#primaryimage"},"thumbnailUrl":"https:\/\/agradocosmetic.com\/wp-content\/uploads\/2024\/04\/40009217-STICK-FACIAL-SOLAR-SPF50-15ML-AGRADO-1-1.webp","datePublished":"2024-04-03T05:42:07+00:00","dateModified":"2026-04-22T08:26:47+00:00","breadcrumb":{"@id":"https:\/\/agradocosmetic.com\/producto\/stick-solar-facial-spf50\/#breadcrumb"},"inLanguage":"fr-FR","potentialAction":[{"@type":"ReadAction","target":["https:\/\/agradocosmetic.com\/producto\/stick-solar-facial-spf50\/"]}]},{"@type":"ImageObject","inLanguage":"fr-FR","@id":"https:\/\/agradocosmetic.com\/producto\/stick-solar-facial-spf50\/#primaryimage","url":"https:\/\/agradocosmetic.com\/wp-content\/uploads\/2024\/04\/40009217-STICK-FACIAL-SOLAR-SPF50-15ML-AGRADO-1-1.webp","contentUrl":"https:\/\/agradocosmetic.com\/wp-content\/uploads\/2024\/04\/40009217-STICK-FACIAL-SOLAR-SPF50-15ML-AGRADO-1-1.webp","width":800,"height":800},{"@type":"BreadcrumbList","@id":"https:\/\/agradocosmetic.com\/producto\/stick-solar-facial-spf50\/#breadcrumb","itemListElement":[{"@type":"ListItem","position":1,"name":"Portada","item":"https:\/\/agradocosmetic.com\/"},{"@type":"ListItem","position":2,"name":"Productos","item":"https:\/\/agradocosmetic.com\/pt\/producto\/"},{"@type":"ListItem","position":3,"name":"Stick Solar Facial SPF50+"}]},{"@type":"WebSite","@id":"https:\/\/agradocosmetic.com\/#website","url":"https:\/\/agradocosmetic.com\/","name":"Agrado","description":"Cosmetic","publisher":{"@id":"https:\/\/agradocosmetic.com\/#organization"},"potentialAction":[{"@type":"SearchAction","target":{"@type":"EntryPoint","urlTemplate":"https:\/\/agradocosmetic.com\/?s={search_term_string}"},"query-input":{"@type":"PropertyValueSpecification","valueRequired":true,"valueName":"search_term_string"}}],"inLanguage":"fr-FR"},{"@type":"Organization","@id":"https:\/\/agradocosmetic.com\/#organization","name":"Agrado","url":"https:\/\/agradocosmetic.com\/","logo":{"@type":"ImageObject","inLanguage":"fr-FR","@id":"https:\/\/agradocosmetic.com\/#\/schema\/logo\/image\/","url":"https:\/\/agradocosmetic.com\/wp-content\/uploads\/2023\/07\/LOGO-AGRADO-WEB-01.png","contentUrl":"https:\/\/agradocosmetic.com\/wp-content\/uploads\/2023\/07\/LOGO-AGRADO-WEB-01.png","width":1632,"height":300,"caption":"Agrado"},"image":{"@id":"https:\/\/agradocosmetic.com\/#\/schema\/logo\/image\/"}}]}</script>
<!-- / Yoast SEO plugin. -->

Protector solar facial en barra de textura ligera y de fácil aplicación. Protección muy alta SPF50+. Acabado invisible. Protege de los rayos UVA, UVB e infrarrojos y es ideal para cara y áreas sensibles, nariz, contorno labios. Apto para la práctica de deportes al aire libre (acuáticos, esquí ) Protege tatoos. Apto para pieles sensibles. [&hellip;]

cosmétique
