{"id":29611,"date":"2025-04-04T12:43:31","date_gmt":"2025-04-04T11:43:31","guid":{"rendered":"https:\/\/agradocosmetic.com\/?post_type=producto&#038;p=29611"},"modified":"2026-02-04T08:43:32","modified_gmt":"2026-02-04T07:43:32","slug":"reparacion-brillo-intenso-crema-suavizante","status":"publish","type":"producto","link":"https:\/\/agradocosmetic.com\/fr\/producto\/reparacion-brillo-intenso-crema-suavizante\/","title":{"rendered":"R\u00e9paration \u00c9clat Intense Apr\u00e8s-Shampooing"},"content":{"rendered":"<p class=\"translation-block\">Lisse et soigne les cheveux secs sans \u00e9clat. <br>\nAux prot\u00e9ines de soie qui aident \u00e0 r\u00e9parer la cuticule de la fibre, donnant ainsi aux cheveux douceur et vitalit\u00e9. <br>\nAu collag\u00e8ne qui nourrit et donne l\u2019\u00e9lasticit\u00e9 n\u00e9cessaire pour des  cheveux d\u2019une brillance intense. <br>\nTest\u00e9 sous contr\u00f4le dermatologique.<\/p>","protected":false},"featured_media":29612,"template":"","categoria-de-producto":[840,73,75],"class_list":["post-29611","producto","type-producto","status-publish","has-post-thumbnail","hentry","categoria-de-producto-acondicionadores","categoria-de-producto-cuidado-capilar","categoria-de-producto-acondicionador"],"yoast_head":"<!-- This site is optimized with the Yoast SEO plugin v27.4 - https:\/\/yoast.com\/product\/yoast-seo-wordpress\/ -->\n<title>Reparaci\u00f3n Brillo Intenso Crema Suavizante - Agrado<\/title>\n<meta name=\"robots\" content=\"index, follow, max-snippet:-1, max-image-preview:large, max-video-preview:-1\" \/>\n<link rel=\"canonical\" href=\"https:\/\/agradocosmetic.com\/fr\/producto\/reparacion-brillo-intenso-crema-suavizante\/\" \/>\n<meta property=\"og:locale\" content=\"fr_FR\" \/>\n<meta property=\"og:type\" content=\"article\" \/>\n<meta property=\"og:title\" content=\"Reparaci\u00f3n Brillo Intenso Crema Suavizante - Agrado\" \/>\n<meta property=\"og:description\" content=\"Suaviza y acondiciona los cabellos secos y sin brillo. Con prote\u00ednas de seda que ayudan a reparar la cut\u00edcula de la fibra, d\u00e1ndole al cabello suavidad y vitalidad. Con col\u00e1geno que nutre y da la elasticidad necesaria para obtener un cabello con brillo intenso. Dermatol\u00f3gicamente testado.\" \/>\n<meta property=\"og:url\" content=\"https:\/\/agradocosmetic.com\/fr\/producto\/reparacion-brillo-intenso-crema-suavizante\/\" \/>\n<meta property=\"og:site_name\" content=\"Agrado\" \/>\n<meta property=\"article:modified_time\" content=\"2026-02-04T07:43:32+00:00\" \/>\n<meta property=\"og:image\" content=\"https:\/\/agradocosmetic.com\/wp-content\/uploads\/2025\/04\/30009868-AGRADO-ACOND-PRO-REP-BRILLO-PUMP-900-ML.webp\" \/>\n\t<meta property=\"og:image:width\" content=\"800\" \/>\n\t<meta property=\"og:image:height\" content=\"800\" \/>\n\t<meta property=\"og:image:type\" content=\"image\/webp\" \/>\n<meta name=\"twitter:card\" content=\"summary_large_image\" \/>\n<meta name=\"twitter:label1\" content=\"Dur\u00e9e de lecture estim\u00e9e\" \/>\n\t<meta name=\"twitter:data1\" content=\"1 minute\" \/>\n<script type=\"application\/ld+json\" class=\"yoast-schema-graph\">{\"@context\":\"https:\\\/\\\/schema.org\",\"@graph\":[{\"@type\":\"WebPage\",\"@id\":\"https:\\\/\\\/agradocosmetic.com\\\/producto\\\/reparacion-brillo-intenso-crema-suavizante\\\/\",\"url\":\"https:\\\/\\\/agradocosmetic.com\\\/producto\\\/reparacion-brillo-intenso-crema-suavizante\\\/\",\"name\":\"Reparaci\u00f3n Brillo Intenso Crema Suavizante - Agrado\",\"isPartOf\":{\"@id\":\"https:\\\/\\\/agradocosmetic.com\\\/#website\"},\"primaryImageOfPage\":{\"@id\":\"https:\\\/\\\/agradocosmetic.com\\\/producto\\\/reparacion-brillo-intenso-crema-suavizante\\\/#primaryimage\"},\"image\":{\"@id\":\"https:\\\/\\\/agradocosmetic.com\\\/producto\\\/reparacion-brillo-intenso-crema-suavizante\\\/#primaryimage\"},\"thumbnailUrl\":\"https:\\\/\\\/agradocosmetic.com\\\/wp-content\\\/uploads\\\/2025\\\/04\\\/30009868-AGRADO-ACOND-PRO-REP-BRILLO-PUMP-900-ML.webp\",\"datePublished\":\"2025-04-04T11:43:31+00:00\",\"dateModified\":\"2026-02-04T07:43:32+00:00\",\"breadcrumb\":{\"@id\":\"https:\\\/\\\/agradocosmetic.com\\\/producto\\\/reparacion-brillo-intenso-crema-suavizante\\\/#breadcrumb\"},\"inLanguage\":\"fr-FR\",\"potentialAction\":[{\"@type\":\"ReadAction\",\"target\":[\"https:\\\/\\\/agradocosmetic.com\\\/producto\\\/reparacion-brillo-intenso-crema-suavizante\\\/\"]}]},{\"@type\":\"ImageObject\",\"inLanguage\":\"fr-FR\",\"@id\":\"https:\\\/\\\/agradocosmetic.com\\\/producto\\\/reparacion-brillo-intenso-crema-suavizante\\\/#primaryimage\",\"url\":\"https:\\\/\\\/agradocosmetic.com\\\/wp-content\\\/uploads\\\/2025\\\/04\\\/30009868-AGRADO-ACOND-PRO-REP-BRILLO-PUMP-900-ML.webp\",\"contentUrl\":\"https:\\\/\\\/agradocosmetic.com\\\/wp-content\\\/uploads\\\/2025\\\/04\\\/30009868-AGRADO-ACOND-PRO-REP-BRILLO-PUMP-900-ML.webp\",\"width\":800,\"height\":800,\"caption\":\"30009868 AGRADO ACOND PRO REP BRILLO PUMP 900 ML\"},{\"@type\":\"BreadcrumbList\",\"@id\":\"https:\\\/\\\/agradocosmetic.com\\\/producto\\\/reparacion-brillo-intenso-crema-suavizante\\\/#breadcrumb\",\"itemListElement\":[{\"@type\":\"ListItem\",\"position\":1,\"name\":\"Portada\",\"item\":\"https:\\\/\\\/agradocosmetic.com\\\/\"},{\"@type\":\"ListItem\",\"position\":2,\"name\":\"Productos\",\"item\":\"https:\\\/\\\/agradocosmetic.com\\\/pt\\\/producto\\\/\"},{\"@type\":\"ListItem\",\"position\":3,\"name\":\"Reparaci\u00f3n Brillo Intenso Crema Suavizante\"}]},{\"@type\":\"WebSite\",\"@id\":\"https:\\\/\\\/agradocosmetic.com\\\/#website\",\"url\":\"https:\\\/\\\/agradocosmetic.com\\\/\",\"name\":\"Agrado\",\"description\":\"Cosmetic\",\"publisher\":{\"@id\":\"https:\\\/\\\/agradocosmetic.com\\\/#organization\"},\"potentialAction\":[{\"@type\":\"SearchAction\",\"target\":{\"@type\":\"EntryPoint\",\"urlTemplate\":\"https:\\\/\\\/agradocosmetic.com\\\/?s={search_term_string}\"},\"query-input\":{\"@type\":\"PropertyValueSpecification\",\"valueRequired\":true,\"valueName\":\"search_term_string\"}}],\"inLanguage\":\"fr-FR\"},{\"@type\":\"Organization\",\"@id\":\"https:\\\/\\\/agradocosmetic.com\\\/#organization\",\"name\":\"Agrado\",\"url\":\"https:\\\/\\\/agradocosmetic.com\\\/\",\"logo\":{\"@type\":\"ImageObject\",\"inLanguage\":\"fr-FR\",\"@id\":\"https:\\\/\\\/agradocosmetic.com\\\/#\\\/schema\\\/logo\\\/image\\\/\",\"url\":\"https:\\\/\\\/agradocosmetic.com\\\/wp-content\\\/uploads\\\/2023\\\/07\\\/LOGO-AGRADO-WEB-01.png\",\"contentUrl\":\"https:\\\/\\\/agradocosmetic.com\\\/wp-content\\\/uploads\\\/2023\\\/07\\\/LOGO-AGRADO-WEB-01.png\",\"width\":1632,\"height\":300,\"caption\":\"Agrado\"},\"image\":{\"@id\":\"https:\\\/\\\/agradocosmetic.com\\\/#\\\/schema\\\/logo\\\/image\\\/\"}}]}<\/script>\n<!-- \/ Yoast SEO plugin. -->","yoast_head_json":{"title":"Cr\u00e8me Lissante R\u00e9paratrice Brillance Intense - Agrado","robots":{"index":"index","follow":"follow","max-snippet":"max-snippet:-1","max-image-preview":"max-image-preview:large","max-video-preview":"max-video-preview:-1"},"canonical":"https:\/\/agradocosmetic.com\/fr\/producto\/reparacion-brillo-intenso-crema-suavizante\/","og_locale":"fr_FR","og_type":"article","og_title":"Reparaci\u00f3n Brillo Intenso Crema Suavizante - Agrado","og_description":"Suaviza y acondiciona los cabellos secos y sin brillo. Con prote\u00ednas de seda que ayudan a reparar la cut\u00edcula de la fibra, d\u00e1ndole al cabello suavidad y vitalidad. Con col\u00e1geno que nutre y da la elasticidad necesaria para obtener un cabello con brillo intenso. Dermatol\u00f3gicamente testado.","og_url":"https:\/\/agradocosmetic.com\/fr\/producto\/reparacion-brillo-intenso-crema-suavizante\/","og_site_name":"Agrado","article_modified_time":"2026-02-04T07:43:32+00:00","og_image":[{"width":800,"height":800,"url":"https:\/\/agradocosmetic.com\/wp-content\/uploads\/2025\/04\/30009868-AGRADO-ACOND-PRO-REP-BRILLO-PUMP-900-ML.webp","type":"image\/webp"}],"twitter_card":"summary_large_image","twitter_misc":{"Dur\u00e9e de lecture estim\u00e9e":"1 minute"},"schema":{"@context":"https:\/\/schema.org","@graph":[{"@type":"WebPage","@id":"https:\/\/agradocosmetic.com\/producto\/reparacion-brillo-intenso-crema-suavizante\/","url":"https:\/\/agradocosmetic.com\/producto\/reparacion-brillo-intenso-crema-suavizante\/","name":"Cr\u00e8me Lissante R\u00e9paratrice Brillance Intense - Agrado","isPartOf":{"@id":"https:\/\/agradocosmetic.com\/#website"},"primaryImageOfPage":{"@id":"https:\/\/agradocosmetic.com\/producto\/reparacion-brillo-intenso-crema-suavizante\/#primaryimage"},"image":{"@id":"https:\/\/agradocosmetic.com\/producto\/reparacion-brillo-intenso-crema-suavizante\/#primaryimage"},"thumbnailUrl":"https:\/\/agradocosmetic.com\/wp-content\/uploads\/2025\/04\/30009868-AGRADO-ACOND-PRO-REP-BRILLO-PUMP-900-ML.webp","datePublished":"2025-04-04T11:43:31+00:00","dateModified":"2026-02-04T07:43:32+00:00","breadcrumb":{"@id":"https:\/\/agradocosmetic.com\/producto\/reparacion-brillo-intenso-crema-suavizante\/#breadcrumb"},"inLanguage":"fr-FR","potentialAction":[{"@type":"ReadAction","target":["https:\/\/agradocosmetic.com\/producto\/reparacion-brillo-intenso-crema-suavizante\/"]}]},{"@type":"ImageObject","inLanguage":"fr-FR","@id":"https:\/\/agradocosmetic.com\/producto\/reparacion-brillo-intenso-crema-suavizante\/#primaryimage","url":"https:\/\/agradocosmetic.com\/wp-content\/uploads\/2025\/04\/30009868-AGRADO-ACOND-PRO-REP-BRILLO-PUMP-900-ML.webp","contentUrl":"https:\/\/agradocosmetic.com\/wp-content\/uploads\/2025\/04\/30009868-AGRADO-ACOND-PRO-REP-BRILLO-PUMP-900-ML.webp","width":800,"height":800,"caption":"30009868 AGRADO ACOND PRO REP BRILLO PUMP 900 ML"},{"@type":"BreadcrumbList","@id":"https:\/\/agradocosmetic.com\/producto\/reparacion-brillo-intenso-crema-suavizante\/#breadcrumb","itemListElement":[{"@type":"ListItem","position":1,"name":"Portada","item":"https:\/\/agradocosmetic.com\/"},{"@type":"ListItem","position":2,"name":"Productos","item":"https:\/\/agradocosmetic.com\/pt\/producto\/"},{"@type":"ListItem","position":3,"name":"Reparaci\u00f3n Brillo Intenso Crema Suavizante"}]},{"@type":"WebSite","@id":"https:\/\/agradocosmetic.com\/#website","url":"https:\/\/agradocosmetic.com\/","name":"Aimer","description":"cosm\u00e9tique","publisher":{"@id":"https:\/\/agradocosmetic.com\/#organization"},"potentialAction":[{"@type":"SearchAction","target":{"@type":"EntryPoint","urlTemplate":"https:\/\/agradocosmetic.com\/?s={search_term_string}"},"query-input":{"@type":"PropertyValueSpecification","valueRequired":true,"valueName":"search_term_string"}}],"inLanguage":"fr-FR"},{"@type":"Organization","@id":"https:\/\/agradocosmetic.com\/#organization","name":"Aimer","url":"https:\/\/agradocosmetic.com\/","logo":{"@type":"ImageObject","inLanguage":"fr-FR","@id":"https:\/\/agradocosmetic.com\/#\/schema\/logo\/image\/","url":"https:\/\/agradocosmetic.com\/wp-content\/uploads\/2023\/07\/LOGO-AGRADO-WEB-01.png","contentUrl":"https:\/\/agradocosmetic.com\/wp-content\/uploads\/2023\/07\/LOGO-AGRADO-WEB-01.png","width":1632,"height":300,"caption":"Agrado"},"image":{"@id":"https:\/\/agradocosmetic.com\/#\/schema\/logo\/image\/"}}]}},"_links":{"self":[{"href":"https:\/\/agradocosmetic.com\/fr\/wp-json\/wp\/v2\/producto\/29611","targetHints":{"allow":["GET"]}}],"collection":[{"href":"https:\/\/agradocosmetic.com\/fr\/wp-json\/wp\/v2\/producto"}],"about":[{"href":"https:\/\/agradocosmetic.com\/fr\/wp-json\/wp\/v2\/types\/producto"}],"wp:featuredmedia":[{"embeddable":true,"href":"https:\/\/agradocosmetic.com\/fr\/wp-json\/wp\/v2\/media\/29612"}],"wp:attachment":[{"href":"https:\/\/agradocosmetic.com\/fr\/wp-json\/wp\/v2\/media?parent=29611"}],"wp:term":[{"taxonomy":"categoria-de-producto","embeddable":true,"href":"https:\/\/agradocosmetic.com\/fr\/wp-json\/wp\/v2\/categoria-de-producto?post=29611"}],"curies":[{"name":"wp","href":"https:\/\/api.w.org\/{rel}","templated":true}]}}

Réparation Éclat Intense Après-Shampooing

<p class="translation-block">Lisse et soigne les cheveux secs sans éclat. <br>
Aux protéines de soie qui aident à réparer la cuticule de la fibre, donnant ainsi aux cheveux douceur et vitalité. <br>
Au collagène qui nourrit et donne l’élasticité nécessaire pour des  cheveux d’une brillance intense. <br>
Testé sous contrôle dermatologique.</p>

<!-- This site is optimized with the Yoast SEO plugin v27.4 - https://yoast.com/product/yoast-seo-wordpress/ -->
<title>Reparación Brillo Intenso Crema Suavizante - Agrado</title>
<meta name="robots" content="index, follow, max-snippet:-1, max-image-preview:large, max-video-preview:-1" />
<link rel="canonical" href="https://agradocosmetic.com/fr/producto/reparacion-brillo-intenso-crema-suavizante/" />
<meta property="og:locale" content="fr_FR" />
<meta property="og:type" content="article" />
<meta property="og:title" content="Reparación Brillo Intenso Crema Suavizante - Agrado" />
<meta property="og:description" content="Suaviza y acondiciona los cabellos secos y sin brillo. Con proteínas de seda que ayudan a reparar la cutícula de la fibra, dándole al cabello suavidad y vitalidad. Con colágeno que nutre y da la elasticidad necesaria para obtener un cabello con brillo intenso. Dermatológicamente testado." />
<meta property="og:url" content="https://agradocosmetic.com/fr/producto/reparacion-brillo-intenso-crema-suavizante/" />
<meta property="og:site_name" content="Agrado" />
<meta property="article:modified_time" content="2026-02-04T07:43:32+00:00" />
<meta property="og:image" content="https://agradocosmetic.com/wp-content/uploads/2025/04/30009868-AGRADO-ACOND-PRO-REP-BRILLO-PUMP-900-ML.webp" />
	<meta property="og:image:width" content="800" />
	<meta property="og:image:height" content="800" />
	<meta property="og:image:type" content="image/webp" />
<meta name="twitter:card" content="summary_large_image" />
<meta name="twitter:label1" content="Durée de lecture estimée" />
	<meta name="twitter:data1" content="1 minute" />
<script type="application/ld+json" class="yoast-schema-graph">{"@context":"https:\/\/schema.org","@graph":[{"@type":"WebPage","@id":"https:\/\/agradocosmetic.com\/producto\/reparacion-brillo-intenso-crema-suavizante\/","url":"https:\/\/agradocosmetic.com\/producto\/reparacion-brillo-intenso-crema-suavizante\/","name":"Reparación Brillo Intenso Crema Suavizante - Agrado","isPartOf":{"@id":"https:\/\/agradocosmetic.com\/#website"},"primaryImageOfPage":{"@id":"https:\/\/agradocosmetic.com\/producto\/reparacion-brillo-intenso-crema-suavizante\/#primaryimage"},"image":{"@id":"https:\/\/agradocosmetic.com\/producto\/reparacion-brillo-intenso-crema-suavizante\/#primaryimage"},"thumbnailUrl":"https:\/\/agradocosmetic.com\/wp-content\/uploads\/2025\/04\/30009868-AGRADO-ACOND-PRO-REP-BRILLO-PUMP-900-ML.webp","datePublished":"2025-04-04T11:43:31+00:00","dateModified":"2026-02-04T07:43:32+00:00","breadcrumb":{"@id":"https:\/\/agradocosmetic.com\/producto\/reparacion-brillo-intenso-crema-suavizante\/#breadcrumb"},"inLanguage":"fr-FR","potentialAction":[{"@type":"ReadAction","target":["https:\/\/agradocosmetic.com\/producto\/reparacion-brillo-intenso-crema-suavizante\/"]}]},{"@type":"ImageObject","inLanguage":"fr-FR","@id":"https:\/\/agradocosmetic.com\/producto\/reparacion-brillo-intenso-crema-suavizante\/#primaryimage","url":"https:\/\/agradocosmetic.com\/wp-content\/uploads\/2025\/04\/30009868-AGRADO-ACOND-PRO-REP-BRILLO-PUMP-900-ML.webp","contentUrl":"https:\/\/agradocosmetic.com\/wp-content\/uploads\/2025\/04\/30009868-AGRADO-ACOND-PRO-REP-BRILLO-PUMP-900-ML.webp","width":800,"height":800,"caption":"30009868 AGRADO ACOND PRO REP BRILLO PUMP 900 ML"},{"@type":"BreadcrumbList","@id":"https:\/\/agradocosmetic.com\/producto\/reparacion-brillo-intenso-crema-suavizante\/#breadcrumb","itemListElement":[{"@type":"ListItem","position":1,"name":"Portada","item":"https:\/\/agradocosmetic.com\/"},{"@type":"ListItem","position":2,"name":"Productos","item":"https:\/\/agradocosmetic.com\/pt\/producto\/"},{"@type":"ListItem","position":3,"name":"Reparación Brillo Intenso Crema Suavizante"}]},{"@type":"WebSite","@id":"https:\/\/agradocosmetic.com\/#website","url":"https:\/\/agradocosmetic.com\/","name":"Agrado","description":"Cosmetic","publisher":{"@id":"https:\/\/agradocosmetic.com\/#organization"},"potentialAction":[{"@type":"SearchAction","target":{"@type":"EntryPoint","urlTemplate":"https:\/\/agradocosmetic.com\/?s={search_term_string}"},"query-input":{"@type":"PropertyValueSpecification","valueRequired":true,"valueName":"search_term_string"}}],"inLanguage":"fr-FR"},{"@type":"Organization","@id":"https:\/\/agradocosmetic.com\/#organization","name":"Agrado","url":"https:\/\/agradocosmetic.com\/","logo":{"@type":"ImageObject","inLanguage":"fr-FR","@id":"https:\/\/agradocosmetic.com\/#\/schema\/logo\/image\/","url":"https:\/\/agradocosmetic.com\/wp-content\/uploads\/2023\/07\/LOGO-AGRADO-WEB-01.png","contentUrl":"https:\/\/agradocosmetic.com\/wp-content\/uploads\/2023\/07\/LOGO-AGRADO-WEB-01.png","width":1632,"height":300,"caption":"Agrado"},"image":{"@id":"https:\/\/agradocosmetic.com\/#\/schema\/logo\/image\/"}}]}</script>
<!-- / Yoast SEO plugin. -->

Crème Lissante Réparatrice Brillance Intense - Agrado

Reparación Brillo Intenso Crema Suavizante - Agrado

Suaviza y acondiciona los cabellos secos y sin brillo. Con proteínas de seda que ayudan a reparar la cutícula de la fibra, dándole al cabello suavidad y vitalidad. Con colágeno que nutre y da la elasticidad necesaria para obtener un cabello con brillo intenso. Dermatológicamente testado.

Reparación Brillo Intenso Crema Suavizante

cosmétique
