{"id":381,"date":"2023-08-18T12:31:40","date_gmt":"2023-08-18T12:31:40","guid":{"rendered":"https:\/\/dev-freelancerweb.site\/?post_type=producto&#038;p=381"},"modified":"2023-11-13T16:01:16","modified_gmt":"2023-11-13T16:01:16","slug":"gel-bano-ducha-sales-minerales","status":"publish","type":"producto","link":"https:\/\/agradocosmetic.com\/fr\/producto\/gel-bano-ducha-sales-minerales\/","title":{"rendered":"Gel Bain &amp; Douche Sel Marin"},"content":{"rendered":"<p>Le gel douche aux sels min\u00e9raux d\u2019AGRADO est un format familial adapt\u00e9 \u00e0 tous les types de peaux et \u00e0 leur hygi\u00e8ne quotidienne. Formul\u00e9 avec des sels min\u00e9raux et un parfum agr\u00e9able et classique. Id\u00e9al pour un usage fr\u00e9quent gr\u00e2ce \u00e0 son pH neutre. Test\u00e9 sous contr\u00f4le dermatologique.<\/p>","protected":false},"featured_media":24104,"template":"","categoria-de-producto":[81,82,85],"class_list":["post-381","producto","type-producto","status-publish","has-post-thumbnail","hentry","categoria-de-producto-cuidado-corporal","categoria-de-producto-gel-de-bano","categoria-de-producto-aromaticas"],"yoast_head":"<!-- This site is optimized with the Yoast SEO plugin v27.4 - https:\/\/yoast.com\/product\/yoast-seo-wordpress\/ -->\n<title>Gel de Ducha Sales Marinas - Agrado<\/title>\n<meta name=\"robots\" content=\"index, follow, max-snippet:-1, max-image-preview:large, max-video-preview:-1\" \/>\n<link rel=\"canonical\" href=\"https:\/\/agradocosmetic.com\/fr\/producto\/gel-bano-ducha-sales-minerales\/\" \/>\n<meta property=\"og:locale\" content=\"fr_FR\" \/>\n<meta property=\"og:type\" content=\"article\" \/>\n<meta property=\"og:title\" content=\"Gel de Ducha Sales Marinas - Agrado\" \/>\n<meta property=\"og:description\" content=\"El Gel de Ducha Sales Minerales de AGRADO es un formato familiar apto para todo tipo de pieles y su higiene diaria. Formulado con Sales Minerales y un aroma cl\u00e1sico y agradable. Ideal para uso frecuente gracias a su pH neutro. Dermatol\u00f3gicamente testado.\" \/>\n<meta property=\"og:url\" content=\"https:\/\/agradocosmetic.com\/fr\/producto\/gel-bano-ducha-sales-minerales\/\" \/>\n<meta property=\"og:site_name\" content=\"Agrado\" \/>\n<meta property=\"article:modified_time\" content=\"2023-11-13T16:01:16+00:00\" \/>\n<meta property=\"og:image\" content=\"https:\/\/agradocosmetic.com\/wp-content\/uploads\/2023\/08\/4901_GEL-DE-BANO-Y-DUCHA-SALES-MARINAS-750ml-AGRADO_NE-2.png\" \/>\n\t<meta property=\"og:image:width\" content=\"800\" \/>\n\t<meta property=\"og:image:height\" content=\"800\" \/>\n\t<meta property=\"og:image:type\" content=\"image\/png\" \/>\n<meta name=\"twitter:card\" content=\"summary_large_image\" \/>\n<script type=\"application\/ld+json\" class=\"yoast-schema-graph\">{\"@context\":\"https:\\\/\\\/schema.org\",\"@graph\":[{\"@type\":\"WebPage\",\"@id\":\"https:\\\/\\\/agradocosmetic.com\\\/producto\\\/gel-bano-ducha-sales-minerales\\\/\",\"url\":\"https:\\\/\\\/agradocosmetic.com\\\/producto\\\/gel-bano-ducha-sales-minerales\\\/\",\"name\":\"Gel de Ducha Sales Marinas - Agrado\",\"isPartOf\":{\"@id\":\"https:\\\/\\\/agradocosmetic.com\\\/#website\"},\"primaryImageOfPage\":{\"@id\":\"https:\\\/\\\/agradocosmetic.com\\\/producto\\\/gel-bano-ducha-sales-minerales\\\/#primaryimage\"},\"image\":{\"@id\":\"https:\\\/\\\/agradocosmetic.com\\\/producto\\\/gel-bano-ducha-sales-minerales\\\/#primaryimage\"},\"thumbnailUrl\":\"https:\\\/\\\/agradocosmetic.com\\\/wp-content\\\/uploads\\\/2023\\\/08\\\/4901_GEL-DE-BANO-Y-DUCHA-SALES-MARINAS-750ml-AGRADO_NE-2.png\",\"datePublished\":\"2023-08-18T12:31:40+00:00\",\"dateModified\":\"2023-11-13T16:01:16+00:00\",\"breadcrumb\":{\"@id\":\"https:\\\/\\\/agradocosmetic.com\\\/producto\\\/gel-bano-ducha-sales-minerales\\\/#breadcrumb\"},\"inLanguage\":\"fr-FR\",\"potentialAction\":[{\"@type\":\"ReadAction\",\"target\":[\"https:\\\/\\\/agradocosmetic.com\\\/producto\\\/gel-bano-ducha-sales-minerales\\\/\"]}]},{\"@type\":\"ImageObject\",\"inLanguage\":\"fr-FR\",\"@id\":\"https:\\\/\\\/agradocosmetic.com\\\/producto\\\/gel-bano-ducha-sales-minerales\\\/#primaryimage\",\"url\":\"https:\\\/\\\/agradocosmetic.com\\\/wp-content\\\/uploads\\\/2023\\\/08\\\/4901_GEL-DE-BANO-Y-DUCHA-SALES-MARINAS-750ml-AGRADO_NE-2.png\",\"contentUrl\":\"https:\\\/\\\/agradocosmetic.com\\\/wp-content\\\/uploads\\\/2023\\\/08\\\/4901_GEL-DE-BANO-Y-DUCHA-SALES-MARINAS-750ml-AGRADO_NE-2.png\",\"width\":800,\"height\":800},{\"@type\":\"BreadcrumbList\",\"@id\":\"https:\\\/\\\/agradocosmetic.com\\\/producto\\\/gel-bano-ducha-sales-minerales\\\/#breadcrumb\",\"itemListElement\":[{\"@type\":\"ListItem\",\"position\":1,\"name\":\"Portada\",\"item\":\"https:\\\/\\\/agradocosmetic.com\\\/\"},{\"@type\":\"ListItem\",\"position\":2,\"name\":\"Productos\",\"item\":\"https:\\\/\\\/agradocosmetic.com\\\/pt\\\/producto\\\/\"},{\"@type\":\"ListItem\",\"position\":3,\"name\":\"Gel de Ducha Sales Marinas\"}]},{\"@type\":\"WebSite\",\"@id\":\"https:\\\/\\\/agradocosmetic.com\\\/#website\",\"url\":\"https:\\\/\\\/agradocosmetic.com\\\/\",\"name\":\"Agrado\",\"description\":\"Cosmetic\",\"publisher\":{\"@id\":\"https:\\\/\\\/agradocosmetic.com\\\/#organization\"},\"potentialAction\":[{\"@type\":\"SearchAction\",\"target\":{\"@type\":\"EntryPoint\",\"urlTemplate\":\"https:\\\/\\\/agradocosmetic.com\\\/?s={search_term_string}\"},\"query-input\":{\"@type\":\"PropertyValueSpecification\",\"valueRequired\":true,\"valueName\":\"search_term_string\"}}],\"inLanguage\":\"fr-FR\"},{\"@type\":\"Organization\",\"@id\":\"https:\\\/\\\/agradocosmetic.com\\\/#organization\",\"name\":\"Agrado\",\"url\":\"https:\\\/\\\/agradocosmetic.com\\\/\",\"logo\":{\"@type\":\"ImageObject\",\"inLanguage\":\"fr-FR\",\"@id\":\"https:\\\/\\\/agradocosmetic.com\\\/#\\\/schema\\\/logo\\\/image\\\/\",\"url\":\"https:\\\/\\\/agradocosmetic.com\\\/wp-content\\\/uploads\\\/2023\\\/07\\\/LOGO-AGRADO-WEB-01.png\",\"contentUrl\":\"https:\\\/\\\/agradocosmetic.com\\\/wp-content\\\/uploads\\\/2023\\\/07\\\/LOGO-AGRADO-WEB-01.png\",\"width\":1632,\"height\":300,\"caption\":\"Agrado\"},\"image\":{\"@id\":\"https:\\\/\\\/agradocosmetic.com\\\/#\\\/schema\\\/logo\\\/image\\\/\"}}]}<\/script>\n<!-- \/ Yoast SEO plugin. -->","yoast_head_json":{"title":"Gel douche au sel marin - Agrado","robots":{"index":"index","follow":"follow","max-snippet":"max-snippet:-1","max-image-preview":"max-image-preview:large","max-video-preview":"max-video-preview:-1"},"canonical":"https:\/\/agradocosmetic.com\/fr\/producto\/gel-bano-ducha-sales-minerales\/","og_locale":"fr_FR","og_type":"article","og_title":"Gel de Ducha Sales Marinas - Agrado","og_description":"El Gel de Ducha Sales Minerales de AGRADO es un formato familiar apto para todo tipo de pieles y su higiene diaria. Formulado con Sales Minerales y un aroma cl\u00e1sico y agradable. Ideal para uso frecuente gracias a su pH neutro. Dermatol\u00f3gicamente testado.","og_url":"https:\/\/agradocosmetic.com\/fr\/producto\/gel-bano-ducha-sales-minerales\/","og_site_name":"Agrado","article_modified_time":"2023-11-13T16:01:16+00:00","og_image":[{"width":800,"height":800,"url":"https:\/\/agradocosmetic.com\/wp-content\/uploads\/2023\/08\/4901_GEL-DE-BANO-Y-DUCHA-SALES-MARINAS-750ml-AGRADO_NE-2.png","type":"image\/png"}],"twitter_card":"summary_large_image","schema":{"@context":"https:\/\/schema.org","@graph":[{"@type":"WebPage","@id":"https:\/\/agradocosmetic.com\/producto\/gel-bano-ducha-sales-minerales\/","url":"https:\/\/agradocosmetic.com\/producto\/gel-bano-ducha-sales-minerales\/","name":"Gel douche au sel marin - Agrado","isPartOf":{"@id":"https:\/\/agradocosmetic.com\/#website"},"primaryImageOfPage":{"@id":"https:\/\/agradocosmetic.com\/producto\/gel-bano-ducha-sales-minerales\/#primaryimage"},"image":{"@id":"https:\/\/agradocosmetic.com\/producto\/gel-bano-ducha-sales-minerales\/#primaryimage"},"thumbnailUrl":"https:\/\/agradocosmetic.com\/wp-content\/uploads\/2023\/08\/4901_GEL-DE-BANO-Y-DUCHA-SALES-MARINAS-750ml-AGRADO_NE-2.png","datePublished":"2023-08-18T12:31:40+00:00","dateModified":"2023-11-13T16:01:16+00:00","breadcrumb":{"@id":"https:\/\/agradocosmetic.com\/producto\/gel-bano-ducha-sales-minerales\/#breadcrumb"},"inLanguage":"fr-FR","potentialAction":[{"@type":"ReadAction","target":["https:\/\/agradocosmetic.com\/producto\/gel-bano-ducha-sales-minerales\/"]}]},{"@type":"ImageObject","inLanguage":"fr-FR","@id":"https:\/\/agradocosmetic.com\/producto\/gel-bano-ducha-sales-minerales\/#primaryimage","url":"https:\/\/agradocosmetic.com\/wp-content\/uploads\/2023\/08\/4901_GEL-DE-BANO-Y-DUCHA-SALES-MARINAS-750ml-AGRADO_NE-2.png","contentUrl":"https:\/\/agradocosmetic.com\/wp-content\/uploads\/2023\/08\/4901_GEL-DE-BANO-Y-DUCHA-SALES-MARINAS-750ml-AGRADO_NE-2.png","width":800,"height":800},{"@type":"BreadcrumbList","@id":"https:\/\/agradocosmetic.com\/producto\/gel-bano-ducha-sales-minerales\/#breadcrumb","itemListElement":[{"@type":"ListItem","position":1,"name":"Portada","item":"https:\/\/agradocosmetic.com\/"},{"@type":"ListItem","position":2,"name":"Productos","item":"https:\/\/agradocosmetic.com\/pt\/producto\/"},{"@type":"ListItem","position":3,"name":"Gel de Ducha Sales Marinas"}]},{"@type":"WebSite","@id":"https:\/\/agradocosmetic.com\/#website","url":"https:\/\/agradocosmetic.com\/","name":"Aimer","description":"cosm\u00e9tique","publisher":{"@id":"https:\/\/agradocosmetic.com\/#organization"},"potentialAction":[{"@type":"SearchAction","target":{"@type":"EntryPoint","urlTemplate":"https:\/\/agradocosmetic.com\/?s={search_term_string}"},"query-input":{"@type":"PropertyValueSpecification","valueRequired":true,"valueName":"search_term_string"}}],"inLanguage":"fr-FR"},{"@type":"Organization","@id":"https:\/\/agradocosmetic.com\/#organization","name":"Aimer","url":"https:\/\/agradocosmetic.com\/","logo":{"@type":"ImageObject","inLanguage":"fr-FR","@id":"https:\/\/agradocosmetic.com\/#\/schema\/logo\/image\/","url":"https:\/\/agradocosmetic.com\/wp-content\/uploads\/2023\/07\/LOGO-AGRADO-WEB-01.png","contentUrl":"https:\/\/agradocosmetic.com\/wp-content\/uploads\/2023\/07\/LOGO-AGRADO-WEB-01.png","width":1632,"height":300,"caption":"Agrado"},"image":{"@id":"https:\/\/agradocosmetic.com\/#\/schema\/logo\/image\/"}}]}},"_links":{"self":[{"href":"https:\/\/agradocosmetic.com\/fr\/wp-json\/wp\/v2\/producto\/381","targetHints":{"allow":["GET"]}}],"collection":[{"href":"https:\/\/agradocosmetic.com\/fr\/wp-json\/wp\/v2\/producto"}],"about":[{"href":"https:\/\/agradocosmetic.com\/fr\/wp-json\/wp\/v2\/types\/producto"}],"wp:featuredmedia":[{"embeddable":true,"href":"https:\/\/agradocosmetic.com\/fr\/wp-json\/wp\/v2\/media\/24104"}],"wp:attachment":[{"href":"https:\/\/agradocosmetic.com\/fr\/wp-json\/wp\/v2\/media?parent=381"}],"wp:term":[{"taxonomy":"categoria-de-producto","embeddable":true,"href":"https:\/\/agradocosmetic.com\/fr\/wp-json\/wp\/v2\/categoria-de-producto?post=381"}],"curies":[{"name":"wp","href":"https:\/\/api.w.org\/{rel}","templated":true}]}}

<p>Le gel douche aux sels minéraux d’AGRADO est un format familial adapté à tous les types de peaux et à leur hygiène quotidienne. Formulé avec des sels minéraux et un parfum agréable et classique. Idéal pour un usage fréquent grâce à son pH neutre. Testé sous contrôle dermatologique.</p>

<!-- This site is optimized with the Yoast SEO plugin v27.4 - https://yoast.com/product/yoast-seo-wordpress/ -->
<title>Gel de Ducha Sales Marinas - Agrado</title>
<meta name="robots" content="index, follow, max-snippet:-1, max-image-preview:large, max-video-preview:-1" />
<link rel="canonical" href="https://agradocosmetic.com/fr/producto/gel-bano-ducha-sales-minerales/" />
<meta property="og:locale" content="fr_FR" />
<meta property="og:type" content="article" />
<meta property="og:title" content="Gel de Ducha Sales Marinas - Agrado" />
<meta property="og:description" content="El Gel de Ducha Sales Minerales de AGRADO es un formato familiar apto para todo tipo de pieles y su higiene diaria. Formulado con Sales Minerales y un aroma clásico y agradable. Ideal para uso frecuente gracias a su pH neutro. Dermatológicamente testado." />
<meta property="og:url" content="https://agradocosmetic.com/fr/producto/gel-bano-ducha-sales-minerales/" />
<meta property="og:site_name" content="Agrado" />
<meta property="article:modified_time" content="2023-11-13T16:01:16+00:00" />
<meta property="og:image" content="https://agradocosmetic.com/wp-content/uploads/2023/08/4901_GEL-DE-BANO-Y-DUCHA-SALES-MARINAS-750ml-AGRADO_NE-2.png" />
	<meta property="og:image:width" content="800" />
	<meta property="og:image:height" content="800" />
	<meta property="og:image:type" content="image/png" />
<meta name="twitter:card" content="summary_large_image" />
<script type="application/ld+json" class="yoast-schema-graph">{"@context":"https:\/\/schema.org","@graph":[{"@type":"WebPage","@id":"https:\/\/agradocosmetic.com\/producto\/gel-bano-ducha-sales-minerales\/","url":"https:\/\/agradocosmetic.com\/producto\/gel-bano-ducha-sales-minerales\/","name":"Gel de Ducha Sales Marinas - Agrado","isPartOf":{"@id":"https:\/\/agradocosmetic.com\/#website"},"primaryImageOfPage":{"@id":"https:\/\/agradocosmetic.com\/producto\/gel-bano-ducha-sales-minerales\/#primaryimage"},"image":{"@id":"https:\/\/agradocosmetic.com\/producto\/gel-bano-ducha-sales-minerales\/#primaryimage"},"thumbnailUrl":"https:\/\/agradocosmetic.com\/wp-content\/uploads\/2023\/08\/4901_GEL-DE-BANO-Y-DUCHA-SALES-MARINAS-750ml-AGRADO_NE-2.png","datePublished":"2023-08-18T12:31:40+00:00","dateModified":"2023-11-13T16:01:16+00:00","breadcrumb":{"@id":"https:\/\/agradocosmetic.com\/producto\/gel-bano-ducha-sales-minerales\/#breadcrumb"},"inLanguage":"fr-FR","potentialAction":[{"@type":"ReadAction","target":["https:\/\/agradocosmetic.com\/producto\/gel-bano-ducha-sales-minerales\/"]}]},{"@type":"ImageObject","inLanguage":"fr-FR","@id":"https:\/\/agradocosmetic.com\/producto\/gel-bano-ducha-sales-minerales\/#primaryimage","url":"https:\/\/agradocosmetic.com\/wp-content\/uploads\/2023\/08\/4901_GEL-DE-BANO-Y-DUCHA-SALES-MARINAS-750ml-AGRADO_NE-2.png","contentUrl":"https:\/\/agradocosmetic.com\/wp-content\/uploads\/2023\/08\/4901_GEL-DE-BANO-Y-DUCHA-SALES-MARINAS-750ml-AGRADO_NE-2.png","width":800,"height":800},{"@type":"BreadcrumbList","@id":"https:\/\/agradocosmetic.com\/producto\/gel-bano-ducha-sales-minerales\/#breadcrumb","itemListElement":[{"@type":"ListItem","position":1,"name":"Portada","item":"https:\/\/agradocosmetic.com\/"},{"@type":"ListItem","position":2,"name":"Productos","item":"https:\/\/agradocosmetic.com\/pt\/producto\/"},{"@type":"ListItem","position":3,"name":"Gel de Ducha Sales Marinas"}]},{"@type":"WebSite","@id":"https:\/\/agradocosmetic.com\/#website","url":"https:\/\/agradocosmetic.com\/","name":"Agrado","description":"Cosmetic","publisher":{"@id":"https:\/\/agradocosmetic.com\/#organization"},"potentialAction":[{"@type":"SearchAction","target":{"@type":"EntryPoint","urlTemplate":"https:\/\/agradocosmetic.com\/?s={search_term_string}"},"query-input":{"@type":"PropertyValueSpecification","valueRequired":true,"valueName":"search_term_string"}}],"inLanguage":"fr-FR"},{"@type":"Organization","@id":"https:\/\/agradocosmetic.com\/#organization","name":"Agrado","url":"https:\/\/agradocosmetic.com\/","logo":{"@type":"ImageObject","inLanguage":"fr-FR","@id":"https:\/\/agradocosmetic.com\/#\/schema\/logo\/image\/","url":"https:\/\/agradocosmetic.com\/wp-content\/uploads\/2023\/07\/LOGO-AGRADO-WEB-01.png","contentUrl":"https:\/\/agradocosmetic.com\/wp-content\/uploads\/2023\/07\/LOGO-AGRADO-WEB-01.png","width":1632,"height":300,"caption":"Agrado"},"image":{"@id":"https:\/\/agradocosmetic.com\/#\/schema\/logo\/image\/"}}]}</script>
<!-- / Yoast SEO plugin. -->

El Gel de Ducha Sales Minerales de AGRADO es un formato familiar apto para todo tipo de pieles y su higiene diaria. Formulado con Sales Minerales y un aroma clásico y agradable. Ideal para uso frecuente gracias a su pH neutro. Dermatológicamente testado.

cosmétique
