{"id":404,"date":"2023-08-18T18:54:16","date_gmt":"2023-08-18T18:54:16","guid":{"rendered":"https:\/\/dev-freelancerweb.site\/?post_type=producto&#038;p=404"},"modified":"2024-09-04T11:53:02","modified_gmt":"2024-09-04T11:53:02","slug":"gel-bano-ducha-sales-minerales-2","status":"publish","type":"producto","link":"https:\/\/agradocosmetic.com\/fr\/producto\/gel-bano-ducha-sales-minerales-2\/","title":{"rendered":"Gel Bain &amp; Douche Avoine"},"content":{"rendered":"<p>Le Gel Bain et Douche aux Sels Min\u00e9raux AGRADO est un format familier adapt\u00e9 \u00e0 tous les types de peau et \u00e0 l&#039;hygi\u00e8ne quotidienne. Formul\u00e9 avec des sels min\u00e9raux et un ar\u00f4me classique et agr\u00e9able. Id\u00e9al pour un usage fr\u00e9quent gr\u00e2ce \u00e0 son pH neutre. Test\u00e9 dermatologiquement.<\/p>","protected":false},"featured_media":26779,"template":"","categoria-de-producto":[81,82,83],"class_list":["post-404","producto","type-producto","status-publish","has-post-thumbnail","hentry","categoria-de-producto-cuidado-corporal","categoria-de-producto-gel-de-bano","categoria-de-producto-xxl"],"yoast_head":"<!-- This site is optimized with the Yoast SEO plugin v27.4 - https:\/\/yoast.com\/product\/yoast-seo-wordpress\/ -->\n<title>Gel de Ducha Sales Minerales XXL - Agrado<\/title>\n<meta name=\"robots\" content=\"index, follow, max-snippet:-1, max-image-preview:large, max-video-preview:-1\" \/>\n<link rel=\"canonical\" href=\"https:\/\/agradocosmetic.com\/fr\/producto\/gel-bano-ducha-sales-minerales-2\/\" \/>\n<meta property=\"og:locale\" content=\"fr_FR\" \/>\n<meta property=\"og:type\" content=\"article\" \/>\n<meta property=\"og:title\" content=\"Gel de Ducha Sales Minerales XXL - Agrado\" \/>\n<meta property=\"og:description\" content=\"El Gel de Ba\u00f1o y Ducha Sales Minerales de AGRADO es un formato familiar apto para todo tipo de pieles y su higiene diaria. Formulado con Sales Minerales y un aroma cl\u00e1sico y agradable. Ideal para uso frecuente gracias a su pH neutro. Dermatol\u00f3gicamente testado.\" \/>\n<meta property=\"og:url\" content=\"https:\/\/agradocosmetic.com\/fr\/producto\/gel-bano-ducha-sales-minerales-2\/\" \/>\n<meta property=\"og:site_name\" content=\"Agrado\" \/>\n<meta property=\"article:modified_time\" content=\"2024-09-04T11:53:02+00:00\" \/>\n<meta property=\"og:image\" content=\"https:\/\/agradocosmetic.com\/wp-content\/uploads\/2023\/08\/5491-5.png\" \/>\n\t<meta property=\"og:image:width\" content=\"800\" \/>\n\t<meta property=\"og:image:height\" content=\"799\" \/>\n\t<meta property=\"og:image:type\" content=\"image\/png\" \/>\n<meta name=\"twitter:card\" content=\"summary_large_image\" \/>\n<meta name=\"twitter:label1\" content=\"Dur\u00e9e de lecture estim\u00e9e\" \/>\n\t<meta name=\"twitter:data1\" content=\"1 minute\" \/>\n<script type=\"application\/ld+json\" class=\"yoast-schema-graph\">{\"@context\":\"https:\\\/\\\/schema.org\",\"@graph\":[{\"@type\":\"WebPage\",\"@id\":\"https:\\\/\\\/agradocosmetic.com\\\/producto\\\/gel-bano-ducha-sales-minerales-2\\\/\",\"url\":\"https:\\\/\\\/agradocosmetic.com\\\/producto\\\/gel-bano-ducha-sales-minerales-2\\\/\",\"name\":\"Gel de Ducha Sales Minerales XXL - Agrado\",\"isPartOf\":{\"@id\":\"https:\\\/\\\/agradocosmetic.com\\\/#website\"},\"primaryImageOfPage\":{\"@id\":\"https:\\\/\\\/agradocosmetic.com\\\/producto\\\/gel-bano-ducha-sales-minerales-2\\\/#primaryimage\"},\"image\":{\"@id\":\"https:\\\/\\\/agradocosmetic.com\\\/producto\\\/gel-bano-ducha-sales-minerales-2\\\/#primaryimage\"},\"thumbnailUrl\":\"https:\\\/\\\/agradocosmetic.com\\\/wp-content\\\/uploads\\\/2023\\\/08\\\/5491-5.png\",\"datePublished\":\"2023-08-18T18:54:16+00:00\",\"dateModified\":\"2024-09-04T11:53:02+00:00\",\"breadcrumb\":{\"@id\":\"https:\\\/\\\/agradocosmetic.com\\\/producto\\\/gel-bano-ducha-sales-minerales-2\\\/#breadcrumb\"},\"inLanguage\":\"fr-FR\",\"potentialAction\":[{\"@type\":\"ReadAction\",\"target\":[\"https:\\\/\\\/agradocosmetic.com\\\/producto\\\/gel-bano-ducha-sales-minerales-2\\\/\"]}]},{\"@type\":\"ImageObject\",\"inLanguage\":\"fr-FR\",\"@id\":\"https:\\\/\\\/agradocosmetic.com\\\/producto\\\/gel-bano-ducha-sales-minerales-2\\\/#primaryimage\",\"url\":\"https:\\\/\\\/agradocosmetic.com\\\/wp-content\\\/uploads\\\/2023\\\/08\\\/5491-5.png\",\"contentUrl\":\"https:\\\/\\\/agradocosmetic.com\\\/wp-content\\\/uploads\\\/2023\\\/08\\\/5491-5.png\",\"width\":800,\"height\":799},{\"@type\":\"BreadcrumbList\",\"@id\":\"https:\\\/\\\/agradocosmetic.com\\\/producto\\\/gel-bano-ducha-sales-minerales-2\\\/#breadcrumb\",\"itemListElement\":[{\"@type\":\"ListItem\",\"position\":1,\"name\":\"Portada\",\"item\":\"https:\\\/\\\/agradocosmetic.com\\\/\"},{\"@type\":\"ListItem\",\"position\":2,\"name\":\"Productos\",\"item\":\"https:\\\/\\\/agradocosmetic.com\\\/pt\\\/producto\\\/\"},{\"@type\":\"ListItem\",\"position\":3,\"name\":\"Gel de Ducha Sales Minerales XXL\"}]},{\"@type\":\"WebSite\",\"@id\":\"https:\\\/\\\/agradocosmetic.com\\\/#website\",\"url\":\"https:\\\/\\\/agradocosmetic.com\\\/\",\"name\":\"Agrado\",\"description\":\"Cosmetic\",\"publisher\":{\"@id\":\"https:\\\/\\\/agradocosmetic.com\\\/#organization\"},\"potentialAction\":[{\"@type\":\"SearchAction\",\"target\":{\"@type\":\"EntryPoint\",\"urlTemplate\":\"https:\\\/\\\/agradocosmetic.com\\\/?s={search_term_string}\"},\"query-input\":{\"@type\":\"PropertyValueSpecification\",\"valueRequired\":true,\"valueName\":\"search_term_string\"}}],\"inLanguage\":\"fr-FR\"},{\"@type\":\"Organization\",\"@id\":\"https:\\\/\\\/agradocosmetic.com\\\/#organization\",\"name\":\"Agrado\",\"url\":\"https:\\\/\\\/agradocosmetic.com\\\/\",\"logo\":{\"@type\":\"ImageObject\",\"inLanguage\":\"fr-FR\",\"@id\":\"https:\\\/\\\/agradocosmetic.com\\\/#\\\/schema\\\/logo\\\/image\\\/\",\"url\":\"https:\\\/\\\/agradocosmetic.com\\\/wp-content\\\/uploads\\\/2023\\\/07\\\/LOGO-AGRADO-WEB-01.png\",\"contentUrl\":\"https:\\\/\\\/agradocosmetic.com\\\/wp-content\\\/uploads\\\/2023\\\/07\\\/LOGO-AGRADO-WEB-01.png\",\"width\":1632,\"height\":300,\"caption\":\"Agrado\"},\"image\":{\"@id\":\"https:\\\/\\\/agradocosmetic.com\\\/#\\\/schema\\\/logo\\\/image\\\/\"}}]}<\/script>\n<!-- \/ Yoast SEO plugin. -->","yoast_head_json":{"title":"Gel Douche Aux Sels Min\u00e9raux XXL - Agrado","robots":{"index":"index","follow":"follow","max-snippet":"max-snippet:-1","max-image-preview":"max-image-preview:large","max-video-preview":"max-video-preview:-1"},"canonical":"https:\/\/agradocosmetic.com\/fr\/producto\/gel-bano-ducha-sales-minerales-2\/","og_locale":"fr_FR","og_type":"article","og_title":"Gel de Ducha Sales Minerales XXL - Agrado","og_description":"El Gel de Ba\u00f1o y Ducha Sales Minerales de AGRADO es un formato familiar apto para todo tipo de pieles y su higiene diaria. Formulado con Sales Minerales y un aroma cl\u00e1sico y agradable. Ideal para uso frecuente gracias a su pH neutro. Dermatol\u00f3gicamente testado.","og_url":"https:\/\/agradocosmetic.com\/fr\/producto\/gel-bano-ducha-sales-minerales-2\/","og_site_name":"Agrado","article_modified_time":"2024-09-04T11:53:02+00:00","og_image":[{"width":800,"height":799,"url":"https:\/\/agradocosmetic.com\/wp-content\/uploads\/2023\/08\/5491-5.png","type":"image\/png"}],"twitter_card":"summary_large_image","twitter_misc":{"Dur\u00e9e de lecture estim\u00e9e":"1 minute"},"schema":{"@context":"https:\/\/schema.org","@graph":[{"@type":"WebPage","@id":"https:\/\/agradocosmetic.com\/producto\/gel-bano-ducha-sales-minerales-2\/","url":"https:\/\/agradocosmetic.com\/producto\/gel-bano-ducha-sales-minerales-2\/","name":"Gel Douche Aux Sels Min\u00e9raux XXL - Agrado","isPartOf":{"@id":"https:\/\/agradocosmetic.com\/#website"},"primaryImageOfPage":{"@id":"https:\/\/agradocosmetic.com\/producto\/gel-bano-ducha-sales-minerales-2\/#primaryimage"},"image":{"@id":"https:\/\/agradocosmetic.com\/producto\/gel-bano-ducha-sales-minerales-2\/#primaryimage"},"thumbnailUrl":"https:\/\/agradocosmetic.com\/wp-content\/uploads\/2023\/08\/5491-5.png","datePublished":"2023-08-18T18:54:16+00:00","dateModified":"2024-09-04T11:53:02+00:00","breadcrumb":{"@id":"https:\/\/agradocosmetic.com\/producto\/gel-bano-ducha-sales-minerales-2\/#breadcrumb"},"inLanguage":"fr-FR","potentialAction":[{"@type":"ReadAction","target":["https:\/\/agradocosmetic.com\/producto\/gel-bano-ducha-sales-minerales-2\/"]}]},{"@type":"ImageObject","inLanguage":"fr-FR","@id":"https:\/\/agradocosmetic.com\/producto\/gel-bano-ducha-sales-minerales-2\/#primaryimage","url":"https:\/\/agradocosmetic.com\/wp-content\/uploads\/2023\/08\/5491-5.png","contentUrl":"https:\/\/agradocosmetic.com\/wp-content\/uploads\/2023\/08\/5491-5.png","width":800,"height":799},{"@type":"BreadcrumbList","@id":"https:\/\/agradocosmetic.com\/producto\/gel-bano-ducha-sales-minerales-2\/#breadcrumb","itemListElement":[{"@type":"ListItem","position":1,"name":"Portada","item":"https:\/\/agradocosmetic.com\/"},{"@type":"ListItem","position":2,"name":"Productos","item":"https:\/\/agradocosmetic.com\/pt\/producto\/"},{"@type":"ListItem","position":3,"name":"Gel de Ducha Sales Minerales XXL"}]},{"@type":"WebSite","@id":"https:\/\/agradocosmetic.com\/#website","url":"https:\/\/agradocosmetic.com\/","name":"Aimer","description":"cosm\u00e9tique","publisher":{"@id":"https:\/\/agradocosmetic.com\/#organization"},"potentialAction":[{"@type":"SearchAction","target":{"@type":"EntryPoint","urlTemplate":"https:\/\/agradocosmetic.com\/?s={search_term_string}"},"query-input":{"@type":"PropertyValueSpecification","valueRequired":true,"valueName":"search_term_string"}}],"inLanguage":"fr-FR"},{"@type":"Organization","@id":"https:\/\/agradocosmetic.com\/#organization","name":"Aimer","url":"https:\/\/agradocosmetic.com\/","logo":{"@type":"ImageObject","inLanguage":"fr-FR","@id":"https:\/\/agradocosmetic.com\/#\/schema\/logo\/image\/","url":"https:\/\/agradocosmetic.com\/wp-content\/uploads\/2023\/07\/LOGO-AGRADO-WEB-01.png","contentUrl":"https:\/\/agradocosmetic.com\/wp-content\/uploads\/2023\/07\/LOGO-AGRADO-WEB-01.png","width":1632,"height":300,"caption":"Agrado"},"image":{"@id":"https:\/\/agradocosmetic.com\/#\/schema\/logo\/image\/"}}]}},"_links":{"self":[{"href":"https:\/\/agradocosmetic.com\/fr\/wp-json\/wp\/v2\/producto\/404","targetHints":{"allow":["GET"]}}],"collection":[{"href":"https:\/\/agradocosmetic.com\/fr\/wp-json\/wp\/v2\/producto"}],"about":[{"href":"https:\/\/agradocosmetic.com\/fr\/wp-json\/wp\/v2\/types\/producto"}],"wp:featuredmedia":[{"embeddable":true,"href":"https:\/\/agradocosmetic.com\/fr\/wp-json\/wp\/v2\/media\/26779"}],"wp:attachment":[{"href":"https:\/\/agradocosmetic.com\/fr\/wp-json\/wp\/v2\/media?parent=404"}],"wp:term":[{"taxonomy":"categoria-de-producto","embeddable":true,"href":"https:\/\/agradocosmetic.com\/fr\/wp-json\/wp\/v2\/categoria-de-producto?post=404"}],"curies":[{"name":"wp","href":"https:\/\/api.w.org\/{rel}","templated":true}]}}

<p>Le Gel Bain et Douche aux Sels Minéraux AGRADO est un format familier adapté à tous les types de peau et à l&#039;hygiène quotidienne. Formulé avec des sels minéraux et un arôme classique et agréable. Idéal pour un usage fréquent grâce à son pH neutre. Testé dermatologiquement.</p>

<!-- This site is optimized with the Yoast SEO plugin v27.4 - https://yoast.com/product/yoast-seo-wordpress/ -->
<title>Gel de Ducha Sales Minerales XXL - Agrado</title>
<meta name="robots" content="index, follow, max-snippet:-1, max-image-preview:large, max-video-preview:-1" />
<link rel="canonical" href="https://agradocosmetic.com/fr/producto/gel-bano-ducha-sales-minerales-2/" />
<meta property="og:locale" content="fr_FR" />
<meta property="og:type" content="article" />
<meta property="og:title" content="Gel de Ducha Sales Minerales XXL - Agrado" />
<meta property="og:description" content="El Gel de Baño y Ducha Sales Minerales de AGRADO es un formato familiar apto para todo tipo de pieles y su higiene diaria. Formulado con Sales Minerales y un aroma clásico y agradable. Ideal para uso frecuente gracias a su pH neutro. Dermatológicamente testado." />
<meta property="og:url" content="https://agradocosmetic.com/fr/producto/gel-bano-ducha-sales-minerales-2/" />
<meta property="og:site_name" content="Agrado" />
<meta property="article:modified_time" content="2024-09-04T11:53:02+00:00" />
<meta property="og:image" content="https://agradocosmetic.com/wp-content/uploads/2023/08/5491-5.png" />
	<meta property="og:image:width" content="800" />
	<meta property="og:image:height" content="799" />
	<meta property="og:image:type" content="image/png" />
<meta name="twitter:card" content="summary_large_image" />
<meta name="twitter:label1" content="Durée de lecture estimée" />
	<meta name="twitter:data1" content="1 minute" />
<script type="application/ld+json" class="yoast-schema-graph">{"@context":"https:\/\/schema.org","@graph":[{"@type":"WebPage","@id":"https:\/\/agradocosmetic.com\/producto\/gel-bano-ducha-sales-minerales-2\/","url":"https:\/\/agradocosmetic.com\/producto\/gel-bano-ducha-sales-minerales-2\/","name":"Gel de Ducha Sales Minerales XXL - Agrado","isPartOf":{"@id":"https:\/\/agradocosmetic.com\/#website"},"primaryImageOfPage":{"@id":"https:\/\/agradocosmetic.com\/producto\/gel-bano-ducha-sales-minerales-2\/#primaryimage"},"image":{"@id":"https:\/\/agradocosmetic.com\/producto\/gel-bano-ducha-sales-minerales-2\/#primaryimage"},"thumbnailUrl":"https:\/\/agradocosmetic.com\/wp-content\/uploads\/2023\/08\/5491-5.png","datePublished":"2023-08-18T18:54:16+00:00","dateModified":"2024-09-04T11:53:02+00:00","breadcrumb":{"@id":"https:\/\/agradocosmetic.com\/producto\/gel-bano-ducha-sales-minerales-2\/#breadcrumb"},"inLanguage":"fr-FR","potentialAction":[{"@type":"ReadAction","target":["https:\/\/agradocosmetic.com\/producto\/gel-bano-ducha-sales-minerales-2\/"]}]},{"@type":"ImageObject","inLanguage":"fr-FR","@id":"https:\/\/agradocosmetic.com\/producto\/gel-bano-ducha-sales-minerales-2\/#primaryimage","url":"https:\/\/agradocosmetic.com\/wp-content\/uploads\/2023\/08\/5491-5.png","contentUrl":"https:\/\/agradocosmetic.com\/wp-content\/uploads\/2023\/08\/5491-5.png","width":800,"height":799},{"@type":"BreadcrumbList","@id":"https:\/\/agradocosmetic.com\/producto\/gel-bano-ducha-sales-minerales-2\/#breadcrumb","itemListElement":[{"@type":"ListItem","position":1,"name":"Portada","item":"https:\/\/agradocosmetic.com\/"},{"@type":"ListItem","position":2,"name":"Productos","item":"https:\/\/agradocosmetic.com\/pt\/producto\/"},{"@type":"ListItem","position":3,"name":"Gel de Ducha Sales Minerales XXL"}]},{"@type":"WebSite","@id":"https:\/\/agradocosmetic.com\/#website","url":"https:\/\/agradocosmetic.com\/","name":"Agrado","description":"Cosmetic","publisher":{"@id":"https:\/\/agradocosmetic.com\/#organization"},"potentialAction":[{"@type":"SearchAction","target":{"@type":"EntryPoint","urlTemplate":"https:\/\/agradocosmetic.com\/?s={search_term_string}"},"query-input":{"@type":"PropertyValueSpecification","valueRequired":true,"valueName":"search_term_string"}}],"inLanguage":"fr-FR"},{"@type":"Organization","@id":"https:\/\/agradocosmetic.com\/#organization","name":"Agrado","url":"https:\/\/agradocosmetic.com\/","logo":{"@type":"ImageObject","inLanguage":"fr-FR","@id":"https:\/\/agradocosmetic.com\/#\/schema\/logo\/image\/","url":"https:\/\/agradocosmetic.com\/wp-content\/uploads\/2023\/07\/LOGO-AGRADO-WEB-01.png","contentUrl":"https:\/\/agradocosmetic.com\/wp-content\/uploads\/2023\/07\/LOGO-AGRADO-WEB-01.png","width":1632,"height":300,"caption":"Agrado"},"image":{"@id":"https:\/\/agradocosmetic.com\/#\/schema\/logo\/image\/"}}]}</script>
<!-- / Yoast SEO plugin. -->

Gel Douche Aux Sels Minéraux XXL - Agrado

El Gel de Baño y Ducha Sales Minerales de AGRADO es un formato familiar apto para todo tipo de pieles y su higiene diaria. Formulado con Sales Minerales y un aroma clásico y agradable. Ideal para uso frecuente gracias a su pH neutro. Dermatológicamente testado.

cosmétique
