{"id":431,"date":"2023-08-19T19:56:29","date_gmt":"2023-08-19T19:56:29","guid":{"rendered":"https:\/\/dev-freelancerweb.site\/?post_type=producto&#038;p=431"},"modified":"2026-02-03T15:59:28","modified_gmt":"2026-02-03T14:59:28","slug":"agua-micelar-desmaquillante","status":"publish","type":"producto","link":"https:\/\/agradocosmetic.com\/fr\/producto\/agua-micelar-desmaquillante\/","title":{"rendered":"Eau micellaire nettoyante Hydra+"},"content":{"rendered":"<p>Gr\u00e2ce \u00e0 son triple effet, l\u2019eau micellaire d\u00e9maquillante AGRADO simplifie le nettoyage du visage au quotidien. En un seul geste, elle nettoie, d\u00e9maquille et tonifie la peau. Sa formule est test\u00e9e sous contr\u00f4le dermatologique et ophtalmologique, ce qui en fait l\u2019alli\u00e9 parfait pour le d\u00e9maquillage du contour des yeux. Convient aux peaux sensibles.<\/p>","protected":false},"featured_media":28729,"template":"","categoria-de-producto":[789,783,77,78,79],"class_list":["post-431","producto","type-producto","status-publish","has-post-thumbnail","hentry","categoria-de-producto-hidratacion","categoria-de-producto-hyaluronic","categoria-de-producto-cuidado-facial","categoria-de-producto-limpieza-facial","categoria-de-producto-desmaquillante"],"yoast_head":"<!-- This site is optimized with the Yoast SEO plugin v27.4 - https:\/\/yoast.com\/product\/yoast-seo-wordpress\/ -->\n<title>Agua Micelar Desmaquillante Hidra+ - Agrado<\/title>\n<meta name=\"robots\" content=\"index, follow, max-snippet:-1, max-image-preview:large, max-video-preview:-1\" \/>\n<link rel=\"canonical\" href=\"https:\/\/agradocosmetic.com\/fr\/producto\/agua-micelar-desmaquillante\/\" \/>\n<meta property=\"og:locale\" content=\"fr_FR\" \/>\n<meta property=\"og:type\" content=\"article\" \/>\n<meta property=\"og:title\" content=\"Agua Micelar Desmaquillante Hidra+ - Agrado\" \/>\n<meta property=\"og:description\" content=\"Gracias a su triple efecto, el Agua Micelar desmaquillante AGRADO simplifica la limpieza facial diaria. En un solo gesto limpia, desmaquilla y tonifica la piel. Su f\u00f3rmula est\u00e1 dermatol\u00f3gica y oftamol\u00f3gicamente testada, por lo que adem\u00e1s es un aliado perfecto para desmaquillar la zona de los ojos. Es apta para pieles sensibles.\" \/>\n<meta property=\"og:url\" content=\"https:\/\/agradocosmetic.com\/fr\/producto\/agua-micelar-desmaquillante\/\" \/>\n<meta property=\"og:site_name\" content=\"Agrado\" \/>\n<meta property=\"article:modified_time\" content=\"2026-02-03T14:59:28+00:00\" \/>\n<meta property=\"og:image\" content=\"https:\/\/agradocosmetic.com\/wp-content\/uploads\/2023\/08\/30006030-AGRADO-AGUA-MICELAR-DESMAQ-250ml-scaled.webp\" \/>\n\t<meta property=\"og:image:width\" content=\"2560\" \/>\n\t<meta property=\"og:image:height\" content=\"2560\" \/>\n\t<meta property=\"og:image:type\" content=\"image\/webp\" \/>\n<meta name=\"twitter:card\" content=\"summary_large_image\" \/>\n<meta name=\"twitter:label1\" content=\"Dur\u00e9e de lecture estim\u00e9e\" \/>\n\t<meta name=\"twitter:data1\" content=\"1 minute\" \/>\n<script type=\"application\/ld+json\" class=\"yoast-schema-graph\">{\"@context\":\"https:\\\/\\\/schema.org\",\"@graph\":[{\"@type\":\"WebPage\",\"@id\":\"https:\\\/\\\/agradocosmetic.com\\\/producto\\\/agua-micelar-desmaquillante\\\/\",\"url\":\"https:\\\/\\\/agradocosmetic.com\\\/producto\\\/agua-micelar-desmaquillante\\\/\",\"name\":\"Agua Micelar Desmaquillante Hidra+ - Agrado\",\"isPartOf\":{\"@id\":\"https:\\\/\\\/agradocosmetic.com\\\/#website\"},\"primaryImageOfPage\":{\"@id\":\"https:\\\/\\\/agradocosmetic.com\\\/producto\\\/agua-micelar-desmaquillante\\\/#primaryimage\"},\"image\":{\"@id\":\"https:\\\/\\\/agradocosmetic.com\\\/producto\\\/agua-micelar-desmaquillante\\\/#primaryimage\"},\"thumbnailUrl\":\"https:\\\/\\\/agradocosmetic.com\\\/wp-content\\\/uploads\\\/2023\\\/08\\\/30006030-AGRADO-AGUA-MICELAR-DESMAQ-250ml-scaled.webp\",\"datePublished\":\"2023-08-19T19:56:29+00:00\",\"dateModified\":\"2026-02-03T14:59:28+00:00\",\"breadcrumb\":{\"@id\":\"https:\\\/\\\/agradocosmetic.com\\\/producto\\\/agua-micelar-desmaquillante\\\/#breadcrumb\"},\"inLanguage\":\"fr-FR\",\"potentialAction\":[{\"@type\":\"ReadAction\",\"target\":[\"https:\\\/\\\/agradocosmetic.com\\\/producto\\\/agua-micelar-desmaquillante\\\/\"]}]},{\"@type\":\"ImageObject\",\"inLanguage\":\"fr-FR\",\"@id\":\"https:\\\/\\\/agradocosmetic.com\\\/producto\\\/agua-micelar-desmaquillante\\\/#primaryimage\",\"url\":\"https:\\\/\\\/agradocosmetic.com\\\/wp-content\\\/uploads\\\/2023\\\/08\\\/30006030-AGRADO-AGUA-MICELAR-DESMAQ-250ml-scaled.webp\",\"contentUrl\":\"https:\\\/\\\/agradocosmetic.com\\\/wp-content\\\/uploads\\\/2023\\\/08\\\/30006030-AGRADO-AGUA-MICELAR-DESMAQ-250ml-scaled.webp\",\"width\":2560,\"height\":2560},{\"@type\":\"BreadcrumbList\",\"@id\":\"https:\\\/\\\/agradocosmetic.com\\\/producto\\\/agua-micelar-desmaquillante\\\/#breadcrumb\",\"itemListElement\":[{\"@type\":\"ListItem\",\"position\":1,\"name\":\"Portada\",\"item\":\"https:\\\/\\\/agradocosmetic.com\\\/\"},{\"@type\":\"ListItem\",\"position\":2,\"name\":\"Productos\",\"item\":\"https:\\\/\\\/agradocosmetic.com\\\/pt\\\/producto\\\/\"},{\"@type\":\"ListItem\",\"position\":3,\"name\":\"Agua Micelar Desmaquillante Hidra+\"}]},{\"@type\":\"WebSite\",\"@id\":\"https:\\\/\\\/agradocosmetic.com\\\/#website\",\"url\":\"https:\\\/\\\/agradocosmetic.com\\\/\",\"name\":\"Agrado\",\"description\":\"Cosmetic\",\"publisher\":{\"@id\":\"https:\\\/\\\/agradocosmetic.com\\\/#organization\"},\"potentialAction\":[{\"@type\":\"SearchAction\",\"target\":{\"@type\":\"EntryPoint\",\"urlTemplate\":\"https:\\\/\\\/agradocosmetic.com\\\/?s={search_term_string}\"},\"query-input\":{\"@type\":\"PropertyValueSpecification\",\"valueRequired\":true,\"valueName\":\"search_term_string\"}}],\"inLanguage\":\"fr-FR\"},{\"@type\":\"Organization\",\"@id\":\"https:\\\/\\\/agradocosmetic.com\\\/#organization\",\"name\":\"Agrado\",\"url\":\"https:\\\/\\\/agradocosmetic.com\\\/\",\"logo\":{\"@type\":\"ImageObject\",\"inLanguage\":\"fr-FR\",\"@id\":\"https:\\\/\\\/agradocosmetic.com\\\/#\\\/schema\\\/logo\\\/image\\\/\",\"url\":\"https:\\\/\\\/agradocosmetic.com\\\/wp-content\\\/uploads\\\/2023\\\/07\\\/LOGO-AGRADO-WEB-01.png\",\"contentUrl\":\"https:\\\/\\\/agradocosmetic.com\\\/wp-content\\\/uploads\\\/2023\\\/07\\\/LOGO-AGRADO-WEB-01.png\",\"width\":1632,\"height\":300,\"caption\":\"Agrado\"},\"image\":{\"@id\":\"https:\\\/\\\/agradocosmetic.com\\\/#\\\/schema\\\/logo\\\/image\\\/\"}}]}<\/script>\n<!-- \/ Yoast SEO plugin. -->","yoast_head_json":{"title":"Agua Micelar Desmaquillante Hidra+ - Agrado","robots":{"index":"index","follow":"follow","max-snippet":"max-snippet:-1","max-image-preview":"max-image-preview:large","max-video-preview":"max-video-preview:-1"},"canonical":"https:\/\/agradocosmetic.com\/fr\/producto\/agua-micelar-desmaquillante\/","og_locale":"fr_FR","og_type":"article","og_title":"Agua Micelar Desmaquillante Hidra+ - Agrado","og_description":"Gracias a su triple efecto, el Agua Micelar desmaquillante AGRADO simplifica la limpieza facial diaria. En un solo gesto limpia, desmaquilla y tonifica la piel. Su f\u00f3rmula est\u00e1 dermatol\u00f3gica y oftamol\u00f3gicamente testada, por lo que adem\u00e1s es un aliado perfecto para desmaquillar la zona de los ojos. Es apta para pieles sensibles.","og_url":"https:\/\/agradocosmetic.com\/fr\/producto\/agua-micelar-desmaquillante\/","og_site_name":"Agrado","article_modified_time":"2026-02-03T14:59:28+00:00","og_image":[{"width":2560,"height":2560,"url":"https:\/\/agradocosmetic.com\/wp-content\/uploads\/2023\/08\/30006030-AGRADO-AGUA-MICELAR-DESMAQ-250ml-scaled.webp","type":"image\/webp"}],"twitter_card":"summary_large_image","twitter_misc":{"Dur\u00e9e de lecture estim\u00e9e":"1 minute"},"schema":{"@context":"https:\/\/schema.org","@graph":[{"@type":"WebPage","@id":"https:\/\/agradocosmetic.com\/producto\/agua-micelar-desmaquillante\/","url":"https:\/\/agradocosmetic.com\/producto\/agua-micelar-desmaquillante\/","name":"Agua Micelar Desmaquillante Hidra+ - Agrado","isPartOf":{"@id":"https:\/\/agradocosmetic.com\/#website"},"primaryImageOfPage":{"@id":"https:\/\/agradocosmetic.com\/producto\/agua-micelar-desmaquillante\/#primaryimage"},"image":{"@id":"https:\/\/agradocosmetic.com\/producto\/agua-micelar-desmaquillante\/#primaryimage"},"thumbnailUrl":"https:\/\/agradocosmetic.com\/wp-content\/uploads\/2023\/08\/30006030-AGRADO-AGUA-MICELAR-DESMAQ-250ml-scaled.webp","datePublished":"2023-08-19T19:56:29+00:00","dateModified":"2026-02-03T14:59:28+00:00","breadcrumb":{"@id":"https:\/\/agradocosmetic.com\/producto\/agua-micelar-desmaquillante\/#breadcrumb"},"inLanguage":"fr-FR","potentialAction":[{"@type":"ReadAction","target":["https:\/\/agradocosmetic.com\/producto\/agua-micelar-desmaquillante\/"]}]},{"@type":"ImageObject","inLanguage":"fr-FR","@id":"https:\/\/agradocosmetic.com\/producto\/agua-micelar-desmaquillante\/#primaryimage","url":"https:\/\/agradocosmetic.com\/wp-content\/uploads\/2023\/08\/30006030-AGRADO-AGUA-MICELAR-DESMAQ-250ml-scaled.webp","contentUrl":"https:\/\/agradocosmetic.com\/wp-content\/uploads\/2023\/08\/30006030-AGRADO-AGUA-MICELAR-DESMAQ-250ml-scaled.webp","width":2560,"height":2560},{"@type":"BreadcrumbList","@id":"https:\/\/agradocosmetic.com\/producto\/agua-micelar-desmaquillante\/#breadcrumb","itemListElement":[{"@type":"ListItem","position":1,"name":"Portada","item":"https:\/\/agradocosmetic.com\/"},{"@type":"ListItem","position":2,"name":"Productos","item":"https:\/\/agradocosmetic.com\/pt\/producto\/"},{"@type":"ListItem","position":3,"name":"Agua Micelar Desmaquillante Hidra+"}]},{"@type":"WebSite","@id":"https:\/\/agradocosmetic.com\/#website","url":"https:\/\/agradocosmetic.com\/","name":"Aimer","description":"cosm\u00e9tique","publisher":{"@id":"https:\/\/agradocosmetic.com\/#organization"},"potentialAction":[{"@type":"SearchAction","target":{"@type":"EntryPoint","urlTemplate":"https:\/\/agradocosmetic.com\/?s={search_term_string}"},"query-input":{"@type":"PropertyValueSpecification","valueRequired":true,"valueName":"search_term_string"}}],"inLanguage":"fr-FR"},{"@type":"Organization","@id":"https:\/\/agradocosmetic.com\/#organization","name":"Aimer","url":"https:\/\/agradocosmetic.com\/","logo":{"@type":"ImageObject","inLanguage":"fr-FR","@id":"https:\/\/agradocosmetic.com\/#\/schema\/logo\/image\/","url":"https:\/\/agradocosmetic.com\/wp-content\/uploads\/2023\/07\/LOGO-AGRADO-WEB-01.png","contentUrl":"https:\/\/agradocosmetic.com\/wp-content\/uploads\/2023\/07\/LOGO-AGRADO-WEB-01.png","width":1632,"height":300,"caption":"Agrado"},"image":{"@id":"https:\/\/agradocosmetic.com\/#\/schema\/logo\/image\/"}}]}},"_links":{"self":[{"href":"https:\/\/agradocosmetic.com\/fr\/wp-json\/wp\/v2\/producto\/431","targetHints":{"allow":["GET"]}}],"collection":[{"href":"https:\/\/agradocosmetic.com\/fr\/wp-json\/wp\/v2\/producto"}],"about":[{"href":"https:\/\/agradocosmetic.com\/fr\/wp-json\/wp\/v2\/types\/producto"}],"wp:featuredmedia":[{"embeddable":true,"href":"https:\/\/agradocosmetic.com\/fr\/wp-json\/wp\/v2\/media\/28729"}],"wp:attachment":[{"href":"https:\/\/agradocosmetic.com\/fr\/wp-json\/wp\/v2\/media?parent=431"}],"wp:term":[{"taxonomy":"categoria-de-producto","embeddable":true,"href":"https:\/\/agradocosmetic.com\/fr\/wp-json\/wp\/v2\/categoria-de-producto?post=431"}],"curies":[{"name":"wp","href":"https:\/\/api.w.org\/{rel}","templated":true}]}}

<p>Grâce à son triple effet, l’eau micellaire démaquillante AGRADO simplifie le nettoyage du visage au quotidien. En un seul geste, elle nettoie, démaquille et tonifie la peau. Sa formule est testée sous contrôle dermatologique et ophtalmologique, ce qui en fait l’allié parfait pour le démaquillage du contour des yeux. Convient aux peaux sensibles.</p>

<!-- This site is optimized with the Yoast SEO plugin v27.4 - https://yoast.com/product/yoast-seo-wordpress/ -->
<title>Agua Micelar Desmaquillante Hidra+ - Agrado</title>
<meta name="robots" content="index, follow, max-snippet:-1, max-image-preview:large, max-video-preview:-1" />
<link rel="canonical" href="https://agradocosmetic.com/fr/producto/agua-micelar-desmaquillante/" />
<meta property="og:locale" content="fr_FR" />
<meta property="og:type" content="article" />
<meta property="og:title" content="Agua Micelar Desmaquillante Hidra+ - Agrado" />
<meta property="og:description" content="Gracias a su triple efecto, el Agua Micelar desmaquillante AGRADO simplifica la limpieza facial diaria. En un solo gesto limpia, desmaquilla y tonifica la piel. Su fórmula está dermatológica y oftamológicamente testada, por lo que además es un aliado perfecto para desmaquillar la zona de los ojos. Es apta para pieles sensibles." />
<meta property="og:url" content="https://agradocosmetic.com/fr/producto/agua-micelar-desmaquillante/" />
<meta property="og:site_name" content="Agrado" />
<meta property="article:modified_time" content="2026-02-03T14:59:28+00:00" />
<meta property="og:image" content="https://agradocosmetic.com/wp-content/uploads/2023/08/30006030-AGRADO-AGUA-MICELAR-DESMAQ-250ml-scaled.webp" />
	<meta property="og:image:width" content="2560" />
	<meta property="og:image:height" content="2560" />
	<meta property="og:image:type" content="image/webp" />
<meta name="twitter:card" content="summary_large_image" />
<meta name="twitter:label1" content="Durée de lecture estimée" />
	<meta name="twitter:data1" content="1 minute" />
<script type="application/ld+json" class="yoast-schema-graph">{"@context":"https:\/\/schema.org","@graph":[{"@type":"WebPage","@id":"https:\/\/agradocosmetic.com\/producto\/agua-micelar-desmaquillante\/","url":"https:\/\/agradocosmetic.com\/producto\/agua-micelar-desmaquillante\/","name":"Agua Micelar Desmaquillante Hidra+ - Agrado","isPartOf":{"@id":"https:\/\/agradocosmetic.com\/#website"},"primaryImageOfPage":{"@id":"https:\/\/agradocosmetic.com\/producto\/agua-micelar-desmaquillante\/#primaryimage"},"image":{"@id":"https:\/\/agradocosmetic.com\/producto\/agua-micelar-desmaquillante\/#primaryimage"},"thumbnailUrl":"https:\/\/agradocosmetic.com\/wp-content\/uploads\/2023\/08\/30006030-AGRADO-AGUA-MICELAR-DESMAQ-250ml-scaled.webp","datePublished":"2023-08-19T19:56:29+00:00","dateModified":"2026-02-03T14:59:28+00:00","breadcrumb":{"@id":"https:\/\/agradocosmetic.com\/producto\/agua-micelar-desmaquillante\/#breadcrumb"},"inLanguage":"fr-FR","potentialAction":[{"@type":"ReadAction","target":["https:\/\/agradocosmetic.com\/producto\/agua-micelar-desmaquillante\/"]}]},{"@type":"ImageObject","inLanguage":"fr-FR","@id":"https:\/\/agradocosmetic.com\/producto\/agua-micelar-desmaquillante\/#primaryimage","url":"https:\/\/agradocosmetic.com\/wp-content\/uploads\/2023\/08\/30006030-AGRADO-AGUA-MICELAR-DESMAQ-250ml-scaled.webp","contentUrl":"https:\/\/agradocosmetic.com\/wp-content\/uploads\/2023\/08\/30006030-AGRADO-AGUA-MICELAR-DESMAQ-250ml-scaled.webp","width":2560,"height":2560},{"@type":"BreadcrumbList","@id":"https:\/\/agradocosmetic.com\/producto\/agua-micelar-desmaquillante\/#breadcrumb","itemListElement":[{"@type":"ListItem","position":1,"name":"Portada","item":"https:\/\/agradocosmetic.com\/"},{"@type":"ListItem","position":2,"name":"Productos","item":"https:\/\/agradocosmetic.com\/pt\/producto\/"},{"@type":"ListItem","position":3,"name":"Agua Micelar Desmaquillante Hidra+"}]},{"@type":"WebSite","@id":"https:\/\/agradocosmetic.com\/#website","url":"https:\/\/agradocosmetic.com\/","name":"Agrado","description":"Cosmetic","publisher":{"@id":"https:\/\/agradocosmetic.com\/#organization"},"potentialAction":[{"@type":"SearchAction","target":{"@type":"EntryPoint","urlTemplate":"https:\/\/agradocosmetic.com\/?s={search_term_string}"},"query-input":{"@type":"PropertyValueSpecification","valueRequired":true,"valueName":"search_term_string"}}],"inLanguage":"fr-FR"},{"@type":"Organization","@id":"https:\/\/agradocosmetic.com\/#organization","name":"Agrado","url":"https:\/\/agradocosmetic.com\/","logo":{"@type":"ImageObject","inLanguage":"fr-FR","@id":"https:\/\/agradocosmetic.com\/#\/schema\/logo\/image\/","url":"https:\/\/agradocosmetic.com\/wp-content\/uploads\/2023\/07\/LOGO-AGRADO-WEB-01.png","contentUrl":"https:\/\/agradocosmetic.com\/wp-content\/uploads\/2023\/07\/LOGO-AGRADO-WEB-01.png","width":1632,"height":300,"caption":"Agrado"},"image":{"@id":"https:\/\/agradocosmetic.com\/#\/schema\/logo\/image\/"}}]}</script>
<!-- / Yoast SEO plugin. -->

Gracias a su triple efecto, el Agua Micelar desmaquillante AGRADO simplifica la limpieza facial diaria. En un solo gesto limpia, desmaquilla y tonifica la piel. Su fórmula está dermatológica y oftamológicamente testada, por lo que además es un aliado perfecto para desmaquillar la zona de los ojos. Es apta para pieles sensibles.

cosmétique
