{"id":432,"date":"2023-08-19T20:06:58","date_gmt":"2023-08-19T20:06:58","guid":{"rendered":"https:\/\/dev-freelancerweb.site\/?post_type=producto&#038;p=432"},"modified":"2024-02-14T17:47:43","modified_gmt":"2024-02-14T17:47:43","slug":"gel-de-bano-y-ducha-aqua-blue","status":"publish","type":"producto","link":"https:\/\/agradocosmetic.com\/fr\/producto\/gel-de-bano-y-ducha-aqua-blue\/","title":{"rendered":"Gel Bain &amp; Douche Aqua Blue"},"content":{"rendered":"<p>Le gel bain et douche Aqua Blue d\u2019AGRADO contient des parfums s\u00e9lectionn\u00e9s pour un bain exclusif aux senteurs fra\u00eeches et m\u00e9diterran\u00e9ennes. Avec des notes de t\u00eate d\u2019agrumes et de fleurs, un c\u0153ur de jasmin et de pomme, et un fond d\u2019ambre et de c\u00e8dre. D\u00e9couvrez l\u2019exp\u00e9rience Aqua Blue dans votre hygi\u00e8ne quotidienne tout en hydratant et en prenant soin de votre peau gr\u00e2ce \u00e0 sa formule au pH neutre. Test\u00e9 sous contr\u00f4le dermatologique.<\/p>","protected":false},"featured_media":24033,"template":"","categoria-de-producto":[81,82,85],"class_list":["post-432","producto","type-producto","status-publish","has-post-thumbnail","hentry","categoria-de-producto-cuidado-corporal","categoria-de-producto-gel-de-bano","categoria-de-producto-aromaticas"],"yoast_head":"<!-- This site is optimized with the Yoast SEO plugin v27.4 - https:\/\/yoast.com\/product\/yoast-seo-wordpress\/ -->\n<title>Gel de Ducha Aqua Blue - Agrado<\/title>\n<meta name=\"robots\" content=\"index, follow, max-snippet:-1, max-image-preview:large, max-video-preview:-1\" \/>\n<link rel=\"canonical\" href=\"https:\/\/agradocosmetic.com\/fr\/producto\/gel-de-bano-y-ducha-aqua-blue\/\" \/>\n<meta property=\"og:locale\" content=\"fr_FR\" \/>\n<meta property=\"og:type\" content=\"article\" \/>\n<meta property=\"og:title\" content=\"Gel de Ducha Aqua Blue - Agrado\" \/>\n<meta property=\"og:description\" content=\"El Gel de Ba\u00f1o y Ducha Aqua Blue\u00a0de AGRADO contiene perfumes seleccionados para un ba\u00f1o exclusivo de fragancia fresca\u00a0y mediterr\u00e1nea.\u00a0Con\u00a0notas de salida c\u00edtricas y florales, un coraz\u00f3n de jazm\u00edn y manzana, y\u00a0un fondo de \u00e1mbar y cedro. Descubre la experiencia Aqua Blue\u00a0en tu higiene diaria mientras hidratas y cuidas tu piel con su f\u00f3rmula de [&hellip;]\" \/>\n<meta property=\"og:url\" content=\"https:\/\/agradocosmetic.com\/fr\/producto\/gel-de-bano-y-ducha-aqua-blue\/\" \/>\n<meta property=\"og:site_name\" content=\"Agrado\" \/>\n<meta property=\"article:modified_time\" content=\"2024-02-14T17:47:43+00:00\" \/>\n<meta property=\"og:image\" content=\"https:\/\/agradocosmetic.com\/wp-content\/uploads\/2023\/08\/6050_GEL-DE-BANOO-Y-DUCHA-AQUA-BLUE-750ml-AGRADO_NE-1.png\" \/>\n\t<meta property=\"og:image:width\" content=\"800\" \/>\n\t<meta property=\"og:image:height\" content=\"800\" \/>\n\t<meta property=\"og:image:type\" content=\"image\/png\" \/>\n<meta name=\"twitter:card\" content=\"summary_large_image\" \/>\n<meta name=\"twitter:label1\" content=\"Dur\u00e9e de lecture estim\u00e9e\" \/>\n\t<meta name=\"twitter:data1\" content=\"1 minute\" \/>\n<script type=\"application\/ld+json\" class=\"yoast-schema-graph\">{\"@context\":\"https:\\\/\\\/schema.org\",\"@graph\":[{\"@type\":\"WebPage\",\"@id\":\"https:\\\/\\\/agradocosmetic.com\\\/producto\\\/gel-de-bano-y-ducha-aqua-blue\\\/\",\"url\":\"https:\\\/\\\/agradocosmetic.com\\\/producto\\\/gel-de-bano-y-ducha-aqua-blue\\\/\",\"name\":\"Gel de Ducha Aqua Blue - Agrado\",\"isPartOf\":{\"@id\":\"https:\\\/\\\/agradocosmetic.com\\\/#website\"},\"primaryImageOfPage\":{\"@id\":\"https:\\\/\\\/agradocosmetic.com\\\/producto\\\/gel-de-bano-y-ducha-aqua-blue\\\/#primaryimage\"},\"image\":{\"@id\":\"https:\\\/\\\/agradocosmetic.com\\\/producto\\\/gel-de-bano-y-ducha-aqua-blue\\\/#primaryimage\"},\"thumbnailUrl\":\"https:\\\/\\\/agradocosmetic.com\\\/wp-content\\\/uploads\\\/2023\\\/08\\\/6050_GEL-DE-BANOO-Y-DUCHA-AQUA-BLUE-750ml-AGRADO_NE-1.png\",\"datePublished\":\"2023-08-19T20:06:58+00:00\",\"dateModified\":\"2024-02-14T17:47:43+00:00\",\"breadcrumb\":{\"@id\":\"https:\\\/\\\/agradocosmetic.com\\\/producto\\\/gel-de-bano-y-ducha-aqua-blue\\\/#breadcrumb\"},\"inLanguage\":\"fr-FR\",\"potentialAction\":[{\"@type\":\"ReadAction\",\"target\":[\"https:\\\/\\\/agradocosmetic.com\\\/producto\\\/gel-de-bano-y-ducha-aqua-blue\\\/\"]}]},{\"@type\":\"ImageObject\",\"inLanguage\":\"fr-FR\",\"@id\":\"https:\\\/\\\/agradocosmetic.com\\\/producto\\\/gel-de-bano-y-ducha-aqua-blue\\\/#primaryimage\",\"url\":\"https:\\\/\\\/agradocosmetic.com\\\/wp-content\\\/uploads\\\/2023\\\/08\\\/6050_GEL-DE-BANOO-Y-DUCHA-AQUA-BLUE-750ml-AGRADO_NE-1.png\",\"contentUrl\":\"https:\\\/\\\/agradocosmetic.com\\\/wp-content\\\/uploads\\\/2023\\\/08\\\/6050_GEL-DE-BANOO-Y-DUCHA-AQUA-BLUE-750ml-AGRADO_NE-1.png\",\"width\":800,\"height\":800},{\"@type\":\"BreadcrumbList\",\"@id\":\"https:\\\/\\\/agradocosmetic.com\\\/producto\\\/gel-de-bano-y-ducha-aqua-blue\\\/#breadcrumb\",\"itemListElement\":[{\"@type\":\"ListItem\",\"position\":1,\"name\":\"Portada\",\"item\":\"https:\\\/\\\/agradocosmetic.com\\\/\"},{\"@type\":\"ListItem\",\"position\":2,\"name\":\"Productos\",\"item\":\"https:\\\/\\\/agradocosmetic.com\\\/pt\\\/producto\\\/\"},{\"@type\":\"ListItem\",\"position\":3,\"name\":\"Gel de Ducha Aqua Blue\"}]},{\"@type\":\"WebSite\",\"@id\":\"https:\\\/\\\/agradocosmetic.com\\\/#website\",\"url\":\"https:\\\/\\\/agradocosmetic.com\\\/\",\"name\":\"Agrado\",\"description\":\"Cosmetic\",\"publisher\":{\"@id\":\"https:\\\/\\\/agradocosmetic.com\\\/#organization\"},\"potentialAction\":[{\"@type\":\"SearchAction\",\"target\":{\"@type\":\"EntryPoint\",\"urlTemplate\":\"https:\\\/\\\/agradocosmetic.com\\\/?s={search_term_string}\"},\"query-input\":{\"@type\":\"PropertyValueSpecification\",\"valueRequired\":true,\"valueName\":\"search_term_string\"}}],\"inLanguage\":\"fr-FR\"},{\"@type\":\"Organization\",\"@id\":\"https:\\\/\\\/agradocosmetic.com\\\/#organization\",\"name\":\"Agrado\",\"url\":\"https:\\\/\\\/agradocosmetic.com\\\/\",\"logo\":{\"@type\":\"ImageObject\",\"inLanguage\":\"fr-FR\",\"@id\":\"https:\\\/\\\/agradocosmetic.com\\\/#\\\/schema\\\/logo\\\/image\\\/\",\"url\":\"https:\\\/\\\/agradocosmetic.com\\\/wp-content\\\/uploads\\\/2023\\\/07\\\/LOGO-AGRADO-WEB-01.png\",\"contentUrl\":\"https:\\\/\\\/agradocosmetic.com\\\/wp-content\\\/uploads\\\/2023\\\/07\\\/LOGO-AGRADO-WEB-01.png\",\"width\":1632,\"height\":300,\"caption\":\"Agrado\"},\"image\":{\"@id\":\"https:\\\/\\\/agradocosmetic.com\\\/#\\\/schema\\\/logo\\\/image\\\/\"}}]}<\/script>\n<!-- \/ Yoast SEO plugin. -->","yoast_head_json":{"title":"Gel douche Aqua Blue - Plaisir","robots":{"index":"index","follow":"follow","max-snippet":"max-snippet:-1","max-image-preview":"max-image-preview:large","max-video-preview":"max-video-preview:-1"},"canonical":"https:\/\/agradocosmetic.com\/fr\/producto\/gel-de-bano-y-ducha-aqua-blue\/","og_locale":"fr_FR","og_type":"article","og_title":"Gel de Ducha Aqua Blue - Agrado","og_description":"El Gel de Ba\u00f1o y Ducha Aqua Blue\u00a0de AGRADO contiene perfumes seleccionados para un ba\u00f1o exclusivo de fragancia fresca\u00a0y mediterr\u00e1nea.\u00a0Con\u00a0notas de salida c\u00edtricas y florales, un coraz\u00f3n de jazm\u00edn y manzana, y\u00a0un fondo de \u00e1mbar y cedro. Descubre la experiencia Aqua Blue\u00a0en tu higiene diaria mientras hidratas y cuidas tu piel con su f\u00f3rmula de [&hellip;]","og_url":"https:\/\/agradocosmetic.com\/fr\/producto\/gel-de-bano-y-ducha-aqua-blue\/","og_site_name":"Agrado","article_modified_time":"2024-02-14T17:47:43+00:00","og_image":[{"width":800,"height":800,"url":"https:\/\/agradocosmetic.com\/wp-content\/uploads\/2023\/08\/6050_GEL-DE-BANOO-Y-DUCHA-AQUA-BLUE-750ml-AGRADO_NE-1.png","type":"image\/png"}],"twitter_card":"summary_large_image","twitter_misc":{"Dur\u00e9e de lecture estim\u00e9e":"1 minute"},"schema":{"@context":"https:\/\/schema.org","@graph":[{"@type":"WebPage","@id":"https:\/\/agradocosmetic.com\/producto\/gel-de-bano-y-ducha-aqua-blue\/","url":"https:\/\/agradocosmetic.com\/producto\/gel-de-bano-y-ducha-aqua-blue\/","name":"Gel douche Aqua Blue - Plaisir","isPartOf":{"@id":"https:\/\/agradocosmetic.com\/#website"},"primaryImageOfPage":{"@id":"https:\/\/agradocosmetic.com\/producto\/gel-de-bano-y-ducha-aqua-blue\/#primaryimage"},"image":{"@id":"https:\/\/agradocosmetic.com\/producto\/gel-de-bano-y-ducha-aqua-blue\/#primaryimage"},"thumbnailUrl":"https:\/\/agradocosmetic.com\/wp-content\/uploads\/2023\/08\/6050_GEL-DE-BANOO-Y-DUCHA-AQUA-BLUE-750ml-AGRADO_NE-1.png","datePublished":"2023-08-19T20:06:58+00:00","dateModified":"2024-02-14T17:47:43+00:00","breadcrumb":{"@id":"https:\/\/agradocosmetic.com\/producto\/gel-de-bano-y-ducha-aqua-blue\/#breadcrumb"},"inLanguage":"fr-FR","potentialAction":[{"@type":"ReadAction","target":["https:\/\/agradocosmetic.com\/producto\/gel-de-bano-y-ducha-aqua-blue\/"]}]},{"@type":"ImageObject","inLanguage":"fr-FR","@id":"https:\/\/agradocosmetic.com\/producto\/gel-de-bano-y-ducha-aqua-blue\/#primaryimage","url":"https:\/\/agradocosmetic.com\/wp-content\/uploads\/2023\/08\/6050_GEL-DE-BANOO-Y-DUCHA-AQUA-BLUE-750ml-AGRADO_NE-1.png","contentUrl":"https:\/\/agradocosmetic.com\/wp-content\/uploads\/2023\/08\/6050_GEL-DE-BANOO-Y-DUCHA-AQUA-BLUE-750ml-AGRADO_NE-1.png","width":800,"height":800},{"@type":"BreadcrumbList","@id":"https:\/\/agradocosmetic.com\/producto\/gel-de-bano-y-ducha-aqua-blue\/#breadcrumb","itemListElement":[{"@type":"ListItem","position":1,"name":"Portada","item":"https:\/\/agradocosmetic.com\/"},{"@type":"ListItem","position":2,"name":"Productos","item":"https:\/\/agradocosmetic.com\/pt\/producto\/"},{"@type":"ListItem","position":3,"name":"Gel de Ducha Aqua Blue"}]},{"@type":"WebSite","@id":"https:\/\/agradocosmetic.com\/#website","url":"https:\/\/agradocosmetic.com\/","name":"Aimer","description":"cosm\u00e9tique","publisher":{"@id":"https:\/\/agradocosmetic.com\/#organization"},"potentialAction":[{"@type":"SearchAction","target":{"@type":"EntryPoint","urlTemplate":"https:\/\/agradocosmetic.com\/?s={search_term_string}"},"query-input":{"@type":"PropertyValueSpecification","valueRequired":true,"valueName":"search_term_string"}}],"inLanguage":"fr-FR"},{"@type":"Organization","@id":"https:\/\/agradocosmetic.com\/#organization","name":"Aimer","url":"https:\/\/agradocosmetic.com\/","logo":{"@type":"ImageObject","inLanguage":"fr-FR","@id":"https:\/\/agradocosmetic.com\/#\/schema\/logo\/image\/","url":"https:\/\/agradocosmetic.com\/wp-content\/uploads\/2023\/07\/LOGO-AGRADO-WEB-01.png","contentUrl":"https:\/\/agradocosmetic.com\/wp-content\/uploads\/2023\/07\/LOGO-AGRADO-WEB-01.png","width":1632,"height":300,"caption":"Agrado"},"image":{"@id":"https:\/\/agradocosmetic.com\/#\/schema\/logo\/image\/"}}]}},"_links":{"self":[{"href":"https:\/\/agradocosmetic.com\/fr\/wp-json\/wp\/v2\/producto\/432","targetHints":{"allow":["GET"]}}],"collection":[{"href":"https:\/\/agradocosmetic.com\/fr\/wp-json\/wp\/v2\/producto"}],"about":[{"href":"https:\/\/agradocosmetic.com\/fr\/wp-json\/wp\/v2\/types\/producto"}],"wp:featuredmedia":[{"embeddable":true,"href":"https:\/\/agradocosmetic.com\/fr\/wp-json\/wp\/v2\/media\/24033"}],"wp:attachment":[{"href":"https:\/\/agradocosmetic.com\/fr\/wp-json\/wp\/v2\/media?parent=432"}],"wp:term":[{"taxonomy":"categoria-de-producto","embeddable":true,"href":"https:\/\/agradocosmetic.com\/fr\/wp-json\/wp\/v2\/categoria-de-producto?post=432"}],"curies":[{"name":"wp","href":"https:\/\/api.w.org\/{rel}","templated":true}]}}

<p>Le gel bain et douche Aqua Blue d’AGRADO contient des parfums sélectionnés pour un bain exclusif aux senteurs fraîches et méditerranéennes. Avec des notes de tête d’agrumes et de fleurs, un cœur de jasmin et de pomme, et un fond d’ambre et de cèdre. Découvrez l’expérience Aqua Blue dans votre hygiène quotidienne tout en hydratant et en prenant soin de votre peau grâce à sa formule au pH neutre. Testé sous contrôle dermatologique.</p>

<!-- This site is optimized with the Yoast SEO plugin v27.4 - https://yoast.com/product/yoast-seo-wordpress/ -->
<title>Gel de Ducha Aqua Blue - Agrado</title>
<meta name="robots" content="index, follow, max-snippet:-1, max-image-preview:large, max-video-preview:-1" />
<link rel="canonical" href="https://agradocosmetic.com/fr/producto/gel-de-bano-y-ducha-aqua-blue/" />
<meta property="og:locale" content="fr_FR" />
<meta property="og:type" content="article" />
<meta property="og:title" content="Gel de Ducha Aqua Blue - Agrado" />
<meta property="og:description" content="El Gel de Baño y Ducha Aqua Blue de AGRADO contiene perfumes seleccionados para un baño exclusivo de fragancia fresca y mediterránea. Con notas de salida cítricas y florales, un corazón de jazmín y manzana, y un fondo de ámbar y cedro. Descubre la experiencia Aqua Blue en tu higiene diaria mientras hidratas y cuidas tu piel con su fórmula de [&hellip;]" />
<meta property="og:url" content="https://agradocosmetic.com/fr/producto/gel-de-bano-y-ducha-aqua-blue/" />
<meta property="og:site_name" content="Agrado" />
<meta property="article:modified_time" content="2024-02-14T17:47:43+00:00" />
<meta property="og:image" content="https://agradocosmetic.com/wp-content/uploads/2023/08/6050_GEL-DE-BANOO-Y-DUCHA-AQUA-BLUE-750ml-AGRADO_NE-1.png" />
	<meta property="og:image:width" content="800" />
	<meta property="og:image:height" content="800" />
	<meta property="og:image:type" content="image/png" />
<meta name="twitter:card" content="summary_large_image" />
<meta name="twitter:label1" content="Durée de lecture estimée" />
	<meta name="twitter:data1" content="1 minute" />
<script type="application/ld+json" class="yoast-schema-graph">{"@context":"https:\/\/schema.org","@graph":[{"@type":"WebPage","@id":"https:\/\/agradocosmetic.com\/producto\/gel-de-bano-y-ducha-aqua-blue\/","url":"https:\/\/agradocosmetic.com\/producto\/gel-de-bano-y-ducha-aqua-blue\/","name":"Gel de Ducha Aqua Blue - Agrado","isPartOf":{"@id":"https:\/\/agradocosmetic.com\/#website"},"primaryImageOfPage":{"@id":"https:\/\/agradocosmetic.com\/producto\/gel-de-bano-y-ducha-aqua-blue\/#primaryimage"},"image":{"@id":"https:\/\/agradocosmetic.com\/producto\/gel-de-bano-y-ducha-aqua-blue\/#primaryimage"},"thumbnailUrl":"https:\/\/agradocosmetic.com\/wp-content\/uploads\/2023\/08\/6050_GEL-DE-BANOO-Y-DUCHA-AQUA-BLUE-750ml-AGRADO_NE-1.png","datePublished":"2023-08-19T20:06:58+00:00","dateModified":"2024-02-14T17:47:43+00:00","breadcrumb":{"@id":"https:\/\/agradocosmetic.com\/producto\/gel-de-bano-y-ducha-aqua-blue\/#breadcrumb"},"inLanguage":"fr-FR","potentialAction":[{"@type":"ReadAction","target":["https:\/\/agradocosmetic.com\/producto\/gel-de-bano-y-ducha-aqua-blue\/"]}]},{"@type":"ImageObject","inLanguage":"fr-FR","@id":"https:\/\/agradocosmetic.com\/producto\/gel-de-bano-y-ducha-aqua-blue\/#primaryimage","url":"https:\/\/agradocosmetic.com\/wp-content\/uploads\/2023\/08\/6050_GEL-DE-BANOO-Y-DUCHA-AQUA-BLUE-750ml-AGRADO_NE-1.png","contentUrl":"https:\/\/agradocosmetic.com\/wp-content\/uploads\/2023\/08\/6050_GEL-DE-BANOO-Y-DUCHA-AQUA-BLUE-750ml-AGRADO_NE-1.png","width":800,"height":800},{"@type":"BreadcrumbList","@id":"https:\/\/agradocosmetic.com\/producto\/gel-de-bano-y-ducha-aqua-blue\/#breadcrumb","itemListElement":[{"@type":"ListItem","position":1,"name":"Portada","item":"https:\/\/agradocosmetic.com\/"},{"@type":"ListItem","position":2,"name":"Productos","item":"https:\/\/agradocosmetic.com\/pt\/producto\/"},{"@type":"ListItem","position":3,"name":"Gel de Ducha Aqua Blue"}]},{"@type":"WebSite","@id":"https:\/\/agradocosmetic.com\/#website","url":"https:\/\/agradocosmetic.com\/","name":"Agrado","description":"Cosmetic","publisher":{"@id":"https:\/\/agradocosmetic.com\/#organization"},"potentialAction":[{"@type":"SearchAction","target":{"@type":"EntryPoint","urlTemplate":"https:\/\/agradocosmetic.com\/?s={search_term_string}"},"query-input":{"@type":"PropertyValueSpecification","valueRequired":true,"valueName":"search_term_string"}}],"inLanguage":"fr-FR"},{"@type":"Organization","@id":"https:\/\/agradocosmetic.com\/#organization","name":"Agrado","url":"https:\/\/agradocosmetic.com\/","logo":{"@type":"ImageObject","inLanguage":"fr-FR","@id":"https:\/\/agradocosmetic.com\/#\/schema\/logo\/image\/","url":"https:\/\/agradocosmetic.com\/wp-content\/uploads\/2023\/07\/LOGO-AGRADO-WEB-01.png","contentUrl":"https:\/\/agradocosmetic.com\/wp-content\/uploads\/2023\/07\/LOGO-AGRADO-WEB-01.png","width":1632,"height":300,"caption":"Agrado"},"image":{"@id":"https:\/\/agradocosmetic.com\/#\/schema\/logo\/image\/"}}]}</script>
<!-- / Yoast SEO plugin. -->

El Gel de Baño y Ducha Aqua Blue de AGRADO contiene perfumes seleccionados para un baño exclusivo de fragancia fresca y mediterránea. Con notas de salida cítricas y florales, un corazón de jazmín y manzana, y un fondo de ámbar y cedro. Descubre la experiencia Aqua Blue en tu higiene diaria mientras hidratas y cuidas tu piel con su fórmula de [&hellip;]

cosmétique
