{"id":436,"date":"2023-08-19T20:17:31","date_gmt":"2023-08-19T20:17:31","guid":{"rendered":"https:\/\/dev-freelancerweb.site\/?post_type=producto&#038;p=436"},"modified":"2024-02-14T17:46:08","modified_gmt":"2024-02-14T17:46:08","slug":"gel-bano-ducha-fresas-dulces","status":"publish","type":"producto","link":"https:\/\/agradocosmetic.com\/fr\/producto\/gel-bano-ducha-fresas-dulces\/","title":{"rendered":"Gel Bain &amp; Douche Fraises Douces"},"content":{"rendered":"<p>Le gel douche aux fraises douces d\u2019AGRADO laissera un parfum intense aux fruits naturels sur votre corps. Vitalit\u00e9, bonne humeur et force sont quelques-unes des sensations que vous apportera ce gel \u00e0 la fraise. Profitez de votre bain comme jamais auparavant avec la collection Trendy Bubbles qui offre un parfum naturel et tendance \u00e0 votre peau. Sa formule contribue \u00e0 hydrater le corps et son pH est neutre. Test\u00e9 sous contr\u00f4le dermatologique.<\/p>","protected":false},"featured_media":24086,"template":"","categoria-de-producto":[81,82,84],"class_list":["post-436","producto","type-producto","status-publish","has-post-thumbnail","hentry","categoria-de-producto-cuidado-corporal","categoria-de-producto-gel-de-bano","categoria-de-producto-nutritivas-y-frutales"],"yoast_head":"<!-- This site is optimized with the Yoast SEO plugin v27.4 - https:\/\/yoast.com\/product\/yoast-seo-wordpress\/ -->\n<title>Gel de Ducha Fresas Dulces - Agrado<\/title>\n<meta name=\"robots\" content=\"index, follow, max-snippet:-1, max-image-preview:large, max-video-preview:-1\" \/>\n<link rel=\"canonical\" href=\"https:\/\/agradocosmetic.com\/fr\/producto\/gel-bano-ducha-fresas-dulces\/\" \/>\n<meta property=\"og:locale\" content=\"fr_FR\" \/>\n<meta property=\"og:type\" content=\"article\" \/>\n<meta property=\"og:title\" content=\"Gel de Ducha Fresas Dulces - Agrado\" \/>\n<meta property=\"og:description\" content=\"El Gel de Ducha Fresas Dulces de AGRADO dejar\u00e1 un aroma intenso a fruta natural en tu cuerpo. Vitalidad, \u00e1nimo y fuerza son algunas de las sensaciones que te aportar\u00e1 este gel de fresas. Disfruta de tu momento ba\u00f1o como nunca con la colecci\u00f3n Trendy Bubbles aportando un aroma natural y tendencia en tu piel. [&hellip;]\" \/>\n<meta property=\"og:url\" content=\"https:\/\/agradocosmetic.com\/fr\/producto\/gel-bano-ducha-fresas-dulces\/\" \/>\n<meta property=\"og:site_name\" content=\"Agrado\" \/>\n<meta property=\"article:modified_time\" content=\"2024-02-14T17:46:08+00:00\" \/>\n<meta property=\"og:image\" content=\"https:\/\/agradocosmetic.com\/wp-content\/uploads\/2023\/08\/6102_GEL-DE-BANO-Y-DUCHA-FRESAS-DULCES-750ml-AGRADO_NE.png\" \/>\n\t<meta property=\"og:image:width\" content=\"800\" \/>\n\t<meta property=\"og:image:height\" content=\"800\" \/>\n\t<meta property=\"og:image:type\" content=\"image\/png\" \/>\n<meta name=\"twitter:card\" content=\"summary_large_image\" \/>\n<meta name=\"twitter:label1\" content=\"Dur\u00e9e de lecture estim\u00e9e\" \/>\n\t<meta name=\"twitter:data1\" content=\"1 minute\" \/>\n<script type=\"application\/ld+json\" class=\"yoast-schema-graph\">{\"@context\":\"https:\\\/\\\/schema.org\",\"@graph\":[{\"@type\":\"WebPage\",\"@id\":\"https:\\\/\\\/agradocosmetic.com\\\/producto\\\/gel-bano-ducha-fresas-dulces\\\/\",\"url\":\"https:\\\/\\\/agradocosmetic.com\\\/producto\\\/gel-bano-ducha-fresas-dulces\\\/\",\"name\":\"Gel de Ducha Fresas Dulces - Agrado\",\"isPartOf\":{\"@id\":\"https:\\\/\\\/agradocosmetic.com\\\/#website\"},\"primaryImageOfPage\":{\"@id\":\"https:\\\/\\\/agradocosmetic.com\\\/producto\\\/gel-bano-ducha-fresas-dulces\\\/#primaryimage\"},\"image\":{\"@id\":\"https:\\\/\\\/agradocosmetic.com\\\/producto\\\/gel-bano-ducha-fresas-dulces\\\/#primaryimage\"},\"thumbnailUrl\":\"https:\\\/\\\/agradocosmetic.com\\\/wp-content\\\/uploads\\\/2023\\\/08\\\/6102_GEL-DE-BANO-Y-DUCHA-FRESAS-DULCES-750ml-AGRADO_NE.png\",\"datePublished\":\"2023-08-19T20:17:31+00:00\",\"dateModified\":\"2024-02-14T17:46:08+00:00\",\"breadcrumb\":{\"@id\":\"https:\\\/\\\/agradocosmetic.com\\\/producto\\\/gel-bano-ducha-fresas-dulces\\\/#breadcrumb\"},\"inLanguage\":\"fr-FR\",\"potentialAction\":[{\"@type\":\"ReadAction\",\"target\":[\"https:\\\/\\\/agradocosmetic.com\\\/producto\\\/gel-bano-ducha-fresas-dulces\\\/\"]}]},{\"@type\":\"ImageObject\",\"inLanguage\":\"fr-FR\",\"@id\":\"https:\\\/\\\/agradocosmetic.com\\\/producto\\\/gel-bano-ducha-fresas-dulces\\\/#primaryimage\",\"url\":\"https:\\\/\\\/agradocosmetic.com\\\/wp-content\\\/uploads\\\/2023\\\/08\\\/6102_GEL-DE-BANO-Y-DUCHA-FRESAS-DULCES-750ml-AGRADO_NE.png\",\"contentUrl\":\"https:\\\/\\\/agradocosmetic.com\\\/wp-content\\\/uploads\\\/2023\\\/08\\\/6102_GEL-DE-BANO-Y-DUCHA-FRESAS-DULCES-750ml-AGRADO_NE.png\",\"width\":800,\"height\":800},{\"@type\":\"BreadcrumbList\",\"@id\":\"https:\\\/\\\/agradocosmetic.com\\\/producto\\\/gel-bano-ducha-fresas-dulces\\\/#breadcrumb\",\"itemListElement\":[{\"@type\":\"ListItem\",\"position\":1,\"name\":\"Portada\",\"item\":\"https:\\\/\\\/agradocosmetic.com\\\/\"},{\"@type\":\"ListItem\",\"position\":2,\"name\":\"Productos\",\"item\":\"https:\\\/\\\/agradocosmetic.com\\\/pt\\\/producto\\\/\"},{\"@type\":\"ListItem\",\"position\":3,\"name\":\"Gel de Ducha Fresas Dulces\"}]},{\"@type\":\"WebSite\",\"@id\":\"https:\\\/\\\/agradocosmetic.com\\\/#website\",\"url\":\"https:\\\/\\\/agradocosmetic.com\\\/\",\"name\":\"Agrado\",\"description\":\"Cosmetic\",\"publisher\":{\"@id\":\"https:\\\/\\\/agradocosmetic.com\\\/#organization\"},\"potentialAction\":[{\"@type\":\"SearchAction\",\"target\":{\"@type\":\"EntryPoint\",\"urlTemplate\":\"https:\\\/\\\/agradocosmetic.com\\\/?s={search_term_string}\"},\"query-input\":{\"@type\":\"PropertyValueSpecification\",\"valueRequired\":true,\"valueName\":\"search_term_string\"}}],\"inLanguage\":\"fr-FR\"},{\"@type\":\"Organization\",\"@id\":\"https:\\\/\\\/agradocosmetic.com\\\/#organization\",\"name\":\"Agrado\",\"url\":\"https:\\\/\\\/agradocosmetic.com\\\/\",\"logo\":{\"@type\":\"ImageObject\",\"inLanguage\":\"fr-FR\",\"@id\":\"https:\\\/\\\/agradocosmetic.com\\\/#\\\/schema\\\/logo\\\/image\\\/\",\"url\":\"https:\\\/\\\/agradocosmetic.com\\\/wp-content\\\/uploads\\\/2023\\\/07\\\/LOGO-AGRADO-WEB-01.png\",\"contentUrl\":\"https:\\\/\\\/agradocosmetic.com\\\/wp-content\\\/uploads\\\/2023\\\/07\\\/LOGO-AGRADO-WEB-01.png\",\"width\":1632,\"height\":300,\"caption\":\"Agrado\"},\"image\":{\"@id\":\"https:\\\/\\\/agradocosmetic.com\\\/#\\\/schema\\\/logo\\\/image\\\/\"}}]}<\/script>\n<!-- \/ Yoast SEO plugin. -->","yoast_head_json":{"title":"Gel Douche Douce Fraise - Agrado","robots":{"index":"index","follow":"follow","max-snippet":"max-snippet:-1","max-image-preview":"max-image-preview:large","max-video-preview":"max-video-preview:-1"},"canonical":"https:\/\/agradocosmetic.com\/fr\/producto\/gel-bano-ducha-fresas-dulces\/","og_locale":"fr_FR","og_type":"article","og_title":"Gel de Ducha Fresas Dulces - Agrado","og_description":"El Gel de Ducha Fresas Dulces de AGRADO dejar\u00e1 un aroma intenso a fruta natural en tu cuerpo. Vitalidad, \u00e1nimo y fuerza son algunas de las sensaciones que te aportar\u00e1 este gel de fresas. Disfruta de tu momento ba\u00f1o como nunca con la colecci\u00f3n Trendy Bubbles aportando un aroma natural y tendencia en tu piel. [&hellip;]","og_url":"https:\/\/agradocosmetic.com\/fr\/producto\/gel-bano-ducha-fresas-dulces\/","og_site_name":"Agrado","article_modified_time":"2024-02-14T17:46:08+00:00","og_image":[{"width":800,"height":800,"url":"https:\/\/agradocosmetic.com\/wp-content\/uploads\/2023\/08\/6102_GEL-DE-BANO-Y-DUCHA-FRESAS-DULCES-750ml-AGRADO_NE.png","type":"image\/png"}],"twitter_card":"summary_large_image","twitter_misc":{"Dur\u00e9e de lecture estim\u00e9e":"1 minute"},"schema":{"@context":"https:\/\/schema.org","@graph":[{"@type":"WebPage","@id":"https:\/\/agradocosmetic.com\/producto\/gel-bano-ducha-fresas-dulces\/","url":"https:\/\/agradocosmetic.com\/producto\/gel-bano-ducha-fresas-dulces\/","name":"Gel Douche Douce Fraise - Agrado","isPartOf":{"@id":"https:\/\/agradocosmetic.com\/#website"},"primaryImageOfPage":{"@id":"https:\/\/agradocosmetic.com\/producto\/gel-bano-ducha-fresas-dulces\/#primaryimage"},"image":{"@id":"https:\/\/agradocosmetic.com\/producto\/gel-bano-ducha-fresas-dulces\/#primaryimage"},"thumbnailUrl":"https:\/\/agradocosmetic.com\/wp-content\/uploads\/2023\/08\/6102_GEL-DE-BANO-Y-DUCHA-FRESAS-DULCES-750ml-AGRADO_NE.png","datePublished":"2023-08-19T20:17:31+00:00","dateModified":"2024-02-14T17:46:08+00:00","breadcrumb":{"@id":"https:\/\/agradocosmetic.com\/producto\/gel-bano-ducha-fresas-dulces\/#breadcrumb"},"inLanguage":"fr-FR","potentialAction":[{"@type":"ReadAction","target":["https:\/\/agradocosmetic.com\/producto\/gel-bano-ducha-fresas-dulces\/"]}]},{"@type":"ImageObject","inLanguage":"fr-FR","@id":"https:\/\/agradocosmetic.com\/producto\/gel-bano-ducha-fresas-dulces\/#primaryimage","url":"https:\/\/agradocosmetic.com\/wp-content\/uploads\/2023\/08\/6102_GEL-DE-BANO-Y-DUCHA-FRESAS-DULCES-750ml-AGRADO_NE.png","contentUrl":"https:\/\/agradocosmetic.com\/wp-content\/uploads\/2023\/08\/6102_GEL-DE-BANO-Y-DUCHA-FRESAS-DULCES-750ml-AGRADO_NE.png","width":800,"height":800},{"@type":"BreadcrumbList","@id":"https:\/\/agradocosmetic.com\/producto\/gel-bano-ducha-fresas-dulces\/#breadcrumb","itemListElement":[{"@type":"ListItem","position":1,"name":"Portada","item":"https:\/\/agradocosmetic.com\/"},{"@type":"ListItem","position":2,"name":"Productos","item":"https:\/\/agradocosmetic.com\/pt\/producto\/"},{"@type":"ListItem","position":3,"name":"Gel de Ducha Fresas Dulces"}]},{"@type":"WebSite","@id":"https:\/\/agradocosmetic.com\/#website","url":"https:\/\/agradocosmetic.com\/","name":"Aimer","description":"cosm\u00e9tique","publisher":{"@id":"https:\/\/agradocosmetic.com\/#organization"},"potentialAction":[{"@type":"SearchAction","target":{"@type":"EntryPoint","urlTemplate":"https:\/\/agradocosmetic.com\/?s={search_term_string}"},"query-input":{"@type":"PropertyValueSpecification","valueRequired":true,"valueName":"search_term_string"}}],"inLanguage":"fr-FR"},{"@type":"Organization","@id":"https:\/\/agradocosmetic.com\/#organization","name":"Aimer","url":"https:\/\/agradocosmetic.com\/","logo":{"@type":"ImageObject","inLanguage":"fr-FR","@id":"https:\/\/agradocosmetic.com\/#\/schema\/logo\/image\/","url":"https:\/\/agradocosmetic.com\/wp-content\/uploads\/2023\/07\/LOGO-AGRADO-WEB-01.png","contentUrl":"https:\/\/agradocosmetic.com\/wp-content\/uploads\/2023\/07\/LOGO-AGRADO-WEB-01.png","width":1632,"height":300,"caption":"Agrado"},"image":{"@id":"https:\/\/agradocosmetic.com\/#\/schema\/logo\/image\/"}}]}},"_links":{"self":[{"href":"https:\/\/agradocosmetic.com\/fr\/wp-json\/wp\/v2\/producto\/436","targetHints":{"allow":["GET"]}}],"collection":[{"href":"https:\/\/agradocosmetic.com\/fr\/wp-json\/wp\/v2\/producto"}],"about":[{"href":"https:\/\/agradocosmetic.com\/fr\/wp-json\/wp\/v2\/types\/producto"}],"wp:featuredmedia":[{"embeddable":true,"href":"https:\/\/agradocosmetic.com\/fr\/wp-json\/wp\/v2\/media\/24086"}],"wp:attachment":[{"href":"https:\/\/agradocosmetic.com\/fr\/wp-json\/wp\/v2\/media?parent=436"}],"wp:term":[{"taxonomy":"categoria-de-producto","embeddable":true,"href":"https:\/\/agradocosmetic.com\/fr\/wp-json\/wp\/v2\/categoria-de-producto?post=436"}],"curies":[{"name":"wp","href":"https:\/\/api.w.org\/{rel}","templated":true}]}}

<p>Le gel douche aux fraises douces d’AGRADO laissera un parfum intense aux fruits naturels sur votre corps. Vitalité, bonne humeur et force sont quelques-unes des sensations que vous apportera ce gel à la fraise. Profitez de votre bain comme jamais auparavant avec la collection Trendy Bubbles qui offre un parfum naturel et tendance à votre peau. Sa formule contribue à hydrater le corps et son pH est neutre. Testé sous contrôle dermatologique.</p>

<!-- This site is optimized with the Yoast SEO plugin v27.4 - https://yoast.com/product/yoast-seo-wordpress/ -->
<title>Gel de Ducha Fresas Dulces - Agrado</title>
<meta name="robots" content="index, follow, max-snippet:-1, max-image-preview:large, max-video-preview:-1" />
<link rel="canonical" href="https://agradocosmetic.com/fr/producto/gel-bano-ducha-fresas-dulces/" />
<meta property="og:locale" content="fr_FR" />
<meta property="og:type" content="article" />
<meta property="og:title" content="Gel de Ducha Fresas Dulces - Agrado" />
<meta property="og:description" content="El Gel de Ducha Fresas Dulces de AGRADO dejará un aroma intenso a fruta natural en tu cuerpo. Vitalidad, ánimo y fuerza son algunas de las sensaciones que te aportará este gel de fresas. Disfruta de tu momento baño como nunca con la colección Trendy Bubbles aportando un aroma natural y tendencia en tu piel. [&hellip;]" />
<meta property="og:url" content="https://agradocosmetic.com/fr/producto/gel-bano-ducha-fresas-dulces/" />
<meta property="og:site_name" content="Agrado" />
<meta property="article:modified_time" content="2024-02-14T17:46:08+00:00" />
<meta property="og:image" content="https://agradocosmetic.com/wp-content/uploads/2023/08/6102_GEL-DE-BANO-Y-DUCHA-FRESAS-DULCES-750ml-AGRADO_NE.png" />
	<meta property="og:image:width" content="800" />
	<meta property="og:image:height" content="800" />
	<meta property="og:image:type" content="image/png" />
<meta name="twitter:card" content="summary_large_image" />
<meta name="twitter:label1" content="Durée de lecture estimée" />
	<meta name="twitter:data1" content="1 minute" />
<script type="application/ld+json" class="yoast-schema-graph">{"@context":"https:\/\/schema.org","@graph":[{"@type":"WebPage","@id":"https:\/\/agradocosmetic.com\/producto\/gel-bano-ducha-fresas-dulces\/","url":"https:\/\/agradocosmetic.com\/producto\/gel-bano-ducha-fresas-dulces\/","name":"Gel de Ducha Fresas Dulces - Agrado","isPartOf":{"@id":"https:\/\/agradocosmetic.com\/#website"},"primaryImageOfPage":{"@id":"https:\/\/agradocosmetic.com\/producto\/gel-bano-ducha-fresas-dulces\/#primaryimage"},"image":{"@id":"https:\/\/agradocosmetic.com\/producto\/gel-bano-ducha-fresas-dulces\/#primaryimage"},"thumbnailUrl":"https:\/\/agradocosmetic.com\/wp-content\/uploads\/2023\/08\/6102_GEL-DE-BANO-Y-DUCHA-FRESAS-DULCES-750ml-AGRADO_NE.png","datePublished":"2023-08-19T20:17:31+00:00","dateModified":"2024-02-14T17:46:08+00:00","breadcrumb":{"@id":"https:\/\/agradocosmetic.com\/producto\/gel-bano-ducha-fresas-dulces\/#breadcrumb"},"inLanguage":"fr-FR","potentialAction":[{"@type":"ReadAction","target":["https:\/\/agradocosmetic.com\/producto\/gel-bano-ducha-fresas-dulces\/"]}]},{"@type":"ImageObject","inLanguage":"fr-FR","@id":"https:\/\/agradocosmetic.com\/producto\/gel-bano-ducha-fresas-dulces\/#primaryimage","url":"https:\/\/agradocosmetic.com\/wp-content\/uploads\/2023\/08\/6102_GEL-DE-BANO-Y-DUCHA-FRESAS-DULCES-750ml-AGRADO_NE.png","contentUrl":"https:\/\/agradocosmetic.com\/wp-content\/uploads\/2023\/08\/6102_GEL-DE-BANO-Y-DUCHA-FRESAS-DULCES-750ml-AGRADO_NE.png","width":800,"height":800},{"@type":"BreadcrumbList","@id":"https:\/\/agradocosmetic.com\/producto\/gel-bano-ducha-fresas-dulces\/#breadcrumb","itemListElement":[{"@type":"ListItem","position":1,"name":"Portada","item":"https:\/\/agradocosmetic.com\/"},{"@type":"ListItem","position":2,"name":"Productos","item":"https:\/\/agradocosmetic.com\/pt\/producto\/"},{"@type":"ListItem","position":3,"name":"Gel de Ducha Fresas Dulces"}]},{"@type":"WebSite","@id":"https:\/\/agradocosmetic.com\/#website","url":"https:\/\/agradocosmetic.com\/","name":"Agrado","description":"Cosmetic","publisher":{"@id":"https:\/\/agradocosmetic.com\/#organization"},"potentialAction":[{"@type":"SearchAction","target":{"@type":"EntryPoint","urlTemplate":"https:\/\/agradocosmetic.com\/?s={search_term_string}"},"query-input":{"@type":"PropertyValueSpecification","valueRequired":true,"valueName":"search_term_string"}}],"inLanguage":"fr-FR"},{"@type":"Organization","@id":"https:\/\/agradocosmetic.com\/#organization","name":"Agrado","url":"https:\/\/agradocosmetic.com\/","logo":{"@type":"ImageObject","inLanguage":"fr-FR","@id":"https:\/\/agradocosmetic.com\/#\/schema\/logo\/image\/","url":"https:\/\/agradocosmetic.com\/wp-content\/uploads\/2023\/07\/LOGO-AGRADO-WEB-01.png","contentUrl":"https:\/\/agradocosmetic.com\/wp-content\/uploads\/2023\/07\/LOGO-AGRADO-WEB-01.png","width":1632,"height":300,"caption":"Agrado"},"image":{"@id":"https:\/\/agradocosmetic.com\/#\/schema\/logo\/image\/"}}]}</script>
<!-- / Yoast SEO plugin. -->

El Gel de Ducha Fresas Dulces de AGRADO dejará un aroma intenso a fruta natural en tu cuerpo. Vitalidad, ánimo y fuerza son algunas de las sensaciones que te aportará este gel de fresas. Disfruta de tu momento baño como nunca con la colección Trendy Bubbles aportando un aroma natural y tendencia en tu piel. [&hellip;]

cosmétique
