{"id":385,"date":"2023-08-18T13:18:06","date_gmt":"2023-08-18T13:18:06","guid":{"rendered":"https:\/\/dev-freelancerweb.site\/?post_type=producto&#038;p=385"},"modified":"2026-02-04T08:48:16","modified_gmt":"2026-02-04T07:48:16","slug":"crema-suavizante-acondicionadora-keratina","status":"publish","type":"producto","link":"https:\/\/agradocosmetic.com\/it\/producto\/crema-suavizante-acondicionadora-keratina\/","title":{"rendered":"Crema Balsamo con Cheratina"},"content":{"rendered":"<p>La crema balsamo ammorbidente alla cheratina AGRADO per capelli crespi dona lucentezza e permette una facile pettinatura. Inoltre, contiene cheratina che aiuta a riparare la cuticola della fibra, donando ai capelli morbidezza e vitalit\u00e0. Combinala con il resto della linea con cheratina AGRADO per ottenere capelli perfetti ogni giorno. Dermatologicamente testato.<\/p>","protected":false},"featured_media":32954,"template":"","categoria-de-producto":[840,73,75,462],"class_list":["post-385","producto","type-producto","status-publish","has-post-thumbnail","hentry","categoria-de-producto-acondicionadores","categoria-de-producto-cuidado-capilar","categoria-de-producto-acondicionador","categoria-de-producto-keratina"],"yoast_head":"<!-- This site is optimized with the Yoast SEO plugin v27.4 - https:\/\/yoast.com\/product\/yoast-seo-wordpress\/ -->\n<title>Crema Acondicionador Keratina - Agrado<\/title>\n<meta name=\"robots\" content=\"index, follow, max-snippet:-1, max-image-preview:large, max-video-preview:-1\" \/>\n<link rel=\"canonical\" href=\"https:\/\/agradocosmetic.com\/it\/producto\/crema-suavizante-acondicionadora-keratina\/\" \/>\n<meta property=\"og:locale\" content=\"it_IT\" \/>\n<meta property=\"og:type\" content=\"article\" \/>\n<meta property=\"og:title\" content=\"Crema Acondicionador Keratina - Agrado\" \/>\n<meta property=\"og:description\" content=\"La crema suavizante acondicionadora Keratina AGRADO para cabellos encrespados proporciona brillo y permitie un peinado f\u00e1cil. Adem\u00e1s, contiene keratina que ayuda a reparar la cut\u00edcula de la fibra, d\u00e1ndole a tu cabello suavidad y vitalidad. Comb\u00ednala con el resto de la l\u00ednea Keratina AGRADO para conseguir un cabello perfecto a diario. Dermatol\u00f3gicamente testado.\" \/>\n<meta property=\"og:url\" content=\"https:\/\/agradocosmetic.com\/it\/producto\/crema-suavizante-acondicionadora-keratina\/\" \/>\n<meta property=\"og:site_name\" content=\"Agrado\" \/>\n<meta property=\"article:modified_time\" content=\"2026-02-04T07:48:16+00:00\" \/>\n<meta property=\"og:image\" content=\"https:\/\/agradocosmetic.com\/wp-content\/uploads\/2023\/08\/30004907_CREMA-SUAVIZANTE-ACONDIC-KERATINA-750ml-AGRADO.webp\" \/>\n\t<meta property=\"og:image:width\" content=\"800\" \/>\n\t<meta property=\"og:image:height\" content=\"800\" \/>\n\t<meta property=\"og:image:type\" content=\"image\/webp\" \/>\n<meta name=\"twitter:card\" content=\"summary_large_image\" \/>\n<meta name=\"twitter:label1\" content=\"Tempo di lettura stimato\" \/>\n\t<meta name=\"twitter:data1\" content=\"1 minuto\" \/>\n<script type=\"application\/ld+json\" class=\"yoast-schema-graph\">{\"@context\":\"https:\\\/\\\/schema.org\",\"@graph\":[{\"@type\":\"WebPage\",\"@id\":\"https:\\\/\\\/agradocosmetic.com\\\/producto\\\/crema-suavizante-acondicionadora-keratina\\\/\",\"url\":\"https:\\\/\\\/agradocosmetic.com\\\/producto\\\/crema-suavizante-acondicionadora-keratina\\\/\",\"name\":\"Crema Acondicionador Keratina - Agrado\",\"isPartOf\":{\"@id\":\"https:\\\/\\\/agradocosmetic.com\\\/#website\"},\"primaryImageOfPage\":{\"@id\":\"https:\\\/\\\/agradocosmetic.com\\\/producto\\\/crema-suavizante-acondicionadora-keratina\\\/#primaryimage\"},\"image\":{\"@id\":\"https:\\\/\\\/agradocosmetic.com\\\/producto\\\/crema-suavizante-acondicionadora-keratina\\\/#primaryimage\"},\"thumbnailUrl\":\"https:\\\/\\\/agradocosmetic.com\\\/wp-content\\\/uploads\\\/2023\\\/08\\\/30004907_CREMA-SUAVIZANTE-ACONDIC-KERATINA-750ml-AGRADO.webp\",\"datePublished\":\"2023-08-18T13:18:06+00:00\",\"dateModified\":\"2026-02-04T07:48:16+00:00\",\"breadcrumb\":{\"@id\":\"https:\\\/\\\/agradocosmetic.com\\\/producto\\\/crema-suavizante-acondicionadora-keratina\\\/#breadcrumb\"},\"inLanguage\":\"it-IT\",\"potentialAction\":[{\"@type\":\"ReadAction\",\"target\":[\"https:\\\/\\\/agradocosmetic.com\\\/producto\\\/crema-suavizante-acondicionadora-keratina\\\/\"]}]},{\"@type\":\"ImageObject\",\"inLanguage\":\"it-IT\",\"@id\":\"https:\\\/\\\/agradocosmetic.com\\\/producto\\\/crema-suavizante-acondicionadora-keratina\\\/#primaryimage\",\"url\":\"https:\\\/\\\/agradocosmetic.com\\\/wp-content\\\/uploads\\\/2023\\\/08\\\/30004907_CREMA-SUAVIZANTE-ACONDIC-KERATINA-750ml-AGRADO.webp\",\"contentUrl\":\"https:\\\/\\\/agradocosmetic.com\\\/wp-content\\\/uploads\\\/2023\\\/08\\\/30004907_CREMA-SUAVIZANTE-ACONDIC-KERATINA-750ml-AGRADO.webp\",\"width\":800,\"height\":800,\"caption\":\"CREMA SUAVIZANTE ACONDIC KERATINA 750ml AGRADO\"},{\"@type\":\"BreadcrumbList\",\"@id\":\"https:\\\/\\\/agradocosmetic.com\\\/producto\\\/crema-suavizante-acondicionadora-keratina\\\/#breadcrumb\",\"itemListElement\":[{\"@type\":\"ListItem\",\"position\":1,\"name\":\"Portada\",\"item\":\"https:\\\/\\\/agradocosmetic.com\\\/\"},{\"@type\":\"ListItem\",\"position\":2,\"name\":\"Productos\",\"item\":\"https:\\\/\\\/agradocosmetic.com\\\/pt\\\/producto\\\/\"},{\"@type\":\"ListItem\",\"position\":3,\"name\":\"Crema Acondicionador Keratina\"}]},{\"@type\":\"WebSite\",\"@id\":\"https:\\\/\\\/agradocosmetic.com\\\/#website\",\"url\":\"https:\\\/\\\/agradocosmetic.com\\\/\",\"name\":\"Agrado\",\"description\":\"Cosmetic\",\"publisher\":{\"@id\":\"https:\\\/\\\/agradocosmetic.com\\\/#organization\"},\"potentialAction\":[{\"@type\":\"SearchAction\",\"target\":{\"@type\":\"EntryPoint\",\"urlTemplate\":\"https:\\\/\\\/agradocosmetic.com\\\/?s={search_term_string}\"},\"query-input\":{\"@type\":\"PropertyValueSpecification\",\"valueRequired\":true,\"valueName\":\"search_term_string\"}}],\"inLanguage\":\"it-IT\"},{\"@type\":\"Organization\",\"@id\":\"https:\\\/\\\/agradocosmetic.com\\\/#organization\",\"name\":\"Agrado\",\"url\":\"https:\\\/\\\/agradocosmetic.com\\\/\",\"logo\":{\"@type\":\"ImageObject\",\"inLanguage\":\"it-IT\",\"@id\":\"https:\\\/\\\/agradocosmetic.com\\\/#\\\/schema\\\/logo\\\/image\\\/\",\"url\":\"https:\\\/\\\/agradocosmetic.com\\\/wp-content\\\/uploads\\\/2023\\\/07\\\/LOGO-AGRADO-WEB-01.png\",\"contentUrl\":\"https:\\\/\\\/agradocosmetic.com\\\/wp-content\\\/uploads\\\/2023\\\/07\\\/LOGO-AGRADO-WEB-01.png\",\"width\":1632,\"height\":300,\"caption\":\"Agrado\"},\"image\":{\"@id\":\"https:\\\/\\\/agradocosmetic.com\\\/#\\\/schema\\\/logo\\\/image\\\/\"}}]}<\/script>\n<!-- \/ Yoast SEO plugin. -->","yoast_head_json":{"title":"Crema balsamo alla cheratina - Agrado","robots":{"index":"index","follow":"follow","max-snippet":"max-snippet:-1","max-image-preview":"max-image-preview:large","max-video-preview":"max-video-preview:-1"},"canonical":"https:\/\/agradocosmetic.com\/it\/producto\/crema-suavizante-acondicionadora-keratina\/","og_locale":"it_IT","og_type":"article","og_title":"Crema Acondicionador Keratina - Agrado","og_description":"La crema suavizante acondicionadora Keratina AGRADO para cabellos encrespados proporciona brillo y permitie un peinado f\u00e1cil. Adem\u00e1s, contiene keratina que ayuda a reparar la cut\u00edcula de la fibra, d\u00e1ndole a tu cabello suavidad y vitalidad. Comb\u00ednala con el resto de la l\u00ednea Keratina AGRADO para conseguir un cabello perfecto a diario. Dermatol\u00f3gicamente testado.","og_url":"https:\/\/agradocosmetic.com\/it\/producto\/crema-suavizante-acondicionadora-keratina\/","og_site_name":"Agrado","article_modified_time":"2026-02-04T07:48:16+00:00","og_image":[{"width":800,"height":800,"url":"https:\/\/agradocosmetic.com\/wp-content\/uploads\/2023\/08\/30004907_CREMA-SUAVIZANTE-ACONDIC-KERATINA-750ml-AGRADO.webp","type":"image\/webp"}],"twitter_card":"summary_large_image","twitter_misc":{"Tempo di lettura stimato":"1 minuto"},"schema":{"@context":"https:\/\/schema.org","@graph":[{"@type":"WebPage","@id":"https:\/\/agradocosmetic.com\/producto\/crema-suavizante-acondicionadora-keratina\/","url":"https:\/\/agradocosmetic.com\/producto\/crema-suavizante-acondicionadora-keratina\/","name":"Crema balsamo alla cheratina - Agrado","isPartOf":{"@id":"https:\/\/agradocosmetic.com\/#website"},"primaryImageOfPage":{"@id":"https:\/\/agradocosmetic.com\/producto\/crema-suavizante-acondicionadora-keratina\/#primaryimage"},"image":{"@id":"https:\/\/agradocosmetic.com\/producto\/crema-suavizante-acondicionadora-keratina\/#primaryimage"},"thumbnailUrl":"https:\/\/agradocosmetic.com\/wp-content\/uploads\/2023\/08\/30004907_CREMA-SUAVIZANTE-ACONDIC-KERATINA-750ml-AGRADO.webp","datePublished":"2023-08-18T13:18:06+00:00","dateModified":"2026-02-04T07:48:16+00:00","breadcrumb":{"@id":"https:\/\/agradocosmetic.com\/producto\/crema-suavizante-acondicionadora-keratina\/#breadcrumb"},"inLanguage":"it-IT","potentialAction":[{"@type":"ReadAction","target":["https:\/\/agradocosmetic.com\/producto\/crema-suavizante-acondicionadora-keratina\/"]}]},{"@type":"ImageObject","inLanguage":"it-IT","@id":"https:\/\/agradocosmetic.com\/producto\/crema-suavizante-acondicionadora-keratina\/#primaryimage","url":"https:\/\/agradocosmetic.com\/wp-content\/uploads\/2023\/08\/30004907_CREMA-SUAVIZANTE-ACONDIC-KERATINA-750ml-AGRADO.webp","contentUrl":"https:\/\/agradocosmetic.com\/wp-content\/uploads\/2023\/08\/30004907_CREMA-SUAVIZANTE-ACONDIC-KERATINA-750ml-AGRADO.webp","width":800,"height":800,"caption":"CREMA SUAVIZANTE ACONDIC KERATINA 750ml AGRADO"},{"@type":"BreadcrumbList","@id":"https:\/\/agradocosmetic.com\/producto\/crema-suavizante-acondicionadora-keratina\/#breadcrumb","itemListElement":[{"@type":"ListItem","position":1,"name":"Portada","item":"https:\/\/agradocosmetic.com\/"},{"@type":"ListItem","position":2,"name":"Productos","item":"https:\/\/agradocosmetic.com\/pt\/producto\/"},{"@type":"ListItem","position":3,"name":"Crema Acondicionador Keratina"}]},{"@type":"WebSite","@id":"https:\/\/agradocosmetic.com\/#website","url":"https:\/\/agradocosmetic.com\/","name":"Mi piace","description":"cosmetico","publisher":{"@id":"https:\/\/agradocosmetic.com\/#organization"},"potentialAction":[{"@type":"SearchAction","target":{"@type":"EntryPoint","urlTemplate":"https:\/\/agradocosmetic.com\/?s={search_term_string}"},"query-input":{"@type":"PropertyValueSpecification","valueRequired":true,"valueName":"search_term_string"}}],"inLanguage":"it-IT"},{"@type":"Organization","@id":"https:\/\/agradocosmetic.com\/#organization","name":"Mi piace","url":"https:\/\/agradocosmetic.com\/","logo":{"@type":"ImageObject","inLanguage":"it-IT","@id":"https:\/\/agradocosmetic.com\/#\/schema\/logo\/image\/","url":"https:\/\/agradocosmetic.com\/wp-content\/uploads\/2023\/07\/LOGO-AGRADO-WEB-01.png","contentUrl":"https:\/\/agradocosmetic.com\/wp-content\/uploads\/2023\/07\/LOGO-AGRADO-WEB-01.png","width":1632,"height":300,"caption":"Agrado"},"image":{"@id":"https:\/\/agradocosmetic.com\/#\/schema\/logo\/image\/"}}]}},"_links":{"self":[{"href":"https:\/\/agradocosmetic.com\/it\/wp-json\/wp\/v2\/producto\/385","targetHints":{"allow":["GET"]}}],"collection":[{"href":"https:\/\/agradocosmetic.com\/it\/wp-json\/wp\/v2\/producto"}],"about":[{"href":"https:\/\/agradocosmetic.com\/it\/wp-json\/wp\/v2\/types\/producto"}],"wp:featuredmedia":[{"embeddable":true,"href":"https:\/\/agradocosmetic.com\/it\/wp-json\/wp\/v2\/media\/32954"}],"wp:attachment":[{"href":"https:\/\/agradocosmetic.com\/it\/wp-json\/wp\/v2\/media?parent=385"}],"wp:term":[{"taxonomy":"categoria-de-producto","embeddable":true,"href":"https:\/\/agradocosmetic.com\/it\/wp-json\/wp\/v2\/categoria-de-producto?post=385"}],"curies":[{"name":"parola chiave","href":"https:\/\/api.w.org\/{rel}","templated":true}]}}

<p>La crema balsamo ammorbidente alla cheratina AGRADO per capelli crespi dona lucentezza e permette una facile pettinatura. Inoltre, contiene cheratina che aiuta a riparare la cuticola della fibra, donando ai capelli morbidezza e vitalità. Combinala con il resto della linea con cheratina AGRADO per ottenere capelli perfetti ogni giorno. Dermatologicamente testato.</p>

<!-- This site is optimized with the Yoast SEO plugin v27.4 - https://yoast.com/product/yoast-seo-wordpress/ -->
<title>Crema Acondicionador Keratina - Agrado</title>
<meta name="robots" content="index, follow, max-snippet:-1, max-image-preview:large, max-video-preview:-1" />
<link rel="canonical" href="https://agradocosmetic.com/it/producto/crema-suavizante-acondicionadora-keratina/" />
<meta property="og:locale" content="it_IT" />
<meta property="og:type" content="article" />
<meta property="og:title" content="Crema Acondicionador Keratina - Agrado" />
<meta property="og:description" content="La crema suavizante acondicionadora Keratina AGRADO para cabellos encrespados proporciona brillo y permitie un peinado fácil. Además, contiene keratina que ayuda a reparar la cutícula de la fibra, dándole a tu cabello suavidad y vitalidad. Combínala con el resto de la línea Keratina AGRADO para conseguir un cabello perfecto a diario. Dermatológicamente testado." />
<meta property="og:url" content="https://agradocosmetic.com/it/producto/crema-suavizante-acondicionadora-keratina/" />
<meta property="og:site_name" content="Agrado" />
<meta property="article:modified_time" content="2026-02-04T07:48:16+00:00" />
<meta property="og:image" content="https://agradocosmetic.com/wp-content/uploads/2023/08/30004907_CREMA-SUAVIZANTE-ACONDIC-KERATINA-750ml-AGRADO.webp" />
	<meta property="og:image:width" content="800" />
	<meta property="og:image:height" content="800" />
	<meta property="og:image:type" content="image/webp" />
<meta name="twitter:card" content="summary_large_image" />
<meta name="twitter:label1" content="Tempo di lettura stimato" />
	<meta name="twitter:data1" content="1 minuto" />
<script type="application/ld+json" class="yoast-schema-graph">{"@context":"https:\/\/schema.org","@graph":[{"@type":"WebPage","@id":"https:\/\/agradocosmetic.com\/producto\/crema-suavizante-acondicionadora-keratina\/","url":"https:\/\/agradocosmetic.com\/producto\/crema-suavizante-acondicionadora-keratina\/","name":"Crema Acondicionador Keratina - Agrado","isPartOf":{"@id":"https:\/\/agradocosmetic.com\/#website"},"primaryImageOfPage":{"@id":"https:\/\/agradocosmetic.com\/producto\/crema-suavizante-acondicionadora-keratina\/#primaryimage"},"image":{"@id":"https:\/\/agradocosmetic.com\/producto\/crema-suavizante-acondicionadora-keratina\/#primaryimage"},"thumbnailUrl":"https:\/\/agradocosmetic.com\/wp-content\/uploads\/2023\/08\/30004907_CREMA-SUAVIZANTE-ACONDIC-KERATINA-750ml-AGRADO.webp","datePublished":"2023-08-18T13:18:06+00:00","dateModified":"2026-02-04T07:48:16+00:00","breadcrumb":{"@id":"https:\/\/agradocosmetic.com\/producto\/crema-suavizante-acondicionadora-keratina\/#breadcrumb"},"inLanguage":"it-IT","potentialAction":[{"@type":"ReadAction","target":["https:\/\/agradocosmetic.com\/producto\/crema-suavizante-acondicionadora-keratina\/"]}]},{"@type":"ImageObject","inLanguage":"it-IT","@id":"https:\/\/agradocosmetic.com\/producto\/crema-suavizante-acondicionadora-keratina\/#primaryimage","url":"https:\/\/agradocosmetic.com\/wp-content\/uploads\/2023\/08\/30004907_CREMA-SUAVIZANTE-ACONDIC-KERATINA-750ml-AGRADO.webp","contentUrl":"https:\/\/agradocosmetic.com\/wp-content\/uploads\/2023\/08\/30004907_CREMA-SUAVIZANTE-ACONDIC-KERATINA-750ml-AGRADO.webp","width":800,"height":800,"caption":"CREMA SUAVIZANTE ACONDIC KERATINA 750ml AGRADO"},{"@type":"BreadcrumbList","@id":"https:\/\/agradocosmetic.com\/producto\/crema-suavizante-acondicionadora-keratina\/#breadcrumb","itemListElement":[{"@type":"ListItem","position":1,"name":"Portada","item":"https:\/\/agradocosmetic.com\/"},{"@type":"ListItem","position":2,"name":"Productos","item":"https:\/\/agradocosmetic.com\/pt\/producto\/"},{"@type":"ListItem","position":3,"name":"Crema Acondicionador Keratina"}]},{"@type":"WebSite","@id":"https:\/\/agradocosmetic.com\/#website","url":"https:\/\/agradocosmetic.com\/","name":"Agrado","description":"Cosmetic","publisher":{"@id":"https:\/\/agradocosmetic.com\/#organization"},"potentialAction":[{"@type":"SearchAction","target":{"@type":"EntryPoint","urlTemplate":"https:\/\/agradocosmetic.com\/?s={search_term_string}"},"query-input":{"@type":"PropertyValueSpecification","valueRequired":true,"valueName":"search_term_string"}}],"inLanguage":"it-IT"},{"@type":"Organization","@id":"https:\/\/agradocosmetic.com\/#organization","name":"Agrado","url":"https:\/\/agradocosmetic.com\/","logo":{"@type":"ImageObject","inLanguage":"it-IT","@id":"https:\/\/agradocosmetic.com\/#\/schema\/logo\/image\/","url":"https:\/\/agradocosmetic.com\/wp-content\/uploads\/2023\/07\/LOGO-AGRADO-WEB-01.png","contentUrl":"https:\/\/agradocosmetic.com\/wp-content\/uploads\/2023\/07\/LOGO-AGRADO-WEB-01.png","width":1632,"height":300,"caption":"Agrado"},"image":{"@id":"https:\/\/agradocosmetic.com\/#\/schema\/logo\/image\/"}}]}</script>
<!-- / Yoast SEO plugin. -->

La crema suavizante acondicionadora Keratina AGRADO para cabellos encrespados proporciona brillo y permitie un peinado fácil. Además, contiene keratina que ayuda a reparar la cutícula de la fibra, dándole a tu cabello suavidad y vitalidad. Combínala con el resto de la línea Keratina AGRADO para conseguir un cabello perfecto a diario. Dermatológicamente testado.
