{"id":225,"date":"2023-08-17T14:29:33","date_gmt":"2023-08-17T14:29:33","guid":{"rendered":"https:\/\/dev-freelancerweb.site\/?post_type=producto&#038;p=225"},"modified":"2026-02-04T08:49:11","modified_gmt":"2026-02-04T07:49:11","slug":"champu-professional-keratina-750ml","status":"publish","type":"producto","link":"https:\/\/agradocosmetic.com\/pt\/producto\/champu-professional-keratina-750ml\/","title":{"rendered":"Champ\u00f4 Profissional Queratina"},"content":{"rendered":"<p>O Champ\u00f4 profissional Queratina da AGRADO para cabelos frisados \u00e9 formulado para tirar o m\u00e1ximo partido deste princ\u00edpio ativo. A queratina ajuda a reparar a cut\u00edcula da fibra, dando suavidade e vitalidade ao seu cabelo. Combine-o com a restante gama Queratina da AGRADO para obter um cabelo perfeito todos os dias. Dermatologicamente testado.<\/p>","protected":false},"featured_media":32949,"template":"","categoria-de-producto":[838,73,74,462],"class_list":["post-225","producto","type-producto","status-publish","has-post-thumbnail","hentry","categoria-de-producto-750ml","categoria-de-producto-cuidado-capilar","categoria-de-producto-champu","categoria-de-producto-keratina"],"yoast_head":"<!-- This site is optimized with the Yoast SEO plugin v27.4 - https:\/\/yoast.com\/product\/yoast-seo-wordpress\/ -->\n<title>Champ\u00fa Professional Keratina - Agrado<\/title>\n<meta name=\"robots\" content=\"index, follow, max-snippet:-1, max-image-preview:large, max-video-preview:-1\" \/>\n<link rel=\"canonical\" href=\"https:\/\/agradocosmetic.com\/pt\/producto\/champu-professional-keratina-750ml\/\" \/>\n<meta property=\"og:locale\" content=\"pt_PT\" \/>\n<meta property=\"og:type\" content=\"article\" \/>\n<meta property=\"og:title\" content=\"Champ\u00fa Professional Keratina - Agrado\" \/>\n<meta property=\"og:description\" content=\"El champ\u00fa Keratina AGRADO para cabellos encrespados est\u00e1 formulado para sacar el m\u00e1ximo partido a este principio activo. La keratina ayuda a reparar la cut\u00edcula de la fibra, d\u00e1ndole a tu cabello suavidad y vitalidad. Comb\u00ednalo con el resto de la l\u00ednea Keratina AGRADO para conseguir un cabello perfecto a diario. Dermatol\u00f3gicamente testado.\" \/>\n<meta property=\"og:url\" content=\"https:\/\/agradocosmetic.com\/pt\/producto\/champu-professional-keratina-750ml\/\" \/>\n<meta property=\"og:site_name\" content=\"Agrado\" \/>\n<meta property=\"article:modified_time\" content=\"2026-02-04T07:49:11+00:00\" \/>\n<meta property=\"og:image\" content=\"https:\/\/agradocosmetic.com\/wp-content\/uploads\/2023\/08\/30004828_CHAMPU-PROFESSIONAL-KERATINA-750-ml-AGRADO.webp\" \/>\n\t<meta property=\"og:image:width\" content=\"800\" \/>\n\t<meta property=\"og:image:height\" content=\"800\" \/>\n\t<meta property=\"og:image:type\" content=\"image\/webp\" \/>\n<meta name=\"twitter:card\" content=\"summary_large_image\" \/>\n<meta name=\"twitter:label1\" content=\"Tempo estimado de leitura\" \/>\n\t<meta name=\"twitter:data1\" content=\"1 minuto\" \/>\n<script type=\"application\/ld+json\" class=\"yoast-schema-graph\">{\"@context\":\"https:\\\/\\\/schema.org\",\"@graph\":[{\"@type\":\"WebPage\",\"@id\":\"https:\\\/\\\/agradocosmetic.com\\\/producto\\\/champu-professional-keratina-750ml\\\/\",\"url\":\"https:\\\/\\\/agradocosmetic.com\\\/producto\\\/champu-professional-keratina-750ml\\\/\",\"name\":\"Champ\u00fa Professional Keratina - Agrado\",\"isPartOf\":{\"@id\":\"https:\\\/\\\/agradocosmetic.com\\\/#website\"},\"primaryImageOfPage\":{\"@id\":\"https:\\\/\\\/agradocosmetic.com\\\/producto\\\/champu-professional-keratina-750ml\\\/#primaryimage\"},\"image\":{\"@id\":\"https:\\\/\\\/agradocosmetic.com\\\/producto\\\/champu-professional-keratina-750ml\\\/#primaryimage\"},\"thumbnailUrl\":\"https:\\\/\\\/agradocosmetic.com\\\/wp-content\\\/uploads\\\/2023\\\/08\\\/30004828_CHAMPU-PROFESSIONAL-KERATINA-750-ml-AGRADO.webp\",\"datePublished\":\"2023-08-17T14:29:33+00:00\",\"dateModified\":\"2026-02-04T07:49:11+00:00\",\"breadcrumb\":{\"@id\":\"https:\\\/\\\/agradocosmetic.com\\\/producto\\\/champu-professional-keratina-750ml\\\/#breadcrumb\"},\"inLanguage\":\"pt-PT\",\"potentialAction\":[{\"@type\":\"ReadAction\",\"target\":[\"https:\\\/\\\/agradocosmetic.com\\\/producto\\\/champu-professional-keratina-750ml\\\/\"]}]},{\"@type\":\"ImageObject\",\"inLanguage\":\"pt-PT\",\"@id\":\"https:\\\/\\\/agradocosmetic.com\\\/producto\\\/champu-professional-keratina-750ml\\\/#primaryimage\",\"url\":\"https:\\\/\\\/agradocosmetic.com\\\/wp-content\\\/uploads\\\/2023\\\/08\\\/30004828_CHAMPU-PROFESSIONAL-KERATINA-750-ml-AGRADO.webp\",\"contentUrl\":\"https:\\\/\\\/agradocosmetic.com\\\/wp-content\\\/uploads\\\/2023\\\/08\\\/30004828_CHAMPU-PROFESSIONAL-KERATINA-750-ml-AGRADO.webp\",\"width\":800,\"height\":800},{\"@type\":\"BreadcrumbList\",\"@id\":\"https:\\\/\\\/agradocosmetic.com\\\/producto\\\/champu-professional-keratina-750ml\\\/#breadcrumb\",\"itemListElement\":[{\"@type\":\"ListItem\",\"position\":1,\"name\":\"Portada\",\"item\":\"https:\\\/\\\/agradocosmetic.com\\\/\"},{\"@type\":\"ListItem\",\"position\":2,\"name\":\"Productos\",\"item\":\"https:\\\/\\\/agradocosmetic.com\\\/pt\\\/producto\\\/\"},{\"@type\":\"ListItem\",\"position\":3,\"name\":\"Champ\u00fa Professional Keratina\"}]},{\"@type\":\"WebSite\",\"@id\":\"https:\\\/\\\/agradocosmetic.com\\\/#website\",\"url\":\"https:\\\/\\\/agradocosmetic.com\\\/\",\"name\":\"Agrado\",\"description\":\"Cosmetic\",\"publisher\":{\"@id\":\"https:\\\/\\\/agradocosmetic.com\\\/#organization\"},\"potentialAction\":[{\"@type\":\"SearchAction\",\"target\":{\"@type\":\"EntryPoint\",\"urlTemplate\":\"https:\\\/\\\/agradocosmetic.com\\\/?s={search_term_string}\"},\"query-input\":{\"@type\":\"PropertyValueSpecification\",\"valueRequired\":true,\"valueName\":\"search_term_string\"}}],\"inLanguage\":\"pt-PT\"},{\"@type\":\"Organization\",\"@id\":\"https:\\\/\\\/agradocosmetic.com\\\/#organization\",\"name\":\"Agrado\",\"url\":\"https:\\\/\\\/agradocosmetic.com\\\/\",\"logo\":{\"@type\":\"ImageObject\",\"inLanguage\":\"pt-PT\",\"@id\":\"https:\\\/\\\/agradocosmetic.com\\\/#\\\/schema\\\/logo\\\/image\\\/\",\"url\":\"https:\\\/\\\/agradocosmetic.com\\\/wp-content\\\/uploads\\\/2023\\\/07\\\/LOGO-AGRADO-WEB-01.png\",\"contentUrl\":\"https:\\\/\\\/agradocosmetic.com\\\/wp-content\\\/uploads\\\/2023\\\/07\\\/LOGO-AGRADO-WEB-01.png\",\"width\":1632,\"height\":300,\"caption\":\"Agrado\"},\"image\":{\"@id\":\"https:\\\/\\\/agradocosmetic.com\\\/#\\\/schema\\\/logo\\\/image\\\/\"}}]}<\/script>\n<!-- \/ Yoast SEO plugin. -->","yoast_head_json":{"title":"Shampoo Profissional de Queratina - Agrado","robots":{"index":"index","follow":"follow","max-snippet":"max-snippet:-1","max-image-preview":"max-image-preview:large","max-video-preview":"max-video-preview:-1"},"canonical":"https:\/\/agradocosmetic.com\/pt\/producto\/champu-professional-keratina-750ml\/","og_locale":"pt_PT","og_type":"article","og_title":"Champ\u00fa Professional Keratina - Agrado","og_description":"El champ\u00fa Keratina AGRADO para cabellos encrespados est\u00e1 formulado para sacar el m\u00e1ximo partido a este principio activo. La keratina ayuda a reparar la cut\u00edcula de la fibra, d\u00e1ndole a tu cabello suavidad y vitalidad. Comb\u00ednalo con el resto de la l\u00ednea Keratina AGRADO para conseguir un cabello perfecto a diario. Dermatol\u00f3gicamente testado.","og_url":"https:\/\/agradocosmetic.com\/pt\/producto\/champu-professional-keratina-750ml\/","og_site_name":"Agrado","article_modified_time":"2026-02-04T07:49:11+00:00","og_image":[{"width":800,"height":800,"url":"https:\/\/agradocosmetic.com\/wp-content\/uploads\/2023\/08\/30004828_CHAMPU-PROFESSIONAL-KERATINA-750-ml-AGRADO.webp","type":"image\/webp"}],"twitter_card":"summary_large_image","twitter_misc":{"Tempo estimado de leitura":"1 minuto"},"schema":{"@context":"https:\/\/schema.org","@graph":[{"@type":"WebPage","@id":"https:\/\/agradocosmetic.com\/producto\/champu-professional-keratina-750ml\/","url":"https:\/\/agradocosmetic.com\/producto\/champu-professional-keratina-750ml\/","name":"Shampoo Profissional de Queratina - Agrado","isPartOf":{"@id":"https:\/\/agradocosmetic.com\/#website"},"primaryImageOfPage":{"@id":"https:\/\/agradocosmetic.com\/producto\/champu-professional-keratina-750ml\/#primaryimage"},"image":{"@id":"https:\/\/agradocosmetic.com\/producto\/champu-professional-keratina-750ml\/#primaryimage"},"thumbnailUrl":"https:\/\/agradocosmetic.com\/wp-content\/uploads\/2023\/08\/30004828_CHAMPU-PROFESSIONAL-KERATINA-750-ml-AGRADO.webp","datePublished":"2023-08-17T14:29:33+00:00","dateModified":"2026-02-04T07:49:11+00:00","breadcrumb":{"@id":"https:\/\/agradocosmetic.com\/producto\/champu-professional-keratina-750ml\/#breadcrumb"},"inLanguage":"pt-PT","potentialAction":[{"@type":"ReadAction","target":["https:\/\/agradocosmetic.com\/producto\/champu-professional-keratina-750ml\/"]}]},{"@type":"ImageObject","inLanguage":"pt-PT","@id":"https:\/\/agradocosmetic.com\/producto\/champu-professional-keratina-750ml\/#primaryimage","url":"https:\/\/agradocosmetic.com\/wp-content\/uploads\/2023\/08\/30004828_CHAMPU-PROFESSIONAL-KERATINA-750-ml-AGRADO.webp","contentUrl":"https:\/\/agradocosmetic.com\/wp-content\/uploads\/2023\/08\/30004828_CHAMPU-PROFESSIONAL-KERATINA-750-ml-AGRADO.webp","width":800,"height":800},{"@type":"BreadcrumbList","@id":"https:\/\/agradocosmetic.com\/producto\/champu-professional-keratina-750ml\/#breadcrumb","itemListElement":[{"@type":"ListItem","position":1,"name":"Portada","item":"https:\/\/agradocosmetic.com\/"},{"@type":"ListItem","position":2,"name":"Productos","item":"https:\/\/agradocosmetic.com\/pt\/producto\/"},{"@type":"ListItem","position":3,"name":"Champ\u00fa Professional Keratina"}]},{"@type":"WebSite","@id":"https:\/\/agradocosmetic.com\/#website","url":"https:\/\/agradocosmetic.com\/","name":"Gosto","description":"Cosm\u00e9tico","publisher":{"@id":"https:\/\/agradocosmetic.com\/#organization"},"potentialAction":[{"@type":"SearchAction","target":{"@type":"EntryPoint","urlTemplate":"https:\/\/agradocosmetic.com\/?s={search_term_string}"},"query-input":{"@type":"PropertyValueSpecification","valueRequired":true,"valueName":"search_term_string"}}],"inLanguage":"pt-PT"},{"@type":"Organization","@id":"https:\/\/agradocosmetic.com\/#organization","name":"Gosto","url":"https:\/\/agradocosmetic.com\/","logo":{"@type":"ImageObject","inLanguage":"pt-PT","@id":"https:\/\/agradocosmetic.com\/#\/schema\/logo\/image\/","url":"https:\/\/agradocosmetic.com\/wp-content\/uploads\/2023\/07\/LOGO-AGRADO-WEB-01.png","contentUrl":"https:\/\/agradocosmetic.com\/wp-content\/uploads\/2023\/07\/LOGO-AGRADO-WEB-01.png","width":1632,"height":300,"caption":"Agrado"},"image":{"@id":"https:\/\/agradocosmetic.com\/#\/schema\/logo\/image\/"}}]}},"_links":{"self":[{"href":"https:\/\/agradocosmetic.com\/pt\/wp-json\/wp\/v2\/producto\/225","targetHints":{"allow":["GET"]}}],"collection":[{"href":"https:\/\/agradocosmetic.com\/pt\/wp-json\/wp\/v2\/producto"}],"about":[{"href":"https:\/\/agradocosmetic.com\/pt\/wp-json\/wp\/v2\/types\/producto"}],"wp:featuredmedia":[{"embeddable":true,"href":"https:\/\/agradocosmetic.com\/pt\/wp-json\/wp\/v2\/media\/32949"}],"wp:attachment":[{"href":"https:\/\/agradocosmetic.com\/pt\/wp-json\/wp\/v2\/media?parent=225"}],"wp:term":[{"taxonomy":"categoria-de-producto","embeddable":true,"href":"https:\/\/agradocosmetic.com\/pt\/wp-json\/wp\/v2\/categoria-de-producto?post=225"}],"curies":[{"name":"wp","href":"https:\/\/api.w.org\/{rel}","templated":true}]}}

Champô Profissional Queratina

<p>O Champô profissional Queratina da AGRADO para cabelos frisados é formulado para tirar o máximo partido deste princípio ativo. A queratina ajuda a reparar a cutícula da fibra, dando suavidade e vitalidade ao seu cabelo. Combine-o com a restante gama Queratina da AGRADO para obter um cabelo perfeito todos os dias. Dermatologicamente testado.</p>

<!-- This site is optimized with the Yoast SEO plugin v27.4 - https://yoast.com/product/yoast-seo-wordpress/ -->
<title>Champú Professional Keratina - Agrado</title>
<meta name="robots" content="index, follow, max-snippet:-1, max-image-preview:large, max-video-preview:-1" />
<link rel="canonical" href="https://agradocosmetic.com/pt/producto/champu-professional-keratina-750ml/" />
<meta property="og:locale" content="pt_PT" />
<meta property="og:type" content="article" />
<meta property="og:title" content="Champú Professional Keratina - Agrado" />
<meta property="og:description" content="El champú Keratina AGRADO para cabellos encrespados está formulado para sacar el máximo partido a este principio activo. La keratina ayuda a reparar la cutícula de la fibra, dándole a tu cabello suavidad y vitalidad. Combínalo con el resto de la línea Keratina AGRADO para conseguir un cabello perfecto a diario. Dermatológicamente testado." />
<meta property="og:url" content="https://agradocosmetic.com/pt/producto/champu-professional-keratina-750ml/" />
<meta property="og:site_name" content="Agrado" />
<meta property="article:modified_time" content="2026-02-04T07:49:11+00:00" />
<meta property="og:image" content="https://agradocosmetic.com/wp-content/uploads/2023/08/30004828_CHAMPU-PROFESSIONAL-KERATINA-750-ml-AGRADO.webp" />
	<meta property="og:image:width" content="800" />
	<meta property="og:image:height" content="800" />
	<meta property="og:image:type" content="image/webp" />
<meta name="twitter:card" content="summary_large_image" />
<meta name="twitter:label1" content="Tempo estimado de leitura" />
	<meta name="twitter:data1" content="1 minuto" />
<script type="application/ld+json" class="yoast-schema-graph">{"@context":"https:\/\/schema.org","@graph":[{"@type":"WebPage","@id":"https:\/\/agradocosmetic.com\/producto\/champu-professional-keratina-750ml\/","url":"https:\/\/agradocosmetic.com\/producto\/champu-professional-keratina-750ml\/","name":"Champú Professional Keratina - Agrado","isPartOf":{"@id":"https:\/\/agradocosmetic.com\/#website"},"primaryImageOfPage":{"@id":"https:\/\/agradocosmetic.com\/producto\/champu-professional-keratina-750ml\/#primaryimage"},"image":{"@id":"https:\/\/agradocosmetic.com\/producto\/champu-professional-keratina-750ml\/#primaryimage"},"thumbnailUrl":"https:\/\/agradocosmetic.com\/wp-content\/uploads\/2023\/08\/30004828_CHAMPU-PROFESSIONAL-KERATINA-750-ml-AGRADO.webp","datePublished":"2023-08-17T14:29:33+00:00","dateModified":"2026-02-04T07:49:11+00:00","breadcrumb":{"@id":"https:\/\/agradocosmetic.com\/producto\/champu-professional-keratina-750ml\/#breadcrumb"},"inLanguage":"pt-PT","potentialAction":[{"@type":"ReadAction","target":["https:\/\/agradocosmetic.com\/producto\/champu-professional-keratina-750ml\/"]}]},{"@type":"ImageObject","inLanguage":"pt-PT","@id":"https:\/\/agradocosmetic.com\/producto\/champu-professional-keratina-750ml\/#primaryimage","url":"https:\/\/agradocosmetic.com\/wp-content\/uploads\/2023\/08\/30004828_CHAMPU-PROFESSIONAL-KERATINA-750-ml-AGRADO.webp","contentUrl":"https:\/\/agradocosmetic.com\/wp-content\/uploads\/2023\/08\/30004828_CHAMPU-PROFESSIONAL-KERATINA-750-ml-AGRADO.webp","width":800,"height":800},{"@type":"BreadcrumbList","@id":"https:\/\/agradocosmetic.com\/producto\/champu-professional-keratina-750ml\/#breadcrumb","itemListElement":[{"@type":"ListItem","position":1,"name":"Portada","item":"https:\/\/agradocosmetic.com\/"},{"@type":"ListItem","position":2,"name":"Productos","item":"https:\/\/agradocosmetic.com\/pt\/producto\/"},{"@type":"ListItem","position":3,"name":"Champú Professional Keratina"}]},{"@type":"WebSite","@id":"https:\/\/agradocosmetic.com\/#website","url":"https:\/\/agradocosmetic.com\/","name":"Agrado","description":"Cosmetic","publisher":{"@id":"https:\/\/agradocosmetic.com\/#organization"},"potentialAction":[{"@type":"SearchAction","target":{"@type":"EntryPoint","urlTemplate":"https:\/\/agradocosmetic.com\/?s={search_term_string}"},"query-input":{"@type":"PropertyValueSpecification","valueRequired":true,"valueName":"search_term_string"}}],"inLanguage":"pt-PT"},{"@type":"Organization","@id":"https:\/\/agradocosmetic.com\/#organization","name":"Agrado","url":"https:\/\/agradocosmetic.com\/","logo":{"@type":"ImageObject","inLanguage":"pt-PT","@id":"https:\/\/agradocosmetic.com\/#\/schema\/logo\/image\/","url":"https:\/\/agradocosmetic.com\/wp-content\/uploads\/2023\/07\/LOGO-AGRADO-WEB-01.png","contentUrl":"https:\/\/agradocosmetic.com\/wp-content\/uploads\/2023\/07\/LOGO-AGRADO-WEB-01.png","width":1632,"height":300,"caption":"Agrado"},"image":{"@id":"https:\/\/agradocosmetic.com\/#\/schema\/logo\/image\/"}}]}</script>
<!-- / Yoast SEO plugin. -->

Champú Professional Keratina - Agrado

El champú Keratina AGRADO para cabellos encrespados está formulado para sacar el máximo partido a este principio activo. La keratina ayuda a reparar la cutícula de la fibra, dándole a tu cabello suavidad y vitalidad. Combínalo con el resto de la línea Keratina AGRADO para conseguir un cabello perfecto a diario. Dermatológicamente testado.

Champú Professional Keratina

Cosmético
