{"id":22734,"date":"2023-10-27T07:48:29","date_gmt":"2023-10-27T07:48:29","guid":{"rendered":"https:\/\/dev-freelancerweb.site\/?post_type=producto&#038;p=22734"},"modified":"2026-02-04T08:37:45","modified_gmt":"2026-02-04T07:37:45","slug":"acondicionador-instantaneo-bifasico","status":"publish","type":"producto","link":"https:\/\/agradocosmetic.com\/pt\/producto\/acondicionador-instantaneo-bifasico\/","title":{"rendered":"Condicionador instant\u00e2neo bif\u00e1sico"},"content":{"rendered":"<p>O Condicionador Bif\u00e1sico sem enxaguar da AGRADO facilita o desembara\u00e7ar ao mesmo tempo que hidrata. Os seus ingredientes ativos e condicionadores atuam refor\u00e7ando a fibra capilar, reestruturando o cabelo interna e externamente, fazendo com que recupere toda a sua vitalidade, proporcionando-lhe suavidade, brilho e soltura.<\/p>","protected":false},"featured_media":29553,"template":"","categoria-de-producto":[841,73,75],"class_list":["post-22734","producto","type-producto","status-publish","has-post-thumbnail","hentry","categoria-de-producto-bifasico","categoria-de-producto-cuidado-capilar","categoria-de-producto-acondicionador"],"yoast_head":"<!-- This site is optimized with the Yoast SEO plugin v27.4 - https:\/\/yoast.com\/product\/yoast-seo-wordpress\/ -->\n<title>Acondicionador instant\u00e1neo bif\u00e1sico - Agrado<\/title>\n<meta name=\"robots\" content=\"index, follow, max-snippet:-1, max-image-preview:large, max-video-preview:-1\" \/>\n<link rel=\"canonical\" href=\"https:\/\/agradocosmetic.com\/pt\/producto\/acondicionador-instantaneo-bifasico\/\" \/>\n<meta property=\"og:locale\" content=\"pt_PT\" \/>\n<meta property=\"og:type\" content=\"article\" \/>\n<meta property=\"og:title\" content=\"Acondicionador instant\u00e1neo bif\u00e1sico - Agrado\" \/>\n<meta property=\"og:description\" content=\"El Acondicionador Bif\u00e1sico sin aclarado AGRADO facilita el desenredado a la vez que hidrata. Sus ingredientes activos y acondicionadores act\u00faan reforzando la fibra capilar, reestructurando interna y externamente el cabello haciendo que recobre toda su vitalidad y proporcion\u00e1ndole suavidad, brillo y soltura.\" \/>\n<meta property=\"og:url\" content=\"https:\/\/agradocosmetic.com\/pt\/producto\/acondicionador-instantaneo-bifasico\/\" \/>\n<meta property=\"og:site_name\" content=\"Agrado\" \/>\n<meta property=\"article:modified_time\" content=\"2026-02-04T07:37:45+00:00\" \/>\n<meta property=\"og:image\" content=\"https:\/\/agradocosmetic.com\/wp-content\/uploads\/2023\/10\/30004826_AGRADO-ACOND-BIFASICO-400ml_web.png\" \/>\n\t<meta property=\"og:image:width\" content=\"800\" \/>\n\t<meta property=\"og:image:height\" content=\"800\" \/>\n\t<meta property=\"og:image:type\" content=\"image\/png\" \/>\n<meta name=\"twitter:card\" content=\"summary_large_image\" \/>\n<meta name=\"twitter:label1\" content=\"Tempo estimado de leitura\" \/>\n\t<meta name=\"twitter:data1\" content=\"1 minuto\" \/>\n<script type=\"application\/ld+json\" class=\"yoast-schema-graph\">{\"@context\":\"https:\\\/\\\/schema.org\",\"@graph\":[{\"@type\":\"WebPage\",\"@id\":\"https:\\\/\\\/agradocosmetic.com\\\/producto\\\/acondicionador-instantaneo-bifasico\\\/\",\"url\":\"https:\\\/\\\/agradocosmetic.com\\\/producto\\\/acondicionador-instantaneo-bifasico\\\/\",\"name\":\"Acondicionador instant\u00e1neo bif\u00e1sico - Agrado\",\"isPartOf\":{\"@id\":\"https:\\\/\\\/agradocosmetic.com\\\/#website\"},\"primaryImageOfPage\":{\"@id\":\"https:\\\/\\\/agradocosmetic.com\\\/producto\\\/acondicionador-instantaneo-bifasico\\\/#primaryimage\"},\"image\":{\"@id\":\"https:\\\/\\\/agradocosmetic.com\\\/producto\\\/acondicionador-instantaneo-bifasico\\\/#primaryimage\"},\"thumbnailUrl\":\"https:\\\/\\\/agradocosmetic.com\\\/wp-content\\\/uploads\\\/2023\\\/10\\\/30004826_AGRADO-ACOND-BIFASICO-400ml_web.png\",\"datePublished\":\"2023-10-27T07:48:29+00:00\",\"dateModified\":\"2026-02-04T07:37:45+00:00\",\"breadcrumb\":{\"@id\":\"https:\\\/\\\/agradocosmetic.com\\\/producto\\\/acondicionador-instantaneo-bifasico\\\/#breadcrumb\"},\"inLanguage\":\"pt-PT\",\"potentialAction\":[{\"@type\":\"ReadAction\",\"target\":[\"https:\\\/\\\/agradocosmetic.com\\\/producto\\\/acondicionador-instantaneo-bifasico\\\/\"]}]},{\"@type\":\"ImageObject\",\"inLanguage\":\"pt-PT\",\"@id\":\"https:\\\/\\\/agradocosmetic.com\\\/producto\\\/acondicionador-instantaneo-bifasico\\\/#primaryimage\",\"url\":\"https:\\\/\\\/agradocosmetic.com\\\/wp-content\\\/uploads\\\/2023\\\/10\\\/30004826_AGRADO-ACOND-BIFASICO-400ml_web.png\",\"contentUrl\":\"https:\\\/\\\/agradocosmetic.com\\\/wp-content\\\/uploads\\\/2023\\\/10\\\/30004826_AGRADO-ACOND-BIFASICO-400ml_web.png\",\"width\":800,\"height\":800,\"caption\":\"30004826_AGRADO ACOND BIFASICO 400ml_web\"},{\"@type\":\"BreadcrumbList\",\"@id\":\"https:\\\/\\\/agradocosmetic.com\\\/producto\\\/acondicionador-instantaneo-bifasico\\\/#breadcrumb\",\"itemListElement\":[{\"@type\":\"ListItem\",\"position\":1,\"name\":\"Portada\",\"item\":\"https:\\\/\\\/agradocosmetic.com\\\/\"},{\"@type\":\"ListItem\",\"position\":2,\"name\":\"Productos\",\"item\":\"https:\\\/\\\/agradocosmetic.com\\\/pt\\\/producto\\\/\"},{\"@type\":\"ListItem\",\"position\":3,\"name\":\"Acondicionador instant\u00e1neo bif\u00e1sico\"}]},{\"@type\":\"WebSite\",\"@id\":\"https:\\\/\\\/agradocosmetic.com\\\/#website\",\"url\":\"https:\\\/\\\/agradocosmetic.com\\\/\",\"name\":\"Agrado\",\"description\":\"Cosmetic\",\"publisher\":{\"@id\":\"https:\\\/\\\/agradocosmetic.com\\\/#organization\"},\"potentialAction\":[{\"@type\":\"SearchAction\",\"target\":{\"@type\":\"EntryPoint\",\"urlTemplate\":\"https:\\\/\\\/agradocosmetic.com\\\/?s={search_term_string}\"},\"query-input\":{\"@type\":\"PropertyValueSpecification\",\"valueRequired\":true,\"valueName\":\"search_term_string\"}}],\"inLanguage\":\"pt-PT\"},{\"@type\":\"Organization\",\"@id\":\"https:\\\/\\\/agradocosmetic.com\\\/#organization\",\"name\":\"Agrado\",\"url\":\"https:\\\/\\\/agradocosmetic.com\\\/\",\"logo\":{\"@type\":\"ImageObject\",\"inLanguage\":\"pt-PT\",\"@id\":\"https:\\\/\\\/agradocosmetic.com\\\/#\\\/schema\\\/logo\\\/image\\\/\",\"url\":\"https:\\\/\\\/agradocosmetic.com\\\/wp-content\\\/uploads\\\/2023\\\/07\\\/LOGO-AGRADO-WEB-01.png\",\"contentUrl\":\"https:\\\/\\\/agradocosmetic.com\\\/wp-content\\\/uploads\\\/2023\\\/07\\\/LOGO-AGRADO-WEB-01.png\",\"width\":1632,\"height\":300,\"caption\":\"Agrado\"},\"image\":{\"@id\":\"https:\\\/\\\/agradocosmetic.com\\\/#\\\/schema\\\/logo\\\/image\\\/\"}}]}<\/script>\n<!-- \/ Yoast SEO plugin. -->","yoast_head_json":{"title":"Condicionador Instant\u00e2neo Bif\u00e1sico - Agrado","robots":{"index":"index","follow":"follow","max-snippet":"max-snippet:-1","max-image-preview":"max-image-preview:large","max-video-preview":"max-video-preview:-1"},"canonical":"https:\/\/agradocosmetic.com\/pt\/producto\/acondicionador-instantaneo-bifasico\/","og_locale":"pt_PT","og_type":"article","og_title":"Acondicionador instant\u00e1neo bif\u00e1sico - Agrado","og_description":"El Acondicionador Bif\u00e1sico sin aclarado AGRADO facilita el desenredado a la vez que hidrata. Sus ingredientes activos y acondicionadores act\u00faan reforzando la fibra capilar, reestructurando interna y externamente el cabello haciendo que recobre toda su vitalidad y proporcion\u00e1ndole suavidad, brillo y soltura.","og_url":"https:\/\/agradocosmetic.com\/pt\/producto\/acondicionador-instantaneo-bifasico\/","og_site_name":"Agrado","article_modified_time":"2026-02-04T07:37:45+00:00","og_image":[{"width":800,"height":800,"url":"https:\/\/agradocosmetic.com\/wp-content\/uploads\/2023\/10\/30004826_AGRADO-ACOND-BIFASICO-400ml_web.png","type":"image\/png"}],"twitter_card":"summary_large_image","twitter_misc":{"Tempo estimado de leitura":"1 minuto"},"schema":{"@context":"https:\/\/schema.org","@graph":[{"@type":"WebPage","@id":"https:\/\/agradocosmetic.com\/producto\/acondicionador-instantaneo-bifasico\/","url":"https:\/\/agradocosmetic.com\/producto\/acondicionador-instantaneo-bifasico\/","name":"Condicionador Instant\u00e2neo Bif\u00e1sico - Agrado","isPartOf":{"@id":"https:\/\/agradocosmetic.com\/#website"},"primaryImageOfPage":{"@id":"https:\/\/agradocosmetic.com\/producto\/acondicionador-instantaneo-bifasico\/#primaryimage"},"image":{"@id":"https:\/\/agradocosmetic.com\/producto\/acondicionador-instantaneo-bifasico\/#primaryimage"},"thumbnailUrl":"https:\/\/agradocosmetic.com\/wp-content\/uploads\/2023\/10\/30004826_AGRADO-ACOND-BIFASICO-400ml_web.png","datePublished":"2023-10-27T07:48:29+00:00","dateModified":"2026-02-04T07:37:45+00:00","breadcrumb":{"@id":"https:\/\/agradocosmetic.com\/producto\/acondicionador-instantaneo-bifasico\/#breadcrumb"},"inLanguage":"pt-PT","potentialAction":[{"@type":"ReadAction","target":["https:\/\/agradocosmetic.com\/producto\/acondicionador-instantaneo-bifasico\/"]}]},{"@type":"ImageObject","inLanguage":"pt-PT","@id":"https:\/\/agradocosmetic.com\/producto\/acondicionador-instantaneo-bifasico\/#primaryimage","url":"https:\/\/agradocosmetic.com\/wp-content\/uploads\/2023\/10\/30004826_AGRADO-ACOND-BIFASICO-400ml_web.png","contentUrl":"https:\/\/agradocosmetic.com\/wp-content\/uploads\/2023\/10\/30004826_AGRADO-ACOND-BIFASICO-400ml_web.png","width":800,"height":800,"caption":"30004826_AGRADO ACOND BIFASICO 400ml_web"},{"@type":"BreadcrumbList","@id":"https:\/\/agradocosmetic.com\/producto\/acondicionador-instantaneo-bifasico\/#breadcrumb","itemListElement":[{"@type":"ListItem","position":1,"name":"Portada","item":"https:\/\/agradocosmetic.com\/"},{"@type":"ListItem","position":2,"name":"Productos","item":"https:\/\/agradocosmetic.com\/pt\/producto\/"},{"@type":"ListItem","position":3,"name":"Acondicionador instant\u00e1neo bif\u00e1sico"}]},{"@type":"WebSite","@id":"https:\/\/agradocosmetic.com\/#website","url":"https:\/\/agradocosmetic.com\/","name":"Gosto","description":"Cosm\u00e9tico","publisher":{"@id":"https:\/\/agradocosmetic.com\/#organization"},"potentialAction":[{"@type":"SearchAction","target":{"@type":"EntryPoint","urlTemplate":"https:\/\/agradocosmetic.com\/?s={search_term_string}"},"query-input":{"@type":"PropertyValueSpecification","valueRequired":true,"valueName":"search_term_string"}}],"inLanguage":"pt-PT"},{"@type":"Organization","@id":"https:\/\/agradocosmetic.com\/#organization","name":"Gosto","url":"https:\/\/agradocosmetic.com\/","logo":{"@type":"ImageObject","inLanguage":"pt-PT","@id":"https:\/\/agradocosmetic.com\/#\/schema\/logo\/image\/","url":"https:\/\/agradocosmetic.com\/wp-content\/uploads\/2023\/07\/LOGO-AGRADO-WEB-01.png","contentUrl":"https:\/\/agradocosmetic.com\/wp-content\/uploads\/2023\/07\/LOGO-AGRADO-WEB-01.png","width":1632,"height":300,"caption":"Agrado"},"image":{"@id":"https:\/\/agradocosmetic.com\/#\/schema\/logo\/image\/"}}]}},"_links":{"self":[{"href":"https:\/\/agradocosmetic.com\/pt\/wp-json\/wp\/v2\/producto\/22734","targetHints":{"allow":["GET"]}}],"collection":[{"href":"https:\/\/agradocosmetic.com\/pt\/wp-json\/wp\/v2\/producto"}],"about":[{"href":"https:\/\/agradocosmetic.com\/pt\/wp-json\/wp\/v2\/types\/producto"}],"wp:featuredmedia":[{"embeddable":true,"href":"https:\/\/agradocosmetic.com\/pt\/wp-json\/wp\/v2\/media\/29553"}],"wp:attachment":[{"href":"https:\/\/agradocosmetic.com\/pt\/wp-json\/wp\/v2\/media?parent=22734"}],"wp:term":[{"taxonomy":"categoria-de-producto","embeddable":true,"href":"https:\/\/agradocosmetic.com\/pt\/wp-json\/wp\/v2\/categoria-de-producto?post=22734"}],"curies":[{"name":"wp","href":"https:\/\/api.w.org\/{rel}","templated":true}]}}

Condicionador instantâneo bifásico

<p>O Condicionador Bifásico sem enxaguar da AGRADO facilita o desembaraçar ao mesmo tempo que hidrata. Os seus ingredientes ativos e condicionadores atuam reforçando a fibra capilar, reestruturando o cabelo interna e externamente, fazendo com que recupere toda a sua vitalidade, proporcionando-lhe suavidade, brilho e soltura.</p>

<!-- This site is optimized with the Yoast SEO plugin v27.4 - https://yoast.com/product/yoast-seo-wordpress/ -->
<title>Acondicionador instantáneo bifásico - Agrado</title>
<meta name="robots" content="index, follow, max-snippet:-1, max-image-preview:large, max-video-preview:-1" />
<link rel="canonical" href="https://agradocosmetic.com/pt/producto/acondicionador-instantaneo-bifasico/" />
<meta property="og:locale" content="pt_PT" />
<meta property="og:type" content="article" />
<meta property="og:title" content="Acondicionador instantáneo bifásico - Agrado" />
<meta property="og:description" content="El Acondicionador Bifásico sin aclarado AGRADO facilita el desenredado a la vez que hidrata. Sus ingredientes activos y acondicionadores actúan reforzando la fibra capilar, reestructurando interna y externamente el cabello haciendo que recobre toda su vitalidad y proporcionándole suavidad, brillo y soltura." />
<meta property="og:url" content="https://agradocosmetic.com/pt/producto/acondicionador-instantaneo-bifasico/" />
<meta property="og:site_name" content="Agrado" />
<meta property="article:modified_time" content="2026-02-04T07:37:45+00:00" />
<meta property="og:image" content="https://agradocosmetic.com/wp-content/uploads/2023/10/30004826_AGRADO-ACOND-BIFASICO-400ml_web.png" />
	<meta property="og:image:width" content="800" />
	<meta property="og:image:height" content="800" />
	<meta property="og:image:type" content="image/png" />
<meta name="twitter:card" content="summary_large_image" />
<meta name="twitter:label1" content="Tempo estimado de leitura" />
	<meta name="twitter:data1" content="1 minuto" />
<script type="application/ld+json" class="yoast-schema-graph">{"@context":"https:\/\/schema.org","@graph":[{"@type":"WebPage","@id":"https:\/\/agradocosmetic.com\/producto\/acondicionador-instantaneo-bifasico\/","url":"https:\/\/agradocosmetic.com\/producto\/acondicionador-instantaneo-bifasico\/","name":"Acondicionador instantáneo bifásico - Agrado","isPartOf":{"@id":"https:\/\/agradocosmetic.com\/#website"},"primaryImageOfPage":{"@id":"https:\/\/agradocosmetic.com\/producto\/acondicionador-instantaneo-bifasico\/#primaryimage"},"image":{"@id":"https:\/\/agradocosmetic.com\/producto\/acondicionador-instantaneo-bifasico\/#primaryimage"},"thumbnailUrl":"https:\/\/agradocosmetic.com\/wp-content\/uploads\/2023\/10\/30004826_AGRADO-ACOND-BIFASICO-400ml_web.png","datePublished":"2023-10-27T07:48:29+00:00","dateModified":"2026-02-04T07:37:45+00:00","breadcrumb":{"@id":"https:\/\/agradocosmetic.com\/producto\/acondicionador-instantaneo-bifasico\/#breadcrumb"},"inLanguage":"pt-PT","potentialAction":[{"@type":"ReadAction","target":["https:\/\/agradocosmetic.com\/producto\/acondicionador-instantaneo-bifasico\/"]}]},{"@type":"ImageObject","inLanguage":"pt-PT","@id":"https:\/\/agradocosmetic.com\/producto\/acondicionador-instantaneo-bifasico\/#primaryimage","url":"https:\/\/agradocosmetic.com\/wp-content\/uploads\/2023\/10\/30004826_AGRADO-ACOND-BIFASICO-400ml_web.png","contentUrl":"https:\/\/agradocosmetic.com\/wp-content\/uploads\/2023\/10\/30004826_AGRADO-ACOND-BIFASICO-400ml_web.png","width":800,"height":800,"caption":"30004826_AGRADO ACOND BIFASICO 400ml_web"},{"@type":"BreadcrumbList","@id":"https:\/\/agradocosmetic.com\/producto\/acondicionador-instantaneo-bifasico\/#breadcrumb","itemListElement":[{"@type":"ListItem","position":1,"name":"Portada","item":"https:\/\/agradocosmetic.com\/"},{"@type":"ListItem","position":2,"name":"Productos","item":"https:\/\/agradocosmetic.com\/pt\/producto\/"},{"@type":"ListItem","position":3,"name":"Acondicionador instantáneo bifásico"}]},{"@type":"WebSite","@id":"https:\/\/agradocosmetic.com\/#website","url":"https:\/\/agradocosmetic.com\/","name":"Agrado","description":"Cosmetic","publisher":{"@id":"https:\/\/agradocosmetic.com\/#organization"},"potentialAction":[{"@type":"SearchAction","target":{"@type":"EntryPoint","urlTemplate":"https:\/\/agradocosmetic.com\/?s={search_term_string}"},"query-input":{"@type":"PropertyValueSpecification","valueRequired":true,"valueName":"search_term_string"}}],"inLanguage":"pt-PT"},{"@type":"Organization","@id":"https:\/\/agradocosmetic.com\/#organization","name":"Agrado","url":"https:\/\/agradocosmetic.com\/","logo":{"@type":"ImageObject","inLanguage":"pt-PT","@id":"https:\/\/agradocosmetic.com\/#\/schema\/logo\/image\/","url":"https:\/\/agradocosmetic.com\/wp-content\/uploads\/2023\/07\/LOGO-AGRADO-WEB-01.png","contentUrl":"https:\/\/agradocosmetic.com\/wp-content\/uploads\/2023\/07\/LOGO-AGRADO-WEB-01.png","width":1632,"height":300,"caption":"Agrado"},"image":{"@id":"https:\/\/agradocosmetic.com\/#\/schema\/logo\/image\/"}}]}</script>
<!-- / Yoast SEO plugin. -->

Condicionador Instantâneo Bifásico - Agrado

Acondicionador instantáneo bifásico - Agrado

El Acondicionador Bifásico sin aclarado AGRADO facilita el desenredado a la vez que hidrata. Sus ingredientes activos y acondicionadores actúan reforzando la fibra capilar, reestructurando interna y externamente el cabello haciendo que recobre toda su vitalidad y proporcionándole suavidad, brillo y soltura.

Acondicionador instantáneo bifásico

Cosmético
