{"id":371,"date":"2023-08-18T03:21:15","date_gmt":"2023-08-18T03:21:15","guid":{"rendered":"https:\/\/dev-freelancerweb.site\/?post_type=producto&#038;p=371"},"modified":"2026-02-04T08:49:03","modified_gmt":"2026-02-04T07:49:03","slug":"champu-professional-reparador-nutritivo-2","status":"publish","type":"producto","link":"https:\/\/agradocosmetic.com\/pt\/producto\/champu-professional-reparador-nutritivo-2\/","title":{"rendered":"Champ\u00f4 Profissional Reparador Nutritivo"},"content":{"rendered":"<p>O champ\u00f4 Reparador Nutritivo da AGRADO \u00e9 formulado com g\u00e9rmen de trigo, provitamina B5 e queratina. \u00c9 especialmente indicado para cabelos secos, danificados ou quebradi\u00e7os que necessitam de um fornecimento extra de hidrata\u00e7\u00e3o. A prote\u00edna de trigo, hidrata a raiz, dando brilho e vitalidade ao cabelo. O seu contributo de queratina aumenta a resist\u00eancia \u00e0 quebra e fortalece o cabelo. Dermatologicamente testado.<\/p>","protected":false},"featured_media":32182,"template":"","categoria-de-producto":[838,73,74,466],"class_list":["post-371","producto","type-producto","status-publish","has-post-thumbnail","hentry","categoria-de-producto-750ml","categoria-de-producto-cuidado-capilar","categoria-de-producto-champu","categoria-de-producto-cabellos-danados-y-secos"],"yoast_head":"<!-- This site is optimized with the Yoast SEO plugin v27.4 - https:\/\/yoast.com\/product\/yoast-seo-wordpress\/ -->\n<title>Champ\u00fa Profesional Reparador Nutritivo - Agrado<\/title>\n<meta name=\"robots\" content=\"index, follow, max-snippet:-1, max-image-preview:large, max-video-preview:-1\" \/>\n<link rel=\"canonical\" href=\"https:\/\/agradocosmetic.com\/pt\/producto\/champu-professional-reparador-nutritivo-2\/\" \/>\n<meta property=\"og:locale\" content=\"pt_PT\" \/>\n<meta property=\"og:type\" content=\"article\" \/>\n<meta property=\"og:title\" content=\"Champ\u00fa Profesional Reparador Nutritivo - Agrado\" \/>\n<meta property=\"og:description\" content=\"El champ\u00fa profesional Reparador Nutritivo AGRADO est\u00e1 especialmente indicado para cabellos muy secos y da\u00f1ados que necesitan un aporte extra de hidrataci\u00f3n. La prote\u00edna de trigo hidrata la ra\u00edz, aport\u00e1ndole brillo y vitalidad al cabello. Su aporte de keratina aumenta la resistencia a la rotura y lo fortalece. Dermatol\u00f3gicamente testado.\" \/>\n<meta property=\"og:url\" content=\"https:\/\/agradocosmetic.com\/pt\/producto\/champu-professional-reparador-nutritivo-2\/\" \/>\n<meta property=\"og:site_name\" content=\"Agrado\" \/>\n<meta property=\"article:modified_time\" content=\"2026-02-04T07:49:03+00:00\" \/>\n<meta property=\"og:image\" content=\"https:\/\/agradocosmetic.com\/wp-content\/uploads\/2023\/08\/30004882-CH-NUTRI-REPARA-750ML.webp\" \/>\n\t<meta property=\"og:image:width\" content=\"800\" \/>\n\t<meta property=\"og:image:height\" content=\"800\" \/>\n\t<meta property=\"og:image:type\" content=\"image\/webp\" \/>\n<meta name=\"twitter:card\" content=\"summary_large_image\" \/>\n<meta name=\"twitter:label1\" content=\"Tempo estimado de leitura\" \/>\n\t<meta name=\"twitter:data1\" content=\"1 minuto\" \/>\n<script type=\"application\/ld+json\" class=\"yoast-schema-graph\">{\"@context\":\"https:\\\/\\\/schema.org\",\"@graph\":[{\"@type\":\"WebPage\",\"@id\":\"https:\\\/\\\/agradocosmetic.com\\\/producto\\\/champu-professional-reparador-nutritivo-2\\\/\",\"url\":\"https:\\\/\\\/agradocosmetic.com\\\/producto\\\/champu-professional-reparador-nutritivo-2\\\/\",\"name\":\"Champ\u00fa Profesional Reparador Nutritivo - Agrado\",\"isPartOf\":{\"@id\":\"https:\\\/\\\/agradocosmetic.com\\\/#website\"},\"primaryImageOfPage\":{\"@id\":\"https:\\\/\\\/agradocosmetic.com\\\/producto\\\/champu-professional-reparador-nutritivo-2\\\/#primaryimage\"},\"image\":{\"@id\":\"https:\\\/\\\/agradocosmetic.com\\\/producto\\\/champu-professional-reparador-nutritivo-2\\\/#primaryimage\"},\"thumbnailUrl\":\"https:\\\/\\\/agradocosmetic.com\\\/wp-content\\\/uploads\\\/2023\\\/08\\\/30004882-CH-NUTRI-REPARA-750ML.webp\",\"datePublished\":\"2023-08-18T03:21:15+00:00\",\"dateModified\":\"2026-02-04T07:49:03+00:00\",\"breadcrumb\":{\"@id\":\"https:\\\/\\\/agradocosmetic.com\\\/producto\\\/champu-professional-reparador-nutritivo-2\\\/#breadcrumb\"},\"inLanguage\":\"pt-PT\",\"potentialAction\":[{\"@type\":\"ReadAction\",\"target\":[\"https:\\\/\\\/agradocosmetic.com\\\/producto\\\/champu-professional-reparador-nutritivo-2\\\/\"]}]},{\"@type\":\"ImageObject\",\"inLanguage\":\"pt-PT\",\"@id\":\"https:\\\/\\\/agradocosmetic.com\\\/producto\\\/champu-professional-reparador-nutritivo-2\\\/#primaryimage\",\"url\":\"https:\\\/\\\/agradocosmetic.com\\\/wp-content\\\/uploads\\\/2023\\\/08\\\/30004882-CH-NUTRI-REPARA-750ML.webp\",\"contentUrl\":\"https:\\\/\\\/agradocosmetic.com\\\/wp-content\\\/uploads\\\/2023\\\/08\\\/30004882-CH-NUTRI-REPARA-750ML.webp\",\"width\":800,\"height\":800},{\"@type\":\"BreadcrumbList\",\"@id\":\"https:\\\/\\\/agradocosmetic.com\\\/producto\\\/champu-professional-reparador-nutritivo-2\\\/#breadcrumb\",\"itemListElement\":[{\"@type\":\"ListItem\",\"position\":1,\"name\":\"Portada\",\"item\":\"https:\\\/\\\/agradocosmetic.com\\\/\"},{\"@type\":\"ListItem\",\"position\":2,\"name\":\"Productos\",\"item\":\"https:\\\/\\\/agradocosmetic.com\\\/pt\\\/producto\\\/\"},{\"@type\":\"ListItem\",\"position\":3,\"name\":\"Champ\u00fa Profesional Reparador Nutritivo\"}]},{\"@type\":\"WebSite\",\"@id\":\"https:\\\/\\\/agradocosmetic.com\\\/#website\",\"url\":\"https:\\\/\\\/agradocosmetic.com\\\/\",\"name\":\"Agrado\",\"description\":\"Cosmetic\",\"publisher\":{\"@id\":\"https:\\\/\\\/agradocosmetic.com\\\/#organization\"},\"potentialAction\":[{\"@type\":\"SearchAction\",\"target\":{\"@type\":\"EntryPoint\",\"urlTemplate\":\"https:\\\/\\\/agradocosmetic.com\\\/?s={search_term_string}\"},\"query-input\":{\"@type\":\"PropertyValueSpecification\",\"valueRequired\":true,\"valueName\":\"search_term_string\"}}],\"inLanguage\":\"pt-PT\"},{\"@type\":\"Organization\",\"@id\":\"https:\\\/\\\/agradocosmetic.com\\\/#organization\",\"name\":\"Agrado\",\"url\":\"https:\\\/\\\/agradocosmetic.com\\\/\",\"logo\":{\"@type\":\"ImageObject\",\"inLanguage\":\"pt-PT\",\"@id\":\"https:\\\/\\\/agradocosmetic.com\\\/#\\\/schema\\\/logo\\\/image\\\/\",\"url\":\"https:\\\/\\\/agradocosmetic.com\\\/wp-content\\\/uploads\\\/2023\\\/07\\\/LOGO-AGRADO-WEB-01.png\",\"contentUrl\":\"https:\\\/\\\/agradocosmetic.com\\\/wp-content\\\/uploads\\\/2023\\\/07\\\/LOGO-AGRADO-WEB-01.png\",\"width\":1632,\"height\":300,\"caption\":\"Agrado\"},\"image\":{\"@id\":\"https:\\\/\\\/agradocosmetic.com\\\/#\\\/schema\\\/logo\\\/image\\\/\"}}]}<\/script>\n<!-- \/ Yoast SEO plugin. -->","yoast_head_json":{"title":"Shampoo Reparador Nutritivo Profissional - Agrado","robots":{"index":"index","follow":"follow","max-snippet":"max-snippet:-1","max-image-preview":"max-image-preview:large","max-video-preview":"max-video-preview:-1"},"canonical":"https:\/\/agradocosmetic.com\/pt\/producto\/champu-professional-reparador-nutritivo-2\/","og_locale":"pt_PT","og_type":"article","og_title":"Champ\u00fa Profesional Reparador Nutritivo - Agrado","og_description":"El champ\u00fa profesional Reparador Nutritivo AGRADO est\u00e1 especialmente indicado para cabellos muy secos y da\u00f1ados que necesitan un aporte extra de hidrataci\u00f3n. La prote\u00edna de trigo hidrata la ra\u00edz, aport\u00e1ndole brillo y vitalidad al cabello. Su aporte de keratina aumenta la resistencia a la rotura y lo fortalece. Dermatol\u00f3gicamente testado.","og_url":"https:\/\/agradocosmetic.com\/pt\/producto\/champu-professional-reparador-nutritivo-2\/","og_site_name":"Agrado","article_modified_time":"2026-02-04T07:49:03+00:00","og_image":[{"width":800,"height":800,"url":"https:\/\/agradocosmetic.com\/wp-content\/uploads\/2023\/08\/30004882-CH-NUTRI-REPARA-750ML.webp","type":"image\/webp"}],"twitter_card":"summary_large_image","twitter_misc":{"Tempo estimado de leitura":"1 minuto"},"schema":{"@context":"https:\/\/schema.org","@graph":[{"@type":"WebPage","@id":"https:\/\/agradocosmetic.com\/producto\/champu-professional-reparador-nutritivo-2\/","url":"https:\/\/agradocosmetic.com\/producto\/champu-professional-reparador-nutritivo-2\/","name":"Shampoo Reparador Nutritivo Profissional - Agrado","isPartOf":{"@id":"https:\/\/agradocosmetic.com\/#website"},"primaryImageOfPage":{"@id":"https:\/\/agradocosmetic.com\/producto\/champu-professional-reparador-nutritivo-2\/#primaryimage"},"image":{"@id":"https:\/\/agradocosmetic.com\/producto\/champu-professional-reparador-nutritivo-2\/#primaryimage"},"thumbnailUrl":"https:\/\/agradocosmetic.com\/wp-content\/uploads\/2023\/08\/30004882-CH-NUTRI-REPARA-750ML.webp","datePublished":"2023-08-18T03:21:15+00:00","dateModified":"2026-02-04T07:49:03+00:00","breadcrumb":{"@id":"https:\/\/agradocosmetic.com\/producto\/champu-professional-reparador-nutritivo-2\/#breadcrumb"},"inLanguage":"pt-PT","potentialAction":[{"@type":"ReadAction","target":["https:\/\/agradocosmetic.com\/producto\/champu-professional-reparador-nutritivo-2\/"]}]},{"@type":"ImageObject","inLanguage":"pt-PT","@id":"https:\/\/agradocosmetic.com\/producto\/champu-professional-reparador-nutritivo-2\/#primaryimage","url":"https:\/\/agradocosmetic.com\/wp-content\/uploads\/2023\/08\/30004882-CH-NUTRI-REPARA-750ML.webp","contentUrl":"https:\/\/agradocosmetic.com\/wp-content\/uploads\/2023\/08\/30004882-CH-NUTRI-REPARA-750ML.webp","width":800,"height":800},{"@type":"BreadcrumbList","@id":"https:\/\/agradocosmetic.com\/producto\/champu-professional-reparador-nutritivo-2\/#breadcrumb","itemListElement":[{"@type":"ListItem","position":1,"name":"Portada","item":"https:\/\/agradocosmetic.com\/"},{"@type":"ListItem","position":2,"name":"Productos","item":"https:\/\/agradocosmetic.com\/pt\/producto\/"},{"@type":"ListItem","position":3,"name":"Champ\u00fa Profesional Reparador Nutritivo"}]},{"@type":"WebSite","@id":"https:\/\/agradocosmetic.com\/#website","url":"https:\/\/agradocosmetic.com\/","name":"Gosto","description":"Cosm\u00e9tico","publisher":{"@id":"https:\/\/agradocosmetic.com\/#organization"},"potentialAction":[{"@type":"SearchAction","target":{"@type":"EntryPoint","urlTemplate":"https:\/\/agradocosmetic.com\/?s={search_term_string}"},"query-input":{"@type":"PropertyValueSpecification","valueRequired":true,"valueName":"search_term_string"}}],"inLanguage":"pt-PT"},{"@type":"Organization","@id":"https:\/\/agradocosmetic.com\/#organization","name":"Gosto","url":"https:\/\/agradocosmetic.com\/","logo":{"@type":"ImageObject","inLanguage":"pt-PT","@id":"https:\/\/agradocosmetic.com\/#\/schema\/logo\/image\/","url":"https:\/\/agradocosmetic.com\/wp-content\/uploads\/2023\/07\/LOGO-AGRADO-WEB-01.png","contentUrl":"https:\/\/agradocosmetic.com\/wp-content\/uploads\/2023\/07\/LOGO-AGRADO-WEB-01.png","width":1632,"height":300,"caption":"Agrado"},"image":{"@id":"https:\/\/agradocosmetic.com\/#\/schema\/logo\/image\/"}}]}},"_links":{"self":[{"href":"https:\/\/agradocosmetic.com\/pt\/wp-json\/wp\/v2\/producto\/371","targetHints":{"allow":["GET"]}}],"collection":[{"href":"https:\/\/agradocosmetic.com\/pt\/wp-json\/wp\/v2\/producto"}],"about":[{"href":"https:\/\/agradocosmetic.com\/pt\/wp-json\/wp\/v2\/types\/producto"}],"wp:featuredmedia":[{"embeddable":true,"href":"https:\/\/agradocosmetic.com\/pt\/wp-json\/wp\/v2\/media\/32182"}],"wp:attachment":[{"href":"https:\/\/agradocosmetic.com\/pt\/wp-json\/wp\/v2\/media?parent=371"}],"wp:term":[{"taxonomy":"categoria-de-producto","embeddable":true,"href":"https:\/\/agradocosmetic.com\/pt\/wp-json\/wp\/v2\/categoria-de-producto?post=371"}],"curies":[{"name":"wp","href":"https:\/\/api.w.org\/{rel}","templated":true}]}}

Champô Profissional Reparador Nutritivo

<p>O champô Reparador Nutritivo da AGRADO é formulado com gérmen de trigo, provitamina B5 e queratina. É especialmente indicado para cabelos secos, danificados ou quebradiços que necessitam de um fornecimento extra de hidratação. A proteína de trigo, hidrata a raiz, dando brilho e vitalidade ao cabelo. O seu contributo de queratina aumenta a resistência à quebra e fortalece o cabelo. Dermatologicamente testado.</p>

<!-- This site is optimized with the Yoast SEO plugin v27.4 - https://yoast.com/product/yoast-seo-wordpress/ -->
<title>Champú Profesional Reparador Nutritivo - Agrado</title>
<meta name="robots" content="index, follow, max-snippet:-1, max-image-preview:large, max-video-preview:-1" />
<link rel="canonical" href="https://agradocosmetic.com/pt/producto/champu-professional-reparador-nutritivo-2/" />
<meta property="og:locale" content="pt_PT" />
<meta property="og:type" content="article" />
<meta property="og:title" content="Champú Profesional Reparador Nutritivo - Agrado" />
<meta property="og:description" content="El champú profesional Reparador Nutritivo AGRADO está especialmente indicado para cabellos muy secos y dañados que necesitan un aporte extra de hidratación. La proteína de trigo hidrata la raíz, aportándole brillo y vitalidad al cabello. Su aporte de keratina aumenta la resistencia a la rotura y lo fortalece. Dermatológicamente testado." />
<meta property="og:url" content="https://agradocosmetic.com/pt/producto/champu-professional-reparador-nutritivo-2/" />
<meta property="og:site_name" content="Agrado" />
<meta property="article:modified_time" content="2026-02-04T07:49:03+00:00" />
<meta property="og:image" content="https://agradocosmetic.com/wp-content/uploads/2023/08/30004882-CH-NUTRI-REPARA-750ML.webp" />
	<meta property="og:image:width" content="800" />
	<meta property="og:image:height" content="800" />
	<meta property="og:image:type" content="image/webp" />
<meta name="twitter:card" content="summary_large_image" />
<meta name="twitter:label1" content="Tempo estimado de leitura" />
	<meta name="twitter:data1" content="1 minuto" />
<script type="application/ld+json" class="yoast-schema-graph">{"@context":"https:\/\/schema.org","@graph":[{"@type":"WebPage","@id":"https:\/\/agradocosmetic.com\/producto\/champu-professional-reparador-nutritivo-2\/","url":"https:\/\/agradocosmetic.com\/producto\/champu-professional-reparador-nutritivo-2\/","name":"Champú Profesional Reparador Nutritivo - Agrado","isPartOf":{"@id":"https:\/\/agradocosmetic.com\/#website"},"primaryImageOfPage":{"@id":"https:\/\/agradocosmetic.com\/producto\/champu-professional-reparador-nutritivo-2\/#primaryimage"},"image":{"@id":"https:\/\/agradocosmetic.com\/producto\/champu-professional-reparador-nutritivo-2\/#primaryimage"},"thumbnailUrl":"https:\/\/agradocosmetic.com\/wp-content\/uploads\/2023\/08\/30004882-CH-NUTRI-REPARA-750ML.webp","datePublished":"2023-08-18T03:21:15+00:00","dateModified":"2026-02-04T07:49:03+00:00","breadcrumb":{"@id":"https:\/\/agradocosmetic.com\/producto\/champu-professional-reparador-nutritivo-2\/#breadcrumb"},"inLanguage":"pt-PT","potentialAction":[{"@type":"ReadAction","target":["https:\/\/agradocosmetic.com\/producto\/champu-professional-reparador-nutritivo-2\/"]}]},{"@type":"ImageObject","inLanguage":"pt-PT","@id":"https:\/\/agradocosmetic.com\/producto\/champu-professional-reparador-nutritivo-2\/#primaryimage","url":"https:\/\/agradocosmetic.com\/wp-content\/uploads\/2023\/08\/30004882-CH-NUTRI-REPARA-750ML.webp","contentUrl":"https:\/\/agradocosmetic.com\/wp-content\/uploads\/2023\/08\/30004882-CH-NUTRI-REPARA-750ML.webp","width":800,"height":800},{"@type":"BreadcrumbList","@id":"https:\/\/agradocosmetic.com\/producto\/champu-professional-reparador-nutritivo-2\/#breadcrumb","itemListElement":[{"@type":"ListItem","position":1,"name":"Portada","item":"https:\/\/agradocosmetic.com\/"},{"@type":"ListItem","position":2,"name":"Productos","item":"https:\/\/agradocosmetic.com\/pt\/producto\/"},{"@type":"ListItem","position":3,"name":"Champú Profesional Reparador Nutritivo"}]},{"@type":"WebSite","@id":"https:\/\/agradocosmetic.com\/#website","url":"https:\/\/agradocosmetic.com\/","name":"Agrado","description":"Cosmetic","publisher":{"@id":"https:\/\/agradocosmetic.com\/#organization"},"potentialAction":[{"@type":"SearchAction","target":{"@type":"EntryPoint","urlTemplate":"https:\/\/agradocosmetic.com\/?s={search_term_string}"},"query-input":{"@type":"PropertyValueSpecification","valueRequired":true,"valueName":"search_term_string"}}],"inLanguage":"pt-PT"},{"@type":"Organization","@id":"https:\/\/agradocosmetic.com\/#organization","name":"Agrado","url":"https:\/\/agradocosmetic.com\/","logo":{"@type":"ImageObject","inLanguage":"pt-PT","@id":"https:\/\/agradocosmetic.com\/#\/schema\/logo\/image\/","url":"https:\/\/agradocosmetic.com\/wp-content\/uploads\/2023\/07\/LOGO-AGRADO-WEB-01.png","contentUrl":"https:\/\/agradocosmetic.com\/wp-content\/uploads\/2023\/07\/LOGO-AGRADO-WEB-01.png","width":1632,"height":300,"caption":"Agrado"},"image":{"@id":"https:\/\/agradocosmetic.com\/#\/schema\/logo\/image\/"}}]}</script>
<!-- / Yoast SEO plugin. -->

Champú Profesional Reparador Nutritivo - Agrado

El champú profesional Reparador Nutritivo AGRADO está especialmente indicado para cabellos muy secos y dañados que necesitan un aporte extra de hidratación. La proteína de trigo hidrata la raíz, aportándole brillo y vitalidad al cabello. Su aporte de keratina aumenta la resistencia a la rotura y lo fortalece. Dermatológicamente testado.

Champú Profesional Reparador Nutritivo

Cosmético
