{"id":384,"date":"2023-08-18T12:40:58","date_gmt":"2023-08-18T12:40:58","guid":{"rendered":"https:\/\/dev-freelancerweb.site\/?post_type=producto&#038;p=384"},"modified":"2024-11-29T11:32:40","modified_gmt":"2024-11-29T10:32:40","slug":"tonico-facial","status":"publish","type":"producto","link":"https:\/\/agradocosmetic.com\/pt\/producto\/tonico-facial\/","title":{"rendered":"T\u00d3NICO FACIAL"},"content":{"rendered":"<p>O t\u00f3nico facial da AGRADO \u00e9 o complemento ideal para a rotina de limpeza facial di\u00e1ria. A sua f\u00f3rmula dermatologicamente testada tonifica e limpa a pele, deixando uma agrad\u00e1vel sensa\u00e7\u00e3o de frescura. Para todo o tipo de peles.<\/p>","protected":false},"featured_media":28727,"template":"","categoria-de-producto":[77,78,80],"class_list":["post-384","producto","type-producto","status-publish","has-post-thumbnail","hentry","categoria-de-producto-cuidado-facial","categoria-de-producto-limpieza-facial","categoria-de-producto-tonico"],"yoast_head":"<!-- This site is optimized with the Yoast SEO plugin v27.4 - https:\/\/yoast.com\/product\/yoast-seo-wordpress\/ -->\n<title>T\u00f3nico Facial - Agrado<\/title>\n<meta name=\"robots\" content=\"index, follow, max-snippet:-1, max-image-preview:large, max-video-preview:-1\" \/>\n<link rel=\"canonical\" href=\"https:\/\/agradocosmetic.com\/pt\/producto\/tonico-facial\/\" \/>\n<meta property=\"og:locale\" content=\"pt_PT\" \/>\n<meta property=\"og:type\" content=\"article\" \/>\n<meta property=\"og:title\" content=\"T\u00f3nico Facial - Agrado\" \/>\n<meta property=\"og:description\" content=\"El t\u00f3nico facial AGRADO es el complemento ideal para la rutina de limpieza facial diaria. Su f\u00f3rmula testada dermatol\u00f3gicamente tonifica y limpia la piel dejando una agradable sensaci\u00f3n de frescura. Para todo tipo de pieles.\" \/>\n<meta property=\"og:url\" content=\"https:\/\/agradocosmetic.com\/pt\/producto\/tonico-facial\/\" \/>\n<meta property=\"og:site_name\" content=\"Agrado\" \/>\n<meta property=\"article:modified_time\" content=\"2024-11-29T10:32:40+00:00\" \/>\n<meta property=\"og:image\" content=\"https:\/\/agradocosmetic.com\/wp-content\/uploads\/2023\/08\/30004904-AGRADO-TONICO-FACIAL-250ml-scaled.webp\" \/>\n\t<meta property=\"og:image:width\" content=\"2560\" \/>\n\t<meta property=\"og:image:height\" content=\"2560\" \/>\n\t<meta property=\"og:image:type\" content=\"image\/webp\" \/>\n<meta name=\"twitter:card\" content=\"summary_large_image\" \/>\n<meta name=\"twitter:label1\" content=\"Tempo estimado de leitura\" \/>\n\t<meta name=\"twitter:data1\" content=\"1 minuto\" \/>\n<script type=\"application\/ld+json\" class=\"yoast-schema-graph\">{\"@context\":\"https:\\\/\\\/schema.org\",\"@graph\":[{\"@type\":\"WebPage\",\"@id\":\"https:\\\/\\\/agradocosmetic.com\\\/producto\\\/tonico-facial\\\/\",\"url\":\"https:\\\/\\\/agradocosmetic.com\\\/producto\\\/tonico-facial\\\/\",\"name\":\"T\u00f3nico Facial - Agrado\",\"isPartOf\":{\"@id\":\"https:\\\/\\\/agradocosmetic.com\\\/#website\"},\"primaryImageOfPage\":{\"@id\":\"https:\\\/\\\/agradocosmetic.com\\\/producto\\\/tonico-facial\\\/#primaryimage\"},\"image\":{\"@id\":\"https:\\\/\\\/agradocosmetic.com\\\/producto\\\/tonico-facial\\\/#primaryimage\"},\"thumbnailUrl\":\"https:\\\/\\\/agradocosmetic.com\\\/wp-content\\\/uploads\\\/2023\\\/08\\\/30004904-AGRADO-TONICO-FACIAL-250ml-scaled.webp\",\"datePublished\":\"2023-08-18T12:40:58+00:00\",\"dateModified\":\"2024-11-29T10:32:40+00:00\",\"breadcrumb\":{\"@id\":\"https:\\\/\\\/agradocosmetic.com\\\/producto\\\/tonico-facial\\\/#breadcrumb\"},\"inLanguage\":\"pt-PT\",\"potentialAction\":[{\"@type\":\"ReadAction\",\"target\":[\"https:\\\/\\\/agradocosmetic.com\\\/producto\\\/tonico-facial\\\/\"]}]},{\"@type\":\"ImageObject\",\"inLanguage\":\"pt-PT\",\"@id\":\"https:\\\/\\\/agradocosmetic.com\\\/producto\\\/tonico-facial\\\/#primaryimage\",\"url\":\"https:\\\/\\\/agradocosmetic.com\\\/wp-content\\\/uploads\\\/2023\\\/08\\\/30004904-AGRADO-TONICO-FACIAL-250ml-scaled.webp\",\"contentUrl\":\"https:\\\/\\\/agradocosmetic.com\\\/wp-content\\\/uploads\\\/2023\\\/08\\\/30004904-AGRADO-TONICO-FACIAL-250ml-scaled.webp\",\"width\":2560,\"height\":2560},{\"@type\":\"BreadcrumbList\",\"@id\":\"https:\\\/\\\/agradocosmetic.com\\\/producto\\\/tonico-facial\\\/#breadcrumb\",\"itemListElement\":[{\"@type\":\"ListItem\",\"position\":1,\"name\":\"Portada\",\"item\":\"https:\\\/\\\/agradocosmetic.com\\\/\"},{\"@type\":\"ListItem\",\"position\":2,\"name\":\"Productos\",\"item\":\"https:\\\/\\\/agradocosmetic.com\\\/pt\\\/producto\\\/\"},{\"@type\":\"ListItem\",\"position\":3,\"name\":\"T\u00f3nico Facial\"}]},{\"@type\":\"WebSite\",\"@id\":\"https:\\\/\\\/agradocosmetic.com\\\/#website\",\"url\":\"https:\\\/\\\/agradocosmetic.com\\\/\",\"name\":\"Agrado\",\"description\":\"Cosmetic\",\"publisher\":{\"@id\":\"https:\\\/\\\/agradocosmetic.com\\\/#organization\"},\"potentialAction\":[{\"@type\":\"SearchAction\",\"target\":{\"@type\":\"EntryPoint\",\"urlTemplate\":\"https:\\\/\\\/agradocosmetic.com\\\/?s={search_term_string}\"},\"query-input\":{\"@type\":\"PropertyValueSpecification\",\"valueRequired\":true,\"valueName\":\"search_term_string\"}}],\"inLanguage\":\"pt-PT\"},{\"@type\":\"Organization\",\"@id\":\"https:\\\/\\\/agradocosmetic.com\\\/#organization\",\"name\":\"Agrado\",\"url\":\"https:\\\/\\\/agradocosmetic.com\\\/\",\"logo\":{\"@type\":\"ImageObject\",\"inLanguage\":\"pt-PT\",\"@id\":\"https:\\\/\\\/agradocosmetic.com\\\/#\\\/schema\\\/logo\\\/image\\\/\",\"url\":\"https:\\\/\\\/agradocosmetic.com\\\/wp-content\\\/uploads\\\/2023\\\/07\\\/LOGO-AGRADO-WEB-01.png\",\"contentUrl\":\"https:\\\/\\\/agradocosmetic.com\\\/wp-content\\\/uploads\\\/2023\\\/07\\\/LOGO-AGRADO-WEB-01.png\",\"width\":1632,\"height\":300,\"caption\":\"Agrado\"},\"image\":{\"@id\":\"https:\\\/\\\/agradocosmetic.com\\\/#\\\/schema\\\/logo\\\/image\\\/\"}}]}<\/script>\n<!-- \/ Yoast SEO plugin. -->","yoast_head_json":{"title":"T\u00f4nico Facial - Prazer","robots":{"index":"index","follow":"follow","max-snippet":"max-snippet:-1","max-image-preview":"max-image-preview:large","max-video-preview":"max-video-preview:-1"},"canonical":"https:\/\/agradocosmetic.com\/pt\/producto\/tonico-facial\/","og_locale":"pt_PT","og_type":"article","og_title":"T\u00f3nico Facial - Agrado","og_description":"El t\u00f3nico facial AGRADO es el complemento ideal para la rutina de limpieza facial diaria. Su f\u00f3rmula testada dermatol\u00f3gicamente tonifica y limpia la piel dejando una agradable sensaci\u00f3n de frescura. Para todo tipo de pieles.","og_url":"https:\/\/agradocosmetic.com\/pt\/producto\/tonico-facial\/","og_site_name":"Agrado","article_modified_time":"2024-11-29T10:32:40+00:00","og_image":[{"width":2560,"height":2560,"url":"https:\/\/agradocosmetic.com\/wp-content\/uploads\/2023\/08\/30004904-AGRADO-TONICO-FACIAL-250ml-scaled.webp","type":"image\/webp"}],"twitter_card":"summary_large_image","twitter_misc":{"Tempo estimado de leitura":"1 minuto"},"schema":{"@context":"https:\/\/schema.org","@graph":[{"@type":"WebPage","@id":"https:\/\/agradocosmetic.com\/producto\/tonico-facial\/","url":"https:\/\/agradocosmetic.com\/producto\/tonico-facial\/","name":"T\u00f4nico Facial - Prazer","isPartOf":{"@id":"https:\/\/agradocosmetic.com\/#website"},"primaryImageOfPage":{"@id":"https:\/\/agradocosmetic.com\/producto\/tonico-facial\/#primaryimage"},"image":{"@id":"https:\/\/agradocosmetic.com\/producto\/tonico-facial\/#primaryimage"},"thumbnailUrl":"https:\/\/agradocosmetic.com\/wp-content\/uploads\/2023\/08\/30004904-AGRADO-TONICO-FACIAL-250ml-scaled.webp","datePublished":"2023-08-18T12:40:58+00:00","dateModified":"2024-11-29T10:32:40+00:00","breadcrumb":{"@id":"https:\/\/agradocosmetic.com\/producto\/tonico-facial\/#breadcrumb"},"inLanguage":"pt-PT","potentialAction":[{"@type":"ReadAction","target":["https:\/\/agradocosmetic.com\/producto\/tonico-facial\/"]}]},{"@type":"ImageObject","inLanguage":"pt-PT","@id":"https:\/\/agradocosmetic.com\/producto\/tonico-facial\/#primaryimage","url":"https:\/\/agradocosmetic.com\/wp-content\/uploads\/2023\/08\/30004904-AGRADO-TONICO-FACIAL-250ml-scaled.webp","contentUrl":"https:\/\/agradocosmetic.com\/wp-content\/uploads\/2023\/08\/30004904-AGRADO-TONICO-FACIAL-250ml-scaled.webp","width":2560,"height":2560},{"@type":"BreadcrumbList","@id":"https:\/\/agradocosmetic.com\/producto\/tonico-facial\/#breadcrumb","itemListElement":[{"@type":"ListItem","position":1,"name":"Portada","item":"https:\/\/agradocosmetic.com\/"},{"@type":"ListItem","position":2,"name":"Productos","item":"https:\/\/agradocosmetic.com\/pt\/producto\/"},{"@type":"ListItem","position":3,"name":"T\u00f3nico Facial"}]},{"@type":"WebSite","@id":"https:\/\/agradocosmetic.com\/#website","url":"https:\/\/agradocosmetic.com\/","name":"Gosto","description":"Cosm\u00e9tico","publisher":{"@id":"https:\/\/agradocosmetic.com\/#organization"},"potentialAction":[{"@type":"SearchAction","target":{"@type":"EntryPoint","urlTemplate":"https:\/\/agradocosmetic.com\/?s={search_term_string}"},"query-input":{"@type":"PropertyValueSpecification","valueRequired":true,"valueName":"search_term_string"}}],"inLanguage":"pt-PT"},{"@type":"Organization","@id":"https:\/\/agradocosmetic.com\/#organization","name":"Gosto","url":"https:\/\/agradocosmetic.com\/","logo":{"@type":"ImageObject","inLanguage":"pt-PT","@id":"https:\/\/agradocosmetic.com\/#\/schema\/logo\/image\/","url":"https:\/\/agradocosmetic.com\/wp-content\/uploads\/2023\/07\/LOGO-AGRADO-WEB-01.png","contentUrl":"https:\/\/agradocosmetic.com\/wp-content\/uploads\/2023\/07\/LOGO-AGRADO-WEB-01.png","width":1632,"height":300,"caption":"Agrado"},"image":{"@id":"https:\/\/agradocosmetic.com\/#\/schema\/logo\/image\/"}}]}},"_links":{"self":[{"href":"https:\/\/agradocosmetic.com\/pt\/wp-json\/wp\/v2\/producto\/384","targetHints":{"allow":["GET"]}}],"collection":[{"href":"https:\/\/agradocosmetic.com\/pt\/wp-json\/wp\/v2\/producto"}],"about":[{"href":"https:\/\/agradocosmetic.com\/pt\/wp-json\/wp\/v2\/types\/producto"}],"wp:featuredmedia":[{"embeddable":true,"href":"https:\/\/agradocosmetic.com\/pt\/wp-json\/wp\/v2\/media\/28727"}],"wp:attachment":[{"href":"https:\/\/agradocosmetic.com\/pt\/wp-json\/wp\/v2\/media?parent=384"}],"wp:term":[{"taxonomy":"categoria-de-producto","embeddable":true,"href":"https:\/\/agradocosmetic.com\/pt\/wp-json\/wp\/v2\/categoria-de-producto?post=384"}],"curies":[{"name":"wp","href":"https:\/\/api.w.org\/{rel}","templated":true}]}}

TÓNICO FACIAL

<p>O tónico facial da AGRADO é o complemento ideal para a rotina de limpeza facial diária. A sua fórmula dermatologicamente testada tonifica e limpa a pele, deixando uma agradável sensação de frescura. Para todo o tipo de peles.</p>

<!-- This site is optimized with the Yoast SEO plugin v27.4 - https://yoast.com/product/yoast-seo-wordpress/ -->
<title>Tónico Facial - Agrado</title>
<meta name="robots" content="index, follow, max-snippet:-1, max-image-preview:large, max-video-preview:-1" />
<link rel="canonical" href="https://agradocosmetic.com/pt/producto/tonico-facial/" />
<meta property="og:locale" content="pt_PT" />
<meta property="og:type" content="article" />
<meta property="og:title" content="Tónico Facial - Agrado" />
<meta property="og:description" content="El tónico facial AGRADO es el complemento ideal para la rutina de limpieza facial diaria. Su fórmula testada dermatológicamente tonifica y limpia la piel dejando una agradable sensación de frescura. Para todo tipo de pieles." />
<meta property="og:url" content="https://agradocosmetic.com/pt/producto/tonico-facial/" />
<meta property="og:site_name" content="Agrado" />
<meta property="article:modified_time" content="2024-11-29T10:32:40+00:00" />
<meta property="og:image" content="https://agradocosmetic.com/wp-content/uploads/2023/08/30004904-AGRADO-TONICO-FACIAL-250ml-scaled.webp" />
	<meta property="og:image:width" content="2560" />
	<meta property="og:image:height" content="2560" />
	<meta property="og:image:type" content="image/webp" />
<meta name="twitter:card" content="summary_large_image" />
<meta name="twitter:label1" content="Tempo estimado de leitura" />
	<meta name="twitter:data1" content="1 minuto" />
<script type="application/ld+json" class="yoast-schema-graph">{"@context":"https:\/\/schema.org","@graph":[{"@type":"WebPage","@id":"https:\/\/agradocosmetic.com\/producto\/tonico-facial\/","url":"https:\/\/agradocosmetic.com\/producto\/tonico-facial\/","name":"Tónico Facial - Agrado","isPartOf":{"@id":"https:\/\/agradocosmetic.com\/#website"},"primaryImageOfPage":{"@id":"https:\/\/agradocosmetic.com\/producto\/tonico-facial\/#primaryimage"},"image":{"@id":"https:\/\/agradocosmetic.com\/producto\/tonico-facial\/#primaryimage"},"thumbnailUrl":"https:\/\/agradocosmetic.com\/wp-content\/uploads\/2023\/08\/30004904-AGRADO-TONICO-FACIAL-250ml-scaled.webp","datePublished":"2023-08-18T12:40:58+00:00","dateModified":"2024-11-29T10:32:40+00:00","breadcrumb":{"@id":"https:\/\/agradocosmetic.com\/producto\/tonico-facial\/#breadcrumb"},"inLanguage":"pt-PT","potentialAction":[{"@type":"ReadAction","target":["https:\/\/agradocosmetic.com\/producto\/tonico-facial\/"]}]},{"@type":"ImageObject","inLanguage":"pt-PT","@id":"https:\/\/agradocosmetic.com\/producto\/tonico-facial\/#primaryimage","url":"https:\/\/agradocosmetic.com\/wp-content\/uploads\/2023\/08\/30004904-AGRADO-TONICO-FACIAL-250ml-scaled.webp","contentUrl":"https:\/\/agradocosmetic.com\/wp-content\/uploads\/2023\/08\/30004904-AGRADO-TONICO-FACIAL-250ml-scaled.webp","width":2560,"height":2560},{"@type":"BreadcrumbList","@id":"https:\/\/agradocosmetic.com\/producto\/tonico-facial\/#breadcrumb","itemListElement":[{"@type":"ListItem","position":1,"name":"Portada","item":"https:\/\/agradocosmetic.com\/"},{"@type":"ListItem","position":2,"name":"Productos","item":"https:\/\/agradocosmetic.com\/pt\/producto\/"},{"@type":"ListItem","position":3,"name":"Tónico Facial"}]},{"@type":"WebSite","@id":"https:\/\/agradocosmetic.com\/#website","url":"https:\/\/agradocosmetic.com\/","name":"Agrado","description":"Cosmetic","publisher":{"@id":"https:\/\/agradocosmetic.com\/#organization"},"potentialAction":[{"@type":"SearchAction","target":{"@type":"EntryPoint","urlTemplate":"https:\/\/agradocosmetic.com\/?s={search_term_string}"},"query-input":{"@type":"PropertyValueSpecification","valueRequired":true,"valueName":"search_term_string"}}],"inLanguage":"pt-PT"},{"@type":"Organization","@id":"https:\/\/agradocosmetic.com\/#organization","name":"Agrado","url":"https:\/\/agradocosmetic.com\/","logo":{"@type":"ImageObject","inLanguage":"pt-PT","@id":"https:\/\/agradocosmetic.com\/#\/schema\/logo\/image\/","url":"https:\/\/agradocosmetic.com\/wp-content\/uploads\/2023\/07\/LOGO-AGRADO-WEB-01.png","contentUrl":"https:\/\/agradocosmetic.com\/wp-content\/uploads\/2023\/07\/LOGO-AGRADO-WEB-01.png","width":1632,"height":300,"caption":"Agrado"},"image":{"@id":"https:\/\/agradocosmetic.com\/#\/schema\/logo\/image\/"}}]}</script>
<!-- / Yoast SEO plugin. -->

Tônico Facial - Prazer

Tónico Facial - Agrado

El tónico facial AGRADO es el complemento ideal para la rutina de limpieza facial diaria. Su fórmula testada dermatológicamente tonifica y limpia la piel dejando una agradable sensación de frescura. Para todo tipo de pieles.

Tónico Facial

Cosmético
