{"id":447,"date":"2024-04-03T07:10:41","date_gmt":"2024-04-03T07:10:41","guid":{"rendered":"https:\/\/dev-freelancerweb.site\/?post_type=producto&#038;p=447"},"modified":"2026-04-22T10:27:04","modified_gmt":"2026-04-22T09:27:04","slug":"mousse-facial-solar-spf50","status":"publish","type":"producto","link":"https:\/\/agradocosmetic.com\/pt\/producto\/mousse-facial-solar-spf50\/","title":{"rendered":"Mousse Facial Solar FPS50+"},"content":{"rendered":"<p>Prote\u00e7\u00e3o muito elevada SPF50+, com f\u00f3rmula vegan de aplica\u00e7\u00e3o pr\u00e1tica. Textura cremosa e hidratante. Adequado para peles sens\u00edveis. Antienvelhecimento e antioxidante. Resistente \u00e0 \u00e1gua e 0% de \u00e1lcool. Mais respeitadora dos oceanos. F\u00f3rmula livre de filtros \u00e0 base de octinoxato, oxibenzona e octocrileno<\/p>","protected":false},"featured_media":35638,"template":"","categoria-de-producto":[95,637,97,98,96,721],"class_list":["post-447","producto","type-producto","status-publish","has-post-thumbnail","hentry","categoria-de-producto-proteccion-solar","categoria-de-producto-50-spf-proteccion-solar","categoria-de-producto-bruma-protectora","categoria-de-producto-formatos-viaje","categoria-de-producto-proteccion-facial","categoria-de-producto-bruma-facial"],"yoast_head":"<!-- This site is optimized with the Yoast SEO plugin v27.4 - https:\/\/yoast.com\/product\/yoast-seo-wordpress\/ -->\n<title>Mousse Facial Solar SPF50+ - Agrado<\/title>\n<meta name=\"robots\" content=\"index, follow, max-snippet:-1, max-image-preview:large, max-video-preview:-1\" \/>\n<link rel=\"canonical\" href=\"https:\/\/agradocosmetic.com\/pt\/producto\/mousse-facial-solar-spf50\/\" \/>\n<meta property=\"og:locale\" content=\"pt_PT\" \/>\n<meta property=\"og:type\" content=\"article\" \/>\n<meta property=\"og:title\" content=\"Mousse Facial Solar SPF50+ - Agrado\" \/>\n<meta property=\"og:description\" content=\"Protecci\u00f3n muy alta SPF50+ con f\u00f3rmula vegana de c\u00f3moda aplicaci\u00f3n\u200b. Textura cremosa e hidratante. Apto para pieles sensibles. Antiedad y anti-oxidante. Resistente al agua y 0% alcohol. M\u00e1s respetuosa con los oc\u00e9anos. F\u00f3rmula libre de los filtros octinosato, oxibenzona y octocrileno\" \/>\n<meta property=\"og:url\" content=\"https:\/\/agradocosmetic.com\/pt\/producto\/mousse-facial-solar-spf50\/\" \/>\n<meta property=\"og:site_name\" content=\"Agrado\" \/>\n<meta property=\"article:modified_time\" content=\"2026-04-22T09:27:04+00:00\" \/>\n<meta property=\"og:image\" content=\"https:\/\/agradocosmetic.com\/wp-content\/uploads\/2024\/04\/30006214-MOUSE-FACIAL-SOLAR-75-ml.webp\" \/>\n\t<meta property=\"og:image:width\" content=\"800\" \/>\n\t<meta property=\"og:image:height\" content=\"800\" \/>\n\t<meta property=\"og:image:type\" content=\"image\/webp\" \/>\n<meta name=\"twitter:card\" content=\"summary_large_image\" \/>\n<meta name=\"twitter:label1\" content=\"Tempo estimado de leitura\" \/>\n\t<meta name=\"twitter:data1\" content=\"1 minuto\" \/>\n<script type=\"application\/ld+json\" class=\"yoast-schema-graph\">{\"@context\":\"https:\\\/\\\/schema.org\",\"@graph\":[{\"@type\":\"WebPage\",\"@id\":\"https:\\\/\\\/agradocosmetic.com\\\/producto\\\/mousse-facial-solar-spf50\\\/\",\"url\":\"https:\\\/\\\/agradocosmetic.com\\\/producto\\\/mousse-facial-solar-spf50\\\/\",\"name\":\"Mousse Facial Solar SPF50+ - Agrado\",\"isPartOf\":{\"@id\":\"https:\\\/\\\/agradocosmetic.com\\\/#website\"},\"primaryImageOfPage\":{\"@id\":\"https:\\\/\\\/agradocosmetic.com\\\/producto\\\/mousse-facial-solar-spf50\\\/#primaryimage\"},\"image\":{\"@id\":\"https:\\\/\\\/agradocosmetic.com\\\/producto\\\/mousse-facial-solar-spf50\\\/#primaryimage\"},\"thumbnailUrl\":\"https:\\\/\\\/agradocosmetic.com\\\/wp-content\\\/uploads\\\/2024\\\/04\\\/30006214-MOUSE-FACIAL-SOLAR-75-ml.webp\",\"datePublished\":\"2024-04-03T07:10:41+00:00\",\"dateModified\":\"2026-04-22T09:27:04+00:00\",\"breadcrumb\":{\"@id\":\"https:\\\/\\\/agradocosmetic.com\\\/producto\\\/mousse-facial-solar-spf50\\\/#breadcrumb\"},\"inLanguage\":\"pt-PT\",\"potentialAction\":[{\"@type\":\"ReadAction\",\"target\":[\"https:\\\/\\\/agradocosmetic.com\\\/producto\\\/mousse-facial-solar-spf50\\\/\"]}]},{\"@type\":\"ImageObject\",\"inLanguage\":\"pt-PT\",\"@id\":\"https:\\\/\\\/agradocosmetic.com\\\/producto\\\/mousse-facial-solar-spf50\\\/#primaryimage\",\"url\":\"https:\\\/\\\/agradocosmetic.com\\\/wp-content\\\/uploads\\\/2024\\\/04\\\/30006214-MOUSE-FACIAL-SOLAR-75-ml.webp\",\"contentUrl\":\"https:\\\/\\\/agradocosmetic.com\\\/wp-content\\\/uploads\\\/2024\\\/04\\\/30006214-MOUSE-FACIAL-SOLAR-75-ml.webp\",\"width\":800,\"height\":800},{\"@type\":\"BreadcrumbList\",\"@id\":\"https:\\\/\\\/agradocosmetic.com\\\/producto\\\/mousse-facial-solar-spf50\\\/#breadcrumb\",\"itemListElement\":[{\"@type\":\"ListItem\",\"position\":1,\"name\":\"Portada\",\"item\":\"https:\\\/\\\/agradocosmetic.com\\\/\"},{\"@type\":\"ListItem\",\"position\":2,\"name\":\"Productos\",\"item\":\"https:\\\/\\\/agradocosmetic.com\\\/pt\\\/producto\\\/\"},{\"@type\":\"ListItem\",\"position\":3,\"name\":\"Mousse Facial Solar SPF50+\"}]},{\"@type\":\"WebSite\",\"@id\":\"https:\\\/\\\/agradocosmetic.com\\\/#website\",\"url\":\"https:\\\/\\\/agradocosmetic.com\\\/\",\"name\":\"Agrado\",\"description\":\"Cosmetic\",\"publisher\":{\"@id\":\"https:\\\/\\\/agradocosmetic.com\\\/#organization\"},\"potentialAction\":[{\"@type\":\"SearchAction\",\"target\":{\"@type\":\"EntryPoint\",\"urlTemplate\":\"https:\\\/\\\/agradocosmetic.com\\\/?s={search_term_string}\"},\"query-input\":{\"@type\":\"PropertyValueSpecification\",\"valueRequired\":true,\"valueName\":\"search_term_string\"}}],\"inLanguage\":\"pt-PT\"},{\"@type\":\"Organization\",\"@id\":\"https:\\\/\\\/agradocosmetic.com\\\/#organization\",\"name\":\"Agrado\",\"url\":\"https:\\\/\\\/agradocosmetic.com\\\/\",\"logo\":{\"@type\":\"ImageObject\",\"inLanguage\":\"pt-PT\",\"@id\":\"https:\\\/\\\/agradocosmetic.com\\\/#\\\/schema\\\/logo\\\/image\\\/\",\"url\":\"https:\\\/\\\/agradocosmetic.com\\\/wp-content\\\/uploads\\\/2023\\\/07\\\/LOGO-AGRADO-WEB-01.png\",\"contentUrl\":\"https:\\\/\\\/agradocosmetic.com\\\/wp-content\\\/uploads\\\/2023\\\/07\\\/LOGO-AGRADO-WEB-01.png\",\"width\":1632,\"height\":300,\"caption\":\"Agrado\"},\"image\":{\"@id\":\"https:\\\/\\\/agradocosmetic.com\\\/#\\\/schema\\\/logo\\\/image\\\/\"}}]}<\/script>\n<!-- \/ Yoast SEO plugin. -->","yoast_head_json":{"title":"Mousse Facial Solar FPS50+ - Agrado","robots":{"index":"index","follow":"follow","max-snippet":"max-snippet:-1","max-image-preview":"max-image-preview:large","max-video-preview":"max-video-preview:-1"},"canonical":"https:\/\/agradocosmetic.com\/pt\/producto\/mousse-facial-solar-spf50\/","og_locale":"pt_PT","og_type":"article","og_title":"Mousse Facial Solar SPF50+ - Agrado","og_description":"Protecci\u00f3n muy alta SPF50+ con f\u00f3rmula vegana de c\u00f3moda aplicaci\u00f3n\u200b. Textura cremosa e hidratante. Apto para pieles sensibles. Antiedad y anti-oxidante. Resistente al agua y 0% alcohol. M\u00e1s respetuosa con los oc\u00e9anos. F\u00f3rmula libre de los filtros octinosato, oxibenzona y octocrileno","og_url":"https:\/\/agradocosmetic.com\/pt\/producto\/mousse-facial-solar-spf50\/","og_site_name":"Agrado","article_modified_time":"2026-04-22T09:27:04+00:00","og_image":[{"width":800,"height":800,"url":"https:\/\/agradocosmetic.com\/wp-content\/uploads\/2024\/04\/30006214-MOUSE-FACIAL-SOLAR-75-ml.webp","type":"image\/webp"}],"twitter_card":"summary_large_image","twitter_misc":{"Tempo estimado de leitura":"1 minuto"},"schema":{"@context":"https:\/\/schema.org","@graph":[{"@type":"WebPage","@id":"https:\/\/agradocosmetic.com\/producto\/mousse-facial-solar-spf50\/","url":"https:\/\/agradocosmetic.com\/producto\/mousse-facial-solar-spf50\/","name":"Mousse Facial Solar FPS50+ - Agrado","isPartOf":{"@id":"https:\/\/agradocosmetic.com\/#website"},"primaryImageOfPage":{"@id":"https:\/\/agradocosmetic.com\/producto\/mousse-facial-solar-spf50\/#primaryimage"},"image":{"@id":"https:\/\/agradocosmetic.com\/producto\/mousse-facial-solar-spf50\/#primaryimage"},"thumbnailUrl":"https:\/\/agradocosmetic.com\/wp-content\/uploads\/2024\/04\/30006214-MOUSE-FACIAL-SOLAR-75-ml.webp","datePublished":"2024-04-03T07:10:41+00:00","dateModified":"2026-04-22T09:27:04+00:00","breadcrumb":{"@id":"https:\/\/agradocosmetic.com\/producto\/mousse-facial-solar-spf50\/#breadcrumb"},"inLanguage":"pt-PT","potentialAction":[{"@type":"ReadAction","target":["https:\/\/agradocosmetic.com\/producto\/mousse-facial-solar-spf50\/"]}]},{"@type":"ImageObject","inLanguage":"pt-PT","@id":"https:\/\/agradocosmetic.com\/producto\/mousse-facial-solar-spf50\/#primaryimage","url":"https:\/\/agradocosmetic.com\/wp-content\/uploads\/2024\/04\/30006214-MOUSE-FACIAL-SOLAR-75-ml.webp","contentUrl":"https:\/\/agradocosmetic.com\/wp-content\/uploads\/2024\/04\/30006214-MOUSE-FACIAL-SOLAR-75-ml.webp","width":800,"height":800},{"@type":"BreadcrumbList","@id":"https:\/\/agradocosmetic.com\/producto\/mousse-facial-solar-spf50\/#breadcrumb","itemListElement":[{"@type":"ListItem","position":1,"name":"Portada","item":"https:\/\/agradocosmetic.com\/"},{"@type":"ListItem","position":2,"name":"Productos","item":"https:\/\/agradocosmetic.com\/pt\/producto\/"},{"@type":"ListItem","position":3,"name":"Mousse Facial Solar SPF50+"}]},{"@type":"WebSite","@id":"https:\/\/agradocosmetic.com\/#website","url":"https:\/\/agradocosmetic.com\/","name":"Gosto","description":"Cosm\u00e9tico","publisher":{"@id":"https:\/\/agradocosmetic.com\/#organization"},"potentialAction":[{"@type":"SearchAction","target":{"@type":"EntryPoint","urlTemplate":"https:\/\/agradocosmetic.com\/?s={search_term_string}"},"query-input":{"@type":"PropertyValueSpecification","valueRequired":true,"valueName":"search_term_string"}}],"inLanguage":"pt-PT"},{"@type":"Organization","@id":"https:\/\/agradocosmetic.com\/#organization","name":"Gosto","url":"https:\/\/agradocosmetic.com\/","logo":{"@type":"ImageObject","inLanguage":"pt-PT","@id":"https:\/\/agradocosmetic.com\/#\/schema\/logo\/image\/","url":"https:\/\/agradocosmetic.com\/wp-content\/uploads\/2023\/07\/LOGO-AGRADO-WEB-01.png","contentUrl":"https:\/\/agradocosmetic.com\/wp-content\/uploads\/2023\/07\/LOGO-AGRADO-WEB-01.png","width":1632,"height":300,"caption":"Agrado"},"image":{"@id":"https:\/\/agradocosmetic.com\/#\/schema\/logo\/image\/"}}]}},"_links":{"self":[{"href":"https:\/\/agradocosmetic.com\/pt\/wp-json\/wp\/v2\/producto\/447","targetHints":{"allow":["GET"]}}],"collection":[{"href":"https:\/\/agradocosmetic.com\/pt\/wp-json\/wp\/v2\/producto"}],"about":[{"href":"https:\/\/agradocosmetic.com\/pt\/wp-json\/wp\/v2\/types\/producto"}],"wp:featuredmedia":[{"embeddable":true,"href":"https:\/\/agradocosmetic.com\/pt\/wp-json\/wp\/v2\/media\/35638"}],"wp:attachment":[{"href":"https:\/\/agradocosmetic.com\/pt\/wp-json\/wp\/v2\/media?parent=447"}],"wp:term":[{"taxonomy":"categoria-de-producto","embeddable":true,"href":"https:\/\/agradocosmetic.com\/pt\/wp-json\/wp\/v2\/categoria-de-producto?post=447"}],"curies":[{"name":"wp","href":"https:\/\/api.w.org\/{rel}","templated":true}]}}

<p>Proteção muito elevada SPF50+, com fórmula vegan de aplicação prática. Textura cremosa e hidratante. Adequado para peles sensíveis. Antienvelhecimento e antioxidante. Resistente à água e 0% de álcool. Mais respeitadora dos oceanos. Fórmula livre de filtros à base de octinoxato, oxibenzona e octocrileno</p>

<!-- This site is optimized with the Yoast SEO plugin v27.4 - https://yoast.com/product/yoast-seo-wordpress/ -->
<title>Mousse Facial Solar SPF50+ - Agrado</title>
<meta name="robots" content="index, follow, max-snippet:-1, max-image-preview:large, max-video-preview:-1" />
<link rel="canonical" href="https://agradocosmetic.com/pt/producto/mousse-facial-solar-spf50/" />
<meta property="og:locale" content="pt_PT" />
<meta property="og:type" content="article" />
<meta property="og:title" content="Mousse Facial Solar SPF50+ - Agrado" />
<meta property="og:description" content="Protección muy alta SPF50+ con fórmula vegana de cómoda aplicación​. Textura cremosa e hidratante. Apto para pieles sensibles. Antiedad y anti-oxidante. Resistente al agua y 0% alcohol. Más respetuosa con los océanos. Fórmula libre de los filtros octinosato, oxibenzona y octocrileno" />
<meta property="og:url" content="https://agradocosmetic.com/pt/producto/mousse-facial-solar-spf50/" />
<meta property="og:site_name" content="Agrado" />
<meta property="article:modified_time" content="2026-04-22T09:27:04+00:00" />
<meta property="og:image" content="https://agradocosmetic.com/wp-content/uploads/2024/04/30006214-MOUSE-FACIAL-SOLAR-75-ml.webp" />
	<meta property="og:image:width" content="800" />
	<meta property="og:image:height" content="800" />
	<meta property="og:image:type" content="image/webp" />
<meta name="twitter:card" content="summary_large_image" />
<meta name="twitter:label1" content="Tempo estimado de leitura" />
	<meta name="twitter:data1" content="1 minuto" />
<script type="application/ld+json" class="yoast-schema-graph">{"@context":"https:\/\/schema.org","@graph":[{"@type":"WebPage","@id":"https:\/\/agradocosmetic.com\/producto\/mousse-facial-solar-spf50\/","url":"https:\/\/agradocosmetic.com\/producto\/mousse-facial-solar-spf50\/","name":"Mousse Facial Solar SPF50+ - Agrado","isPartOf":{"@id":"https:\/\/agradocosmetic.com\/#website"},"primaryImageOfPage":{"@id":"https:\/\/agradocosmetic.com\/producto\/mousse-facial-solar-spf50\/#primaryimage"},"image":{"@id":"https:\/\/agradocosmetic.com\/producto\/mousse-facial-solar-spf50\/#primaryimage"},"thumbnailUrl":"https:\/\/agradocosmetic.com\/wp-content\/uploads\/2024\/04\/30006214-MOUSE-FACIAL-SOLAR-75-ml.webp","datePublished":"2024-04-03T07:10:41+00:00","dateModified":"2026-04-22T09:27:04+00:00","breadcrumb":{"@id":"https:\/\/agradocosmetic.com\/producto\/mousse-facial-solar-spf50\/#breadcrumb"},"inLanguage":"pt-PT","potentialAction":[{"@type":"ReadAction","target":["https:\/\/agradocosmetic.com\/producto\/mousse-facial-solar-spf50\/"]}]},{"@type":"ImageObject","inLanguage":"pt-PT","@id":"https:\/\/agradocosmetic.com\/producto\/mousse-facial-solar-spf50\/#primaryimage","url":"https:\/\/agradocosmetic.com\/wp-content\/uploads\/2024\/04\/30006214-MOUSE-FACIAL-SOLAR-75-ml.webp","contentUrl":"https:\/\/agradocosmetic.com\/wp-content\/uploads\/2024\/04\/30006214-MOUSE-FACIAL-SOLAR-75-ml.webp","width":800,"height":800},{"@type":"BreadcrumbList","@id":"https:\/\/agradocosmetic.com\/producto\/mousse-facial-solar-spf50\/#breadcrumb","itemListElement":[{"@type":"ListItem","position":1,"name":"Portada","item":"https:\/\/agradocosmetic.com\/"},{"@type":"ListItem","position":2,"name":"Productos","item":"https:\/\/agradocosmetic.com\/pt\/producto\/"},{"@type":"ListItem","position":3,"name":"Mousse Facial Solar SPF50+"}]},{"@type":"WebSite","@id":"https:\/\/agradocosmetic.com\/#website","url":"https:\/\/agradocosmetic.com\/","name":"Agrado","description":"Cosmetic","publisher":{"@id":"https:\/\/agradocosmetic.com\/#organization"},"potentialAction":[{"@type":"SearchAction","target":{"@type":"EntryPoint","urlTemplate":"https:\/\/agradocosmetic.com\/?s={search_term_string}"},"query-input":{"@type":"PropertyValueSpecification","valueRequired":true,"valueName":"search_term_string"}}],"inLanguage":"pt-PT"},{"@type":"Organization","@id":"https:\/\/agradocosmetic.com\/#organization","name":"Agrado","url":"https:\/\/agradocosmetic.com\/","logo":{"@type":"ImageObject","inLanguage":"pt-PT","@id":"https:\/\/agradocosmetic.com\/#\/schema\/logo\/image\/","url":"https:\/\/agradocosmetic.com\/wp-content\/uploads\/2023\/07\/LOGO-AGRADO-WEB-01.png","contentUrl":"https:\/\/agradocosmetic.com\/wp-content\/uploads\/2023\/07\/LOGO-AGRADO-WEB-01.png","width":1632,"height":300,"caption":"Agrado"},"image":{"@id":"https:\/\/agradocosmetic.com\/#\/schema\/logo\/image\/"}}]}</script>
<!-- / Yoast SEO plugin. -->

Protección muy alta SPF50+ con fórmula vegana de cómoda aplicación​. Textura cremosa e hidratante. Apto para pieles sensibles. Antiedad y anti-oxidante. Resistente al agua y 0% alcohol. Más respetuosa con los océanos. Fórmula libre de los filtros octinosato, oxibenzona y octocrileno

Cosmético
